{"id":11002,"date":"2016-02-12T14:31:39","date_gmt":"2016-02-12T13:31:39","guid":{"rendered":"http:\/\/www.experimenta.es\/producto\/experimenta-65\/"},"modified":"2023-10-02T12:37:56","modified_gmt":"2023-10-02T10:37:56","slug":"experimenta-65","status":"publish","type":"product","link":"https:\/\/www.experimenta.es\/tienda\/producto\/experimenta-65\/","title":{"rendered":"Revista Experimenta 65"},"content":{"rendered":"<p><strong>Las cer\u00e1micas y el mundo<br \/>\n<\/strong><em>Por Andrea Branzi.<\/em><\/p>\n<p>Existen t\u00e9cnicas como la cer\u00e1mica, la elaboraci\u00f3n de los metales y la confecci\u00f3n textil, que me parecen muy diferentes a todas las dem\u00e1s tecnolog\u00edas existentes. No s\u00f3lo porque son las m\u00e1s antiguas, sino porque, m\u00e1s que a la historia de la t\u00e9cnica, pertenecen a la historia de la antropolog\u00eda&#8230;<\/p>\n<p><strong>Me gustar\u00eda ser un florero<br \/>\n<\/strong><em>Por Giacinto di Pietrantonio.<\/em><\/p>\n<p>En primer lugar, la pregunta es: \u00bfpor qu\u00e9 un florero? Seguida de: \u00bfpor qu\u00e9 de los jarrones se han ocupado no s\u00f3lo los artesanos que normalmente los realizan, sino tambi\u00e9n figuras religuiosas, antrop\u00f3logos, etn\u00f3grafos, fil\u00f3sofos, dise\u00f1adores y artistas&#8230;? Y por qu\u00e9 , por ejemplo, Alessandor Mendini escribe: \u00ab&#8230; Si viviera otra vez&#8230; querr\u00eda ser un jarr\u00f3n\u00bb&#8230;<\/p>\n<p><strong>Artista, artesano o dise\u00f1ador<br \/>\n<\/strong><em>Por Fran\u00e7ois Burkhardt.<\/em><\/p>\n<p>La crisis que atraviesa el sector de la cer\u00e1mica en Italia, desde hace m\u00e1s de 30 a\u00f1os, es un reflejo de la que sufre todo el sector de la artesan\u00eda en Europa Occidental. Se trata de una crisis triple, relativa al desarrllo incontrolado de la sociedad industrial postmoderna&#8230;<\/p>\n<p><strong>Dise\u00f1adores concientes<br \/>\n<\/strong><em>Por Raquel Pelta.<\/em><\/p>\n<p>Vivimos en un mundo en el que los contrastes sociales son cada vez mayores. Conviven la oportunidad con la imposibilidad, el lujo con el bajo coste y la riqueza con la pobreza. en ese conexto, cada vez son m\u00e1s los dise\u00f1adores conscientes tanto de la necesidad de buscar otros modelos alternativos de bienestar como de sus propias posibilidades para contribuir de modo significativo a una mejoras de la sociedad.<\/p>\n","protected":false},"excerpt":{"rendered":"<p>Las cer\u00e1micas y el mundo Por Andrea Branzi. Existen t\u00e9cnicas como la cer\u00e1mica, la elaboraci\u00f3n de los metales y la confecci\u00f3n textil, que me parecen muy diferentes a todas las dem\u00e1s tecnolog\u00edas existentes. No s\u00f3lo porque son las m\u00e1s antiguas, sino porque, m\u00e1s que a la historia de la t\u00e9cnica, pertenecen a la historia de &hellip;<\/p>\n","protected":false},"featured_media":55724,"comment_status":"open","ping_status":"closed","template":"","meta":[],"product_cat":[7311],"product_tag":[],"jetpack_sharing_enabled":true,"_links":{"self":[{"href":"https:\/\/www.experimenta.es\/tienda\/wp-json\/wp\/v2\/product\/11002"}],"collection":[{"href":"https:\/\/www.experimenta.es\/tienda\/wp-json\/wp\/v2\/product"}],"about":[{"href":"https:\/\/www.experimenta.es\/tienda\/wp-json\/wp\/v2\/types\/product"}],"replies":[{"embeddable":true,"href":"https:\/\/www.experimenta.es\/tienda\/wp-json\/wp\/v2\/comments?post=11002"}],"wp:featuredmedia":[{"embeddable":true,"href":"https:\/\/www.experimenta.es\/tienda\/wp-json\/wp\/v2\/media\/55724"}],"wp:attachment":[{"href":"https:\/\/www.experimenta.es\/tienda\/wp-json\/wp\/v2\/media?parent=11002"}],"wp:term":[{"taxonomy":"product_cat","embeddable":true,"href":"https:\/\/www.experimenta.es\/tienda\/wp-json\/wp\/v2\/product_cat?post=11002"},{"taxonomy":"product_tag","embeddable":true,"href":"https:\/\/www.experimenta.es\/tienda\/wp-json\/wp\/v2\/product_tag?post=11002"}],"curies":[{"name":"wp","href":"https:\/\/api.w.org\/{rel}","templated":true}]}}