{"id":11009,"date":"2016-02-12T14:38:32","date_gmt":"2016-02-12T13:38:32","guid":{"rendered":"http:\/\/www.experimenta.es\/producto\/experimenta-62\/"},"modified":"2023-10-02T12:37:57","modified_gmt":"2023-10-02T10:37:57","slug":"experimenta-62","status":"publish","type":"product","link":"https:\/\/www.experimenta.es\/tienda\/producto\/experimenta-62\/","title":{"rendered":"Revista Experimenta 62"},"content":{"rendered":"<p><strong>Vino y dise\u00f1o<\/strong><\/p>\n<p>El vino es el feudo del dios Baco, pero es tambi\u00e9n el producto final de una industria que conjuga el sabor tradicional con los dict\u00e1menes del mercado. Arquitectura, dise\u00f1o industrail, comunicaci\u00f3n audiovisual e incluso manifestacioes art\u00edsticas se ponen al sservicio de una bebida, que m\u00e1s que esto, es cultura.<\/p>\n<p><strong>Nunc es bibendum. Entrevista con Jos\u00e9 Pe\u00f1in<br \/>\n<\/strong><em>Por Gloria Inglis.<\/em><\/p>\n<p>De traje impecable, Jos\u00e9 Pe\u00f1in nos recibe en su editorial. Durante la conversaci\u00f3n desgrana los elementos que componen el escenario del vino, y evidencia sus m\u00e1s de 30 a\u00f1os de trayectoria como experto en la cr\u00edtica vitivin\u00edcola ejercitada desde la visi\u00f3n pragm\u00e1tica del sector. Editor de la publicaci\u00f3n anual\u00a0<em>Gu\u00eda Pe\u00f1\u00edn de los vinos de Espa\u00f1a<\/em>\u00a0y de la revista\u00a0<em>Sibaritas<\/em>&#8230;<\/p>\n<p><strong>Dise\u00f1o di-vino<\/strong><br \/>\n<em>Por Marcela Cabello.<\/em><\/p>\n<p>Es responsabilidad del dise\u00f1o que el consumidor reconozca una marca de vino, la identifique, la prefiera y sobre todo, haga de su compra una constante. El dise\u00f1o de la etiqueta ess el respaldo visual del contenido de la botella: la venta de un caldo no se limita tan s\u00f3lo al producto en s\u00ed mismo, sino a la experimencia sensorial en torno a \u00e9l&#8230;.<\/p>\n<p><strong>La ruta de la etiqueta de autor<\/strong><br \/>\n<em>Por Chiara Vigo.<\/em><\/p>\n<p>A lo largo del siglo XX la industria del vino ha conseguido por medio del desarrollo creativo de sus etiquetas, convertir un rect\u00e1ngulo de papel en un inusual medio visual lleno de simbolog\u00eda y literatura; un soporte gr\u00e1fico que ha involucrado en su historia a coleccionistas, amateurs, mecenas, artistas, y empresarios.<\/p>\n<p><strong>Bodegas<br \/>\n<\/strong><em>Por Francesca Chiorino.<\/em><\/p>\n<p>La participaci\u00f3n de arquitectos de prestigio como Richard Rogers, Norman Foster o Frank O. Ghery en la relizaci\u00f3n de bodegas es hoy todo un fen\u00f3meno internacional. lo que aqu\u00ed proponemos es un recorrido por la cartograf\u00eda contempor\u00e1nea de esta tipolog\u00eda concreta de proyecto. Un itinerario culminado con la presentaci\u00f3n de dos ejemplos de reciente creaci\u00f3n firmados por \u00c1lvaro Siza y Paolo Deganello. Dos autores capitales y complementarios con modos encontrados de concebir la arquitectura: Quinta de Portal y Can Rafols, dos propuestas que celbran su austeridad, y rompen, por otra parte, con los planteamientos monumentarles que suelen regir estas intervenciones.<\/p>\n<p><strong>Gillo Dorfles<\/strong><br \/>\n<em>Por Cristina Morozzi.<\/em><\/p>\n<p>Ya cercano a los 100 a\u00f1os conserva la capacidad de sorpresa y la curiosidad insaciable de un muchacho por \u00ablos modos y las modas\u00bb contempor\u00e1neos. No hay \u00e1mbito de la creatividad que no haya sido investigado por su mirada de visionario, ni h\u00e1bito que no sea objeto de su estudio apasionado. No hay man\u00eda o debilidad que no sea fustigada por su agudeza de criterio, Coquetea con las artes, con cualquiera de ellas. Conoce su historia y sus recorridos, los atraviesa, estableciendo conexiones, paralelismo y coincidencias. Lo abarca todo, desde la teor\u00eda a la an\u00e9cdota. Sobrevuela, aliviandola pesadez de lo te\u00f3rico con su discurso erudito. Lo cotidiano, en toda su extensi\u00f3n, es el escenario de muchas de sus reflexiones&#8230;<\/p>\n<p><em>\u00a0<\/em><\/p>\n","protected":false},"excerpt":{"rendered":"<p>N\u00famero 62 de la Revista Experimenta dedicado a Cocinas, vino y dise\u00f1o y entrevista a Gillo Dorfles.<\/p>\n","protected":false},"featured_media":55721,"comment_status":"open","ping_status":"closed","template":"","meta":[],"product_cat":[7311],"product_tag":[],"jetpack_sharing_enabled":true,"_links":{"self":[{"href":"https:\/\/www.experimenta.es\/tienda\/wp-json\/wp\/v2\/product\/11009"}],"collection":[{"href":"https:\/\/www.experimenta.es\/tienda\/wp-json\/wp\/v2\/product"}],"about":[{"href":"https:\/\/www.experimenta.es\/tienda\/wp-json\/wp\/v2\/types\/product"}],"replies":[{"embeddable":true,"href":"https:\/\/www.experimenta.es\/tienda\/wp-json\/wp\/v2\/comments?post=11009"}],"wp:featuredmedia":[{"embeddable":true,"href":"https:\/\/www.experimenta.es\/tienda\/wp-json\/wp\/v2\/media\/55721"}],"wp:attachment":[{"href":"https:\/\/www.experimenta.es\/tienda\/wp-json\/wp\/v2\/media?parent=11009"}],"wp:term":[{"taxonomy":"product_cat","embeddable":true,"href":"https:\/\/www.experimenta.es\/tienda\/wp-json\/wp\/v2\/product_cat?post=11009"},{"taxonomy":"product_tag","embeddable":true,"href":"https:\/\/www.experimenta.es\/tienda\/wp-json\/wp\/v2\/product_tag?post=11009"}],"curies":[{"name":"wp","href":"https:\/\/api.w.org\/{rel}","templated":true}]}}

<p><strong>Vino y diseño</strong></p>
<p>El vino es el feudo del dios Baco, pero es también el producto final de una industria que conjuga el sabor tradicional con los dictámenes del mercado. Arquitectura, diseño industrail, comunicación audiovisual e incluso manifestacioes artísticas se ponen al sservicio de una bebida, que más que esto, es cultura.</p>
<p><strong>Nunc es bibendum. Entrevista con José Peñin<br />
</strong><em>Por Gloria Inglis.</em></p>
<p>De traje impecable, José Peñin nos recibe en su editorial. Durante la conversación desgrana los elementos que componen el escenario del vino, y evidencia sus más de 30 años de trayectoria como experto en la crítica vitivinícola ejercitada desde la visión pragmática del sector. Editor de la publicación anual <em>Guía Peñín de los vinos de España</em> y de la revista <em>Sibaritas</em>&#8230;</p>
<p><strong>Diseño di-vino</strong><br />
<em>Por Marcela Cabello.</em></p>
<p>Es responsabilidad del diseño que el consumidor reconozca una marca de vino, la identifique, la prefiera y sobre todo, haga de su compra una constante. El diseño de la etiqueta ess el respaldo visual del contenido de la botella: la venta de un caldo no se limita tan sólo al producto en sí mismo, sino a la experimencia sensorial en torno a él&#8230;.</p>
<p><strong>La ruta de la etiqueta de autor</strong><br />
<em>Por Chiara Vigo.</em></p>
<p>A lo largo del siglo XX la industria del vino ha conseguido por medio del desarrollo creativo de sus etiquetas, convertir un rectángulo de papel en un inusual medio visual lleno de simbología y literatura; un soporte gráfico que ha involucrado en su historia a coleccionistas, amateurs, mecenas, artistas, y empresarios.</p>
<p><strong>Bodegas<br />
</strong><em>Por Francesca Chiorino.</em></p>
<p>La participación de arquitectos de prestigio como Richard Rogers, Norman Foster o Frank O. Ghery en la relización de bodegas es hoy todo un fenómeno internacional. lo que aquí proponemos es un recorrido por la cartografía contemporánea de esta tipología concreta de proyecto. Un itinerario culminado con la presentación de dos ejemplos de reciente creación firmados por Álvaro Siza y Paolo Deganello. Dos autores capitales y complementarios con modos encontrados de concebir la arquitectura: Quinta de Portal y Can Rafols, dos propuestas que celbran su austeridad, y rompen, por otra parte, con los planteamientos monumentarles que suelen regir estas intervenciones.</p>
<p><strong>Gillo Dorfles</strong><br />
<em>Por Cristina Morozzi.</em></p>
<p>Ya cercano a los 100 años conserva la capacidad de sorpresa y la curiosidad insaciable de un muchacho por «los modos y las modas» contemporáneos. No hay ámbito de la creatividad que no haya sido investigado por su mirada de visionario, ni hábito que no sea objeto de su estudio apasionado. No hay manía o debilidad que no sea fustigada por su agudeza de criterio, Coquetea con las artes, con cualquiera de ellas. Conoce su historia y sus recorridos, los atraviesa, estableciendo conexiones, paralelismo y coincidencias. Lo abarca todo, desde la teoría a la anécdota. Sobrevuela, aliviandola pesadez de lo teórico con su discurso erudito. Lo cotidiano, en toda su extensión, es el escenario de muchas de sus reflexiones&#8230;</p>
<p><em> </em></p>

<p>Número 62 de la Revista Experimenta dedicado a Cocinas, vino y diseño y entrevista a Gillo Dorfles.</p>
