{"id":11013,"date":"2016-02-12T14:41:47","date_gmt":"2016-02-12T13:41:47","guid":{"rendered":"http:\/\/www.experimenta.es\/producto\/experimenta-60\/"},"modified":"2023-10-02T12:37:57","modified_gmt":"2023-10-02T10:37:57","slug":"experimenta-60","status":"publish","type":"product","link":"https:\/\/www.experimenta.es\/tienda\/producto\/experimenta-60\/","title":{"rendered":"Revista Experimenta 60"},"content":{"rendered":"<p><strong>Nueve tendencias para una nueva generaci\u00f3n de dise\u00f1adores<br \/>\n<\/strong><em>Por Francesco\u00a0Morace.<\/em><\/p>\n<p>En las sociedades m\u00e1s avanzadas y entre las j\u00f3venes generaciones de dise\u00f1adores, el proyecto creativo ya no representa una condici\u00f3n permanente, sono que premanece subyacente para completar algunas experiencias vitales..<\/p>\n<p><strong>Dec\u00e1logo del joven dise\u00f1ador<br \/>\n<\/strong><em>Por Juli Capella.<\/em><\/p>\n<p>Basado en el texto \u00abLos diez mandamientos de un escritor\u00bb del autor Stephen Vizinczey (<em>Verdad y mentiras en la literatura<\/em>, Seix Barral, 1989)<\/p>\n<p><strong>El libertinaje del cambio<\/strong><\/p>\n<p>Exponemos fragmentos del portafolio de 44 dise\u00f1adores j\u00f3venes. Una panor\u00e1mica que anima al lector a reflexionar sobre las nuevas formas de la creatividad.<\/p>\n<p><strong>Dossier. Colectividades<\/strong><\/p>\n<p>En el vigente escaparate de mobiliario para instalaciones de uso colectivo que presentamos, m\u00e1s all\u00e1 de una rica diversidad formal, asoman algunos de los par\u00e1metros que definen la perspectiva de un sector en alza.<\/p>\n<p><strong>Entrevista. Doshi Et Levien<br \/>\n<\/strong><em>Por Mar\u00eda Su\u00e1rez<\/em><\/p>\n<p>Desde su propio estudio, Doshilevien, dise\u00f1an objetos y ambientes que exploran y encarnan la hibridaci\u00f3n de diferentes culturas y la confluencia de los contrarios.<\/p>\n<p><em>\u00a0<\/em><\/p>\n","protected":false},"excerpt":{"rendered":"<p>N\u00famero dedicado\u00a0a los\u00a0representantes de la \u00faltima generaci\u00f3n de profesionales del mundo del proyecto.<\/p>\n","protected":false},"featured_media":55719,"comment_status":"open","ping_status":"closed","template":"","meta":[],"product_cat":[7311],"product_tag":[],"jetpack_sharing_enabled":true,"_links":{"self":[{"href":"https:\/\/www.experimenta.es\/tienda\/wp-json\/wp\/v2\/product\/11013"}],"collection":[{"href":"https:\/\/www.experimenta.es\/tienda\/wp-json\/wp\/v2\/product"}],"about":[{"href":"https:\/\/www.experimenta.es\/tienda\/wp-json\/wp\/v2\/types\/product"}],"replies":[{"embeddable":true,"href":"https:\/\/www.experimenta.es\/tienda\/wp-json\/wp\/v2\/comments?post=11013"}],"wp:featuredmedia":[{"embeddable":true,"href":"https:\/\/www.experimenta.es\/tienda\/wp-json\/wp\/v2\/media\/55719"}],"wp:attachment":[{"href":"https:\/\/www.experimenta.es\/tienda\/wp-json\/wp\/v2\/media?parent=11013"}],"wp:term":[{"taxonomy":"product_cat","embeddable":true,"href":"https:\/\/www.experimenta.es\/tienda\/wp-json\/wp\/v2\/product_cat?post=11013"},{"taxonomy":"product_tag","embeddable":true,"href":"https:\/\/www.experimenta.es\/tienda\/wp-json\/wp\/v2\/product_tag?post=11013"}],"curies":[{"name":"wp","href":"https:\/\/api.w.org\/{rel}","templated":true}]}}

<p><strong>Nueve tendencias para una nueva generación de diseñadores<br />
</strong><em>Por Francesco Morace.</em></p>
<p>En las sociedades más avanzadas y entre las jóvenes generaciones de diseñadores, el proyecto creativo ya no representa una condición permanente, sono que premanece subyacente para completar algunas experiencias vitales..</p>
<p><strong>Decálogo del joven diseñador<br />
</strong><em>Por Juli Capella.</em></p>
<p>Basado en el texto «Los diez mandamientos de un escritor» del autor Stephen Vizinczey (<em>Verdad y mentiras en la literatura</em>, Seix Barral, 1989)</p>
<p><strong>El libertinaje del cambio</strong></p>
<p>Exponemos fragmentos del portafolio de 44 diseñadores jóvenes. Una panorámica que anima al lector a reflexionar sobre las nuevas formas de la creatividad.</p>
<p><strong>Dossier. Colectividades</strong></p>
<p>En el vigente escaparate de mobiliario para instalaciones de uso colectivo que presentamos, más allá de una rica diversidad formal, asoman algunos de los parámetros que definen la perspectiva de un sector en alza.</p>
<p><strong>Entrevista. Doshi Et Levien<br />
</strong><em>Por María Suárez</em></p>
<p>Desde su propio estudio, Doshilevien, diseñan objetos y ambientes que exploran y encarnan la hibridación de diferentes culturas y la confluencia de los contrarios.</p>
<p><em> </em></p>

<p>Número dedicado a los representantes de la última generación de profesionales del mundo del proyecto.</p>
