{"id":11015,"date":"2016-02-12T14:44:26","date_gmt":"2016-02-12T13:44:26","guid":{"rendered":"http:\/\/www.experimenta.es\/producto\/experimenta-59\/"},"modified":"2025-06-11T02:39:03","modified_gmt":"2025-06-11T00:39:03","slug":"experimenta-59","status":"publish","type":"product","link":"https:\/\/www.experimenta.es\/tienda\/producto\/experimenta-59\/","title":{"rendered":"Revista Experimenta 59"},"content":{"rendered":"<p class=\"western\" style=\"text-align: left\"><strong>Brasil (2\u00aa parte)<\/strong><br \/>\n<em>Varios autores.<\/em><\/p>\n<p class=\"western\" style=\"text-align: left\" align=\"justify\">Todos conocemos a las superestrellas del dise\u00f1o mundial: aquellos pocos que transcienden las fronteras del mercado y se insertan en un c\u00edrculo que parece no tener nacionalidades espec\u00edficas; en todo pa\u00eds hay por lo menos uno. En el caso de Brasil vienen a la mente, entre otros, creadores de la talla del arquitecto Oscar Niemeyer, el dise\u00f1ador de modas Alexandre Herchcovitch y los dise\u00f1adores industriales Fernando y Humberto Campana&#8230;<\/p>\n<p class=\"western\" style=\"text-align: left\"><strong>Dossier Iluminaci\u00f3n<\/strong><\/p>\n<p style=\"text-align: left\">El de la iluminaci\u00f3n es un \u00e1mbito del dise\u00f1o de producto especialmente proclive a la innovaci\u00f3n. Por ejemplo, cada d\u00eda son m\u00e1s las novedades del sector que incorporan tecnolog\u00eda LED&#8230;.<\/p>\n<p class=\"western\" style=\"text-align: left\"><strong>Entrevista: Marcel Wanders<br \/>\n<\/strong><em><em>Por M\u00e0ria Su\u00e0rez.<\/em><\/em><\/p>\n<p style=\"text-align: left\" align=\"justify\">Las m\u00e1s prestigiosas firmas internacionales cuentan en su cat\u00e1logo con piezas del Holand\u00e9s Marcel Wanders. Sus intervenciones en el sector del interiorismo reciben muy positivas cr\u00edticas, y su exitosa actuaci\u00f3n como director de arte de Moooi en breve se har\u00e1 extensible a dos nuevas compa\u00f1\u00edas&#8230;.<\/p>\n<p style=\"text-align: left\"><em>\u00a0<\/em><\/p>\n","protected":false},"excerpt":{"rendered":"<p>N\u00famero 59 de la Revista Experimenta dedicado a Brasil, Marcel Wanders e Iluminaci\u00f3n<\/p>\n","protected":false},"featured_media":55718,"comment_status":"open","ping_status":"closed","template":"","meta":[],"product_cat":[7311],"product_tag":[],"jetpack_sharing_enabled":true,"_links":{"self":[{"href":"https:\/\/www.experimenta.es\/tienda\/wp-json\/wp\/v2\/product\/11015"}],"collection":[{"href":"https:\/\/www.experimenta.es\/tienda\/wp-json\/wp\/v2\/product"}],"about":[{"href":"https:\/\/www.experimenta.es\/tienda\/wp-json\/wp\/v2\/types\/product"}],"replies":[{"embeddable":true,"href":"https:\/\/www.experimenta.es\/tienda\/wp-json\/wp\/v2\/comments?post=11015"}],"wp:featuredmedia":[{"embeddable":true,"href":"https:\/\/www.experimenta.es\/tienda\/wp-json\/wp\/v2\/media\/55718"}],"wp:attachment":[{"href":"https:\/\/www.experimenta.es\/tienda\/wp-json\/wp\/v2\/media?parent=11015"}],"wp:term":[{"taxonomy":"product_cat","embeddable":true,"href":"https:\/\/www.experimenta.es\/tienda\/wp-json\/wp\/v2\/product_cat?post=11015"},{"taxonomy":"product_tag","embeddable":true,"href":"https:\/\/www.experimenta.es\/tienda\/wp-json\/wp\/v2\/product_tag?post=11015"}],"curies":[{"name":"wp","href":"https:\/\/api.w.org\/{rel}","templated":true}]}}

<p class="western" style="text-align: left"><strong>Brasil (2ª parte)</strong><br />
<em>Varios autores.</em></p>
<p class="western" style="text-align: left" align="justify">Todos conocemos a las superestrellas del diseño mundial: aquellos pocos que transcienden las fronteras del mercado y se insertan en un círculo que parece no tener nacionalidades específicas; en todo país hay por lo menos uno. En el caso de Brasil vienen a la mente, entre otros, creadores de la talla del arquitecto Oscar Niemeyer, el diseñador de modas Alexandre Herchcovitch y los diseñadores industriales Fernando y Humberto Campana&#8230;</p>
<p class="western" style="text-align: left"><strong>Dossier Iluminación</strong></p>
<p style="text-align: left">El de la iluminación es un ámbito del diseño de producto especialmente proclive a la innovación. Por ejemplo, cada día son más las novedades del sector que incorporan tecnología LED&#8230;.</p>
<p class="western" style="text-align: left"><strong>Entrevista: Marcel Wanders<br />
</strong><em><em>Por Mària Suàrez.</em></em></p>
<p style="text-align: left" align="justify">Las más prestigiosas firmas internacionales cuentan en su catálogo con piezas del Holandés Marcel Wanders. Sus intervenciones en el sector del interiorismo reciben muy positivas críticas, y su exitosa actuación como director de arte de Moooi en breve se hará extensible a dos nuevas compañías&#8230;.</p>
<p style="text-align: left"><em> </em></p>

<p>Número 59 de la Revista Experimenta dedicado a Brasil, Marcel Wanders e Iluminación</p>
