{"id":11023,"date":"2016-02-12T14:49:19","date_gmt":"2016-02-12T13:49:19","guid":{"rendered":"http:\/\/www.experimenta.es\/producto\/experimenta-55\/"},"modified":"2023-10-02T12:37:58","modified_gmt":"2023-10-02T10:37:58","slug":"experimenta-55","status":"publish","type":"product","link":"https:\/\/www.experimenta.es\/tienda\/producto\/experimenta-55\/","title":{"rendered":"Revista Experimenta 55"},"content":{"rendered":"<p><strong>Dise\u00f1o sostenible<br \/>\n<\/strong><em>Por Enzio Manzini<\/em><\/p>\n<p>Los temas propuestos en este art\u00edculo hacen referencia a conceptos desarrollados en EMUDE, Emerging Users Demands for Sustainable Solutions, un programa de actividades promovido en el \u00e1mbito del VI Programa Marco de la Comisi\u00f3n Europea. En este programa, coordinado por INDACO, del Polit\u00e9cnico de Mil\u00e1n, participan 10 centros de investigaci\u00f3n y universidades y 8 escuelas de dise\u00f1o europeas.<\/p>\n<p><strong>Mario Eskenazi<br \/>\n<\/strong><em>Por Mar\u00eca Su\u00e0rez.<\/em><\/p>\n<p>El dise\u00f1ador gr\u00e1fico Maro Eskenazi (Buenos Aires, 1945) licenciado en Arquitectura por la Universidad de C\u00f3rdoba (Argentina), apenas reci\u00e9n estrenada su titulaci\u00f3n oprt\u00f3 por dar un giro a su carrera y dedicarse a aquello que m\u00e1s le satisfac\u00eda: la comunicaci\u00f3n visual. Afincado en Espa\u00f1a desde 1974, su extensa y reconocida trayectoria en el \u00e1mbito del proyecto le enmarca en una din\u00e1mica profesional fundamentada en la coherencia tanto de su lenguaje formal como de su discurso conceptual.<\/p>\n<p><strong>Espacios p\u00fablicos<br \/>\n<\/strong><em>Varios autores<\/em><\/p>\n<p>Los or\u00edgenes del t\u00e9rmino espacio p\u00fablico se remontan a una de las corrientes de pensamiento m\u00e1s influyentes, la del fil\u00f3sofo alem\u00e1n E. Kant. Popularizado a lo largo de la historia por otros intelectuales, define un lugar de encuentro, accesible a todos los ciudadanos, donde democr\u00e1ticamente se practica el intercambo de opiniones, intereses e ideolog\u00edas. Tradicionalmente fueron las calles, las plazas, los comercios&#8230;pero hoy, con la omnipresencia de las nuevas tecnolog\u00edas, internet suscita una memoria colectiva virtual.<\/p>\n<p><strong>Dossier Contract. Equipamiento para colectividades<\/strong><\/p>\n<p>Mientras el antrop\u00f3logo Marc Aug\u00e9 afirma que \u00abla sobremodernidad es productora de no lugares\u00bb, el gobierno chino anuncia la construcci\u00f3n de 44 nuevos aeropuertos. Vivimos en tiempos de expansi\u00f3n del \u00abno lugar\u00bb y es hora de que el dise\u00f1o aporte respuestas. Respuestas est\u00e9ticas, culturales, humanizadoras. Son innumerables los escenarios de requieren mobiliario para colectividades o <em>contract<\/em>: aeropuertos, auditorios, colegios, centros comerciales, hoteles, hospitales, parques de atracciones, cines o restaurantes. Hacemos una selecci\u00f3n de productos recientes de empresas, tanto nacionales como internacionales, que buscan aportar esas respuestas que transformen los espacios colectivos en algo m\u00e1s que \u00abno lugares\u00bb.<\/p>\n","protected":false},"excerpt":{"rendered":"<p>N\u00famero 55 de la Revista Experimenta dedicado a Mario Eskenazi, Dossiere Contract y Espacios p\u00fablicos<\/p>\n","protected":false},"featured_media":55714,"comment_status":"open","ping_status":"closed","template":"","meta":[],"product_cat":[7311],"product_tag":[],"jetpack_sharing_enabled":true,"_links":{"self":[{"href":"https:\/\/www.experimenta.es\/tienda\/wp-json\/wp\/v2\/product\/11023"}],"collection":[{"href":"https:\/\/www.experimenta.es\/tienda\/wp-json\/wp\/v2\/product"}],"about":[{"href":"https:\/\/www.experimenta.es\/tienda\/wp-json\/wp\/v2\/types\/product"}],"replies":[{"embeddable":true,"href":"https:\/\/www.experimenta.es\/tienda\/wp-json\/wp\/v2\/comments?post=11023"}],"wp:featuredmedia":[{"embeddable":true,"href":"https:\/\/www.experimenta.es\/tienda\/wp-json\/wp\/v2\/media\/55714"}],"wp:attachment":[{"href":"https:\/\/www.experimenta.es\/tienda\/wp-json\/wp\/v2\/media?parent=11023"}],"wp:term":[{"taxonomy":"product_cat","embeddable":true,"href":"https:\/\/www.experimenta.es\/tienda\/wp-json\/wp\/v2\/product_cat?post=11023"},{"taxonomy":"product_tag","embeddable":true,"href":"https:\/\/www.experimenta.es\/tienda\/wp-json\/wp\/v2\/product_tag?post=11023"}],"curies":[{"name":"wp","href":"https:\/\/api.w.org\/{rel}","templated":true}]}}

<p><strong>Diseño sostenible<br />
</strong><em>Por Enzio Manzini</em></p>
<p>Los temas propuestos en este artículo hacen referencia a conceptos desarrollados en EMUDE, Emerging Users Demands for Sustainable Solutions, un programa de actividades promovido en el ámbito del VI Programa Marco de la Comisión Europea. En este programa, coordinado por INDACO, del Politécnico de Milán, participan 10 centros de investigación y universidades y 8 escuelas de diseño europeas.</p>
<p><strong>Mario Eskenazi<br />
</strong><em>Por Marìa Suàrez.</em></p>
<p>El diseñador gráfico Maro Eskenazi (Buenos Aires, 1945) licenciado en Arquitectura por la Universidad de Córdoba (Argentina), apenas recién estrenada su titulación oprtó por dar un giro a su carrera y dedicarse a aquello que más le satisfacía: la comunicación visual. Afincado en España desde 1974, su extensa y reconocida trayectoria en el ámbito del proyecto le enmarca en una dinámica profesional fundamentada en la coherencia tanto de su lenguaje formal como de su discurso conceptual.</p>
<p><strong>Espacios públicos<br />
</strong><em>Varios autores</em></p>
<p>Los orígenes del término espacio público se remontan a una de las corrientes de pensamiento más influyentes, la del filósofo alemán E. Kant. Popularizado a lo largo de la historia por otros intelectuales, define un lugar de encuentro, accesible a todos los ciudadanos, donde democráticamente se practica el intercambo de opiniones, intereses e ideologías. Tradicionalmente fueron las calles, las plazas, los comercios&#8230;pero hoy, con la omnipresencia de las nuevas tecnologías, internet suscita una memoria colectiva virtual.</p>
<p><strong>Dossier Contract. Equipamiento para colectividades</strong></p>
<p>Mientras el antropólogo Marc Augé afirma que «la sobremodernidad es productora de no lugares», el gobierno chino anuncia la construcción de 44 nuevos aeropuertos. Vivimos en tiempos de expansión del «no lugar» y es hora de que el diseño aporte respuestas. Respuestas estéticas, culturales, humanizadoras. Son innumerables los escenarios de requieren mobiliario para colectividades o <em>contract</em>: aeropuertos, auditorios, colegios, centros comerciales, hoteles, hospitales, parques de atracciones, cines o restaurantes. Hacemos una selección de productos recientes de empresas, tanto nacionales como internacionales, que buscan aportar esas respuestas que transformen los espacios colectivos en algo más que «no lugares».</p>

<p>Número 55 de la Revista Experimenta dedicado a Mario Eskenazi, Dossiere Contract y Espacios públicos</p>
