{"id":39477,"date":"2017-11-16T11:37:25","date_gmt":"2017-11-16T10:37:25","guid":{"rendered":"https:\/\/www.experimenta.es\/?post_type=product&#038;p=39477"},"modified":"2023-10-02T12:38:07","modified_gmt":"2023-10-02T10:38:07","slug":"experimenta-75","status":"publish","type":"product","link":"https:\/\/www.experimenta.es\/tienda\/producto\/experimenta-75\/","title":{"rendered":"Revista Experimenta 75"},"content":{"rendered":"<p>Como cada entrega, el n\u00famero 75 de <em>Experimenta<\/em> est\u00e1 divida en cuatro secciones, la primera titulada\u00a0<strong><em>Observatorio<\/em><\/strong>, repasa la actualidad espa\u00f1ola e iberoamericana en materia de eventos, movimientos y proyectos culturales. Seguida de<strong>\u00a0<\/strong><em><strong>Proyecta<\/strong>,\u00a0<\/em>dedicada a los trabajos que, por su contribuci\u00f3n al dise\u00f1o, entendemos merecen ser analizados y rese\u00f1ados. Por su parte\u00a0<em><strong>Academy<\/strong>, <\/em>se\u00a0articula a partir de una\u00a0selecci\u00f3n minuciosa de los\u00a0proyectos de fin de grado m\u00e1s interesantes llevados a cabo por alumnos de la comunidad educativa espa\u00f1ola e iberoamericana. Y por \u00faltimo, <em><strong>Reflexiona<\/strong>, <\/em>dedicada al analisis profundo del tema central del volumen, a trav\u00e9s de entrevistas y art\u00edculos de opini\u00f3n, desarrollados por personalidades del dise\u00f1o expertos en la materia.<\/p>\n<h3>Observatorio<\/h3>\n<ul>\n<li>Manuel Estrada y Actiu: Premios Nacionales de Dise\u00f1o<\/li>\n<li>Premios Laus 2017, una apuesta por lo audiovisual<\/li>\n<li>Vidrala MasterGlass. 2\u00aa edici\u00f3n del concurso de envases de vidrio<\/li>\n<li>Reuni\u00f3n de empresas de dise\u00f1o. Entrevista a Joan Mallen<\/li>\n<li>Nuevo dise\u00f1o mexicano. Entrevista a Joel Escalona<\/li>\n<li>3D imprimir el mundo. La revoluci\u00f3n Industrial del siglo XXI<\/li>\n<li>Norman Foster Foundation. Inaugura sede en Madrid<\/li>\n<li>De materia a producto. Dise\u00f1o, tecnolog\u00eda e innovaci\u00f3n en el hogar<\/li>\n<li>Producto fresco 2107. Dise\u00f1o reci\u00e9n hecho en Madrid<\/li>\n<li>Historias del coche el\u00e9ctrico. Un viaje hacia la sostenibilidad<\/li>\n<li>Fabricating Society. Decimotercer encuentro internacional de <em>fab labs<\/em><\/li>\n<\/ul>\n<h3>Proyecta<\/h3>\n<ul>\n<li>TNK Flex ergonom\u00eda en movimiento. Alegre Design para Actiu<\/li>\n<li>45\u00ba, vers\u00e1til sistema de mesas. La Selva Studio para Inyard<\/li>\n<li>Muebles Lufe: local, universal, funcional y ecol\u00f3gico. Dise\u00f1o de Silvia Ce\u00f1al<\/li>\n<li>Bovedilla Series, cer\u00e1mica aplicada al mobiliario. Dise\u00f1o de Enorme Studio<\/li>\n<li>Hotel Marquis Issabel&#8217;s. Inspiraci\u00f3n italiana en pleno centro de Granada. Dise\u00f1o de Ilmiodisegn<\/li>\n<li>Oficinas de ARV. La luz como <em>experience design<\/em>. Proyecto de Fran Silvestre Arquitectos e interiorismo de Alfaro Hofmann<\/li>\n<li>SIDO, ropa interior <em>made in Japan<\/em>. Dise\u00f1o de Erretres<\/li>\n<li>Miguel Reyes, dise\u00f1ador de tipograf\u00edas<\/li>\n<li>I am blue, I am pink. El surrealismo transformado en estudio<\/li>\n<\/ul>\n<h3>Academy<\/h3>\n<ul>\n<li>EASD Valencia<\/li>\n<li>Universidad de Nebrija, Escuela Polit\u00e9cnica Superior<\/li>\n<li>Escuela Superior de Dise\u00f1o de Madrid<\/li>\n<li>Centro Superior de Dise\u00f1o Kunsthal, Guip\u00fazcoa<\/li>\n<\/ul>\n<h3>Reflexiona<\/h3>\n<ul>\n<li>Daan Roosegaarde, un inmenso paisaje interactivo<\/li>\n<li>Internet de las cosas (IoT). Una visi\u00f3n \u00abde las cosas\u00bb<\/li>\n<li>\u00bfC\u00f3mo materializar los datos?<\/li>\n<\/ul>\n","protected":false},"excerpt":{"rendered":"<p>El n\u00famero 75 de <strong><em>Experimenta<\/em><\/strong>\u00a0ya est\u00e1 aqu\u00ed. Bajo el t\u00edtulo,<strong><em> Internet de las cosas:\u00a0la cuarta dimensi\u00f3n\u00a0de los objetos<\/em><\/strong>, esta nueva entrega del magazine espa\u00f1ol analiza el papel de los dise\u00f1adores en el universo IoT (Internet of Things), esta silenciosa revoluci\u00f3n que amenaza con redefinir la forma en que interact\u00faamos con nuestro entorno.\u00a0A trav\u00e9s de entrevistas, reportajes, rese\u00f1as y an\u00e1lisis de productos y de experiencias, esta nueva entrega de <em><strong>Experimenta<\/strong><\/em> ofrece algunas respuestas, y una mirada diferente, sobre lo que muchos expertos entienden como\u00a0el pr\u00f3ximo gran hito del dise\u00f1o.<\/p>\n<p>&nbsp;<\/p>\n<p>\u00b7 Edici\u00f3n: septiembre 2017<br \/>\n\u00b7 ISBN: 978-84-939383-2-1<br \/>\n\u00b7 Medidas: 23 x 29,7x 1 cm<br \/>\n\u00b7 P\u00e1ginas: 116<\/p>\n","protected":false},"featured_media":55706,"comment_status":"open","ping_status":"closed","template":"","meta":[],"product_cat":[9893,7311],"product_tag":[],"jetpack_sharing_enabled":true,"_links":{"self":[{"href":"https:\/\/www.experimenta.es\/tienda\/wp-json\/wp\/v2\/product\/39477"}],"collection":[{"href":"https:\/\/www.experimenta.es\/tienda\/wp-json\/wp\/v2\/product"}],"about":[{"href":"https:\/\/www.experimenta.es\/tienda\/wp-json\/wp\/v2\/types\/product"}],"replies":[{"embeddable":true,"href":"https:\/\/www.experimenta.es\/tienda\/wp-json\/wp\/v2\/comments?post=39477"}],"wp:featuredmedia":[{"embeddable":true,"href":"https:\/\/www.experimenta.es\/tienda\/wp-json\/wp\/v2\/media\/55706"}],"wp:attachment":[{"href":"https:\/\/www.experimenta.es\/tienda\/wp-json\/wp\/v2\/media?parent=39477"}],"wp:term":[{"taxonomy":"product_cat","embeddable":true,"href":"https:\/\/www.experimenta.es\/tienda\/wp-json\/wp\/v2\/product_cat?post=39477"},{"taxonomy":"product_tag","embeddable":true,"href":"https:\/\/www.experimenta.es\/tienda\/wp-json\/wp\/v2\/product_tag?post=39477"}],"curies":[{"name":"wp","href":"https:\/\/api.w.org\/{rel}","templated":true}]}}

<p>Como cada entrega, el número 75 de <em>Experimenta</em> está divida en cuatro secciones, la primera titulada <strong><em>Observatorio</em></strong>, repasa la actualidad española e iberoamericana en materia de eventos, movimientos y proyectos culturales. Seguida de<strong> </strong><em><strong>Proyecta</strong>, </em>dedicada a los trabajos que, por su contribución al diseño, entendemos merecen ser analizados y reseñados. Por su parte <em><strong>Academy</strong>, </em>se articula a partir de una selección minuciosa de los proyectos de fin de grado más interesantes llevados a cabo por alumnos de la comunidad educativa española e iberoamericana. Y por último, <em><strong>Reflexiona</strong>, </em>dedicada al analisis profundo del tema central del volumen, a través de entrevistas y artículos de opinión, desarrollados por personalidades del diseño expertos en la materia.</p>
<h3>Observatorio</h3>
<ul>
<li>Manuel Estrada y Actiu: Premios Nacionales de Diseño</li>
<li>Premios Laus 2017, una apuesta por lo audiovisual</li>
<li>Vidrala MasterGlass. 2ª edición del concurso de envases de vidrio</li>
<li>Reunión de empresas de diseño. Entrevista a Joan Mallen</li>
<li>Nuevo diseño mexicano. Entrevista a Joel Escalona</li>
<li>3D imprimir el mundo. La revolución Industrial del siglo XXI</li>
<li>Norman Foster Foundation. Inaugura sede en Madrid</li>
<li>De materia a producto. Diseño, tecnología e innovación en el hogar</li>
<li>Producto fresco 2107. Diseño recién hecho en Madrid</li>
<li>Historias del coche eléctrico. Un viaje hacia la sostenibilidad</li>
<li>Fabricating Society. Decimotercer encuentro internacional de <em>fab labs</em></li>
</ul>
<h3>Proyecta</h3>
<ul>
<li>TNK Flex ergonomía en movimiento. Alegre Design para Actiu</li>
<li>45º, versátil sistema de mesas. La Selva Studio para Inyard</li>
<li>Muebles Lufe: local, universal, funcional y ecológico. Diseño de Silvia Ceñal</li>
<li>Bovedilla Series, cerámica aplicada al mobiliario. Diseño de Enorme Studio</li>
<li>Hotel Marquis Issabel&#8217;s. Inspiración italiana en pleno centro de Granada. Diseño de Ilmiodisegn</li>
<li>Oficinas de ARV. La luz como <em>experience design</em>. Proyecto de Fran Silvestre Arquitectos e interiorismo de Alfaro Hofmann</li>
<li>SIDO, ropa interior <em>made in Japan</em>. Diseño de Erretres</li>
<li>Miguel Reyes, diseñador de tipografías</li>
<li>I am blue, I am pink. El surrealismo transformado en estudio</li>
</ul>
<h3>Academy</h3>
<ul>
<li>EASD Valencia</li>
<li>Universidad de Nebrija, Escuela Politécnica Superior</li>
<li>Escuela Superior de Diseño de Madrid</li>
<li>Centro Superior de Diseño Kunsthal, Guipúzcoa</li>
</ul>
<h3>Reflexiona</h3>
<ul>
<li>Daan Roosegaarde, un inmenso paisaje interactivo</li>
<li>Internet de las cosas (IoT). Una visión «de las cosas»</li>
<li>¿Cómo materializar los datos?</li>
</ul>

<p>El número 75 de <strong><em>Experimenta</em></strong> ya está aquí. Bajo el título,<strong><em> Internet de las cosas: la cuarta dimensión de los objetos</em></strong>, esta nueva entrega del magazine español analiza el papel de los diseñadores en el universo IoT (Internet of Things), esta silenciosa revolución que amenaza con redefinir la forma en que interactúamos con nuestro entorno. A través de entrevistas, reportajes, reseñas y análisis de productos y de experiencias, esta nueva entrega de <em><strong>Experimenta</strong></em> ofrece algunas respuestas, y una mirada diferente, sobre lo que muchos expertos entienden como el próximo gran hito del diseño.</p>
<p>&nbsp;</p>
<p>· Edición: septiembre 2017<br />
· ISBN: 978-84-939383-2-1<br />
· Medidas: 23 x 29,7x 1 cm<br />
· Páginas: 116</p>
