{"id":42147,"date":"2018-02-15T13:50:38","date_gmt":"2018-02-15T12:50:38","guid":{"rendered":"https:\/\/www.experimenta.es\/?post_type=product&#038;p=42147"},"modified":"2024-11-10T08:48:26","modified_gmt":"2024-11-10T07:48:26","slug":"experimenta-76","status":"publish","type":"product","link":"https:\/\/www.experimenta.es\/tienda\/producto\/experimenta-76\/","title":{"rendered":"Revista Experimenta 76"},"content":{"rendered":"<p>Como cada entrega, el n\u00famero 76 de <em>Experimenta<\/em> est\u00e1 divida en cuatro secciones, la primera titulada\u00a0<strong><em>Observatorio<\/em><\/strong>, repasa la actualidad espa\u00f1ola e iberoamericana en materia de eventos, movimientos y proyectos culturales. Seguida de<strong>\u00a0<\/strong><em><strong>Proyecta<\/strong>,\u00a0<\/em>dedicada a los trabajos que, por su contribuci\u00f3n al dise\u00f1o, entendemos merecen ser analizados y rese\u00f1ados. Por su parte\u00a0<em><strong>Academy<\/strong>, <\/em>se\u00a0articula a partir de una\u00a0selecci\u00f3n minuciosa de los\u00a0proyectos de fin de grado m\u00e1s interesantes llevados a cabo por alumnos de la comunidad educativa espa\u00f1ola e iberoamericana. Y por \u00faltimo, <em><strong>Reflexiona<\/strong>, <\/em>dedicada al analisis profundo del tema central del volumen, a trav\u00e9s de entrevistas y art\u00edculos de opini\u00f3n, desarrollados por personalidades del dise\u00f1o expertos en la materia.<\/p>\n<h3>Observatorio<\/h3>\n<ul>\n<li>90 a\u00f1os de la tipograf\u00eda Futura<\/li>\n<li>\u00a1Gracias, Ricardo!<\/li>\n<li>La tendencias no se siguen, se aplican<\/li>\n<li>Transfiere, Foro Europeo para la Ciencia, Tecnolog\u00eda e Innovaci\u00f3n<\/li>\n<li>Los ba\u00f1os del futuro. 7a edici\u00f3n del concurso de dise\u00f1o Jumpthegap<\/li>\n<li>Permanencia y transformaci\u00f3n en la literatura de Vincent Mart\u00ednez<\/li>\n<li>Premios ADCV 2017: la excelencia del dise\u00f1o valenciano<\/li>\n<li>Nude, m\u00e1s de 15 a\u00f1os apostando por el dise\u00f1o emergente<\/li>\n<li>Bauertypes o la pasi\u00f3n por la tipograf\u00eda<\/li>\n<li>Madrid Gr\u00e1fica 17, el mejor dise\u00f1o gr\u00e1fico internacional en Madrid<\/li>\n<\/ul>\n<h3>Proyecta<\/h3>\n<ul>\n<li>Inkit, una tinta para educar, crear y cuidar al medio ambiente<\/li>\n<li>Desgajando un bal\u00f3n de baloncesto, una tipograf\u00eda para ESPN The Magazine<\/li>\n<li>Foot Truck by Coolway Free Style<\/li>\n<li>Atom X: una bicicleta el\u00e9ctrica de monta\u00f1a llamada a revolucionar el sector<\/li>\n<li>Lasso, la mesa de Iratzoki-Lizaso para Omelette-ed<\/li>\n<li>El estudio Morphine representa a Uruguay en el d\u00eda internacional de la Paz<\/li>\n<li>Rhythm vertical y horizontal, las l\u00e1mparas de Arik Levy para Vibia<\/li>\n<li>:Rata_, dise\u00f1o editorial de Toormix. Darle la vuelta al Cl\u00e1sico dise\u00f1o de los libros<\/li>\n<li>Diabla, la propuesta m\u00e1s joven de Gandiablasco<\/li>\n<li>Encontros: cuando la luz es arte<\/li>\n<\/ul>\n<h3>Academy<\/h3>\n<ul>\n<li>El dise\u00f1o Iberoamericano define territorio. 7o encuentro BID de Centros de Ense\u00f1anza de Dise\u00f1o<\/li>\n<\/ul>\n<p>Reflexiona<\/p>\n<ul>\n<li>Bernhard E. B\u00fcrdek. La teor\u00eda del dise\u00f1o y c\u00f3mo materializar una disciplina compleja y prometedora.<\/li>\n<li>Aqu\u00ed no entra nadie que no sepa geometr\u00eda<\/li>\n<li>Educaci\u00f3n y dise\u00f1o en tiempos de cambio<\/li>\n<li>Universidad, dise\u00f1o y nuevos materiales<\/li>\n<\/ul>\n","protected":false},"excerpt":{"rendered":"<p>El n\u00famero 76 de <em><strong>Experimenta<\/strong><\/em> titulado, <strong><i>La estrategia de dise\u00f1ar dise\u00f1adores<\/i><\/strong>, analiza, en su secci\u00f3n central, el papel de los centros educativos y su capacidad para adaptarse a una profesi\u00f3n, cuya esencia es el continuo cambio. A trav\u00e9s de entrevistas, reportajes, rese\u00f1as y an\u00e1lisis de productos y de experiencias, esta nueva entrega de <strong><em>Experimenta <\/em><\/strong><em>\u2014<\/em>dise\u00f1ada por Laura Fern\u00e1ndez\u2014, ofrece algunas respuestas, y una mirada diferente acerca del futuro de la ense\u00f1anza del dise\u00f1o.<\/p>\n<p>&nbsp;<\/p>\n<p>\u00b7 Edici\u00f3n: diciembre 2017<br \/>\n\u00b7 ISBN: 978-84-939383-4-5<br \/>\n\u00b7 Medidas: 23 x 29,7x 1 cm<br \/>\n\u00b7 P\u00e1ginas: 136<\/p>\n","protected":false},"featured_media":55705,"comment_status":"open","ping_status":"closed","template":"","meta":[],"product_cat":[9893,7311],"product_tag":[],"jetpack_sharing_enabled":true,"_links":{"self":[{"href":"https:\/\/www.experimenta.es\/tienda\/wp-json\/wp\/v2\/product\/42147"}],"collection":[{"href":"https:\/\/www.experimenta.es\/tienda\/wp-json\/wp\/v2\/product"}],"about":[{"href":"https:\/\/www.experimenta.es\/tienda\/wp-json\/wp\/v2\/types\/product"}],"replies":[{"embeddable":true,"href":"https:\/\/www.experimenta.es\/tienda\/wp-json\/wp\/v2\/comments?post=42147"}],"wp:featuredmedia":[{"embeddable":true,"href":"https:\/\/www.experimenta.es\/tienda\/wp-json\/wp\/v2\/media\/55705"}],"wp:attachment":[{"href":"https:\/\/www.experimenta.es\/tienda\/wp-json\/wp\/v2\/media?parent=42147"}],"wp:term":[{"taxonomy":"product_cat","embeddable":true,"href":"https:\/\/www.experimenta.es\/tienda\/wp-json\/wp\/v2\/product_cat?post=42147"},{"taxonomy":"product_tag","embeddable":true,"href":"https:\/\/www.experimenta.es\/tienda\/wp-json\/wp\/v2\/product_tag?post=42147"}],"curies":[{"name":"wp","href":"https:\/\/api.w.org\/{rel}","templated":true}]}}

<p>Como cada entrega, el número 76 de <em>Experimenta</em> está divida en cuatro secciones, la primera titulada <strong><em>Observatorio</em></strong>, repasa la actualidad española e iberoamericana en materia de eventos, movimientos y proyectos culturales. Seguida de<strong> </strong><em><strong>Proyecta</strong>, </em>dedicada a los trabajos que, por su contribución al diseño, entendemos merecen ser analizados y reseñados. Por su parte <em><strong>Academy</strong>, </em>se articula a partir de una selección minuciosa de los proyectos de fin de grado más interesantes llevados a cabo por alumnos de la comunidad educativa española e iberoamericana. Y por último, <em><strong>Reflexiona</strong>, </em>dedicada al analisis profundo del tema central del volumen, a través de entrevistas y artículos de opinión, desarrollados por personalidades del diseño expertos en la materia.</p>
<h3>Observatorio</h3>
<ul>
<li>90 años de la tipografía Futura</li>
<li>¡Gracias, Ricardo!</li>
<li>La tendencias no se siguen, se aplican</li>
<li>Transfiere, Foro Europeo para la Ciencia, Tecnología e Innovación</li>
<li>Los baños del futuro. 7a edición del concurso de diseño Jumpthegap</li>
<li>Permanencia y transformación en la literatura de Vincent Martínez</li>
<li>Premios ADCV 2017: la excelencia del diseño valenciano</li>
<li>Nude, más de 15 años apostando por el diseño emergente</li>
<li>Bauertypes o la pasión por la tipografía</li>
<li>Madrid Gráfica 17, el mejor diseño gráfico internacional en Madrid</li>
</ul>
<h3>Proyecta</h3>
<ul>
<li>Inkit, una tinta para educar, crear y cuidar al medio ambiente</li>
<li>Desgajando un balón de baloncesto, una tipografía para ESPN The Magazine</li>
<li>Foot Truck by Coolway Free Style</li>
<li>Atom X: una bicicleta eléctrica de montaña llamada a revolucionar el sector</li>
<li>Lasso, la mesa de Iratzoki-Lizaso para Omelette-ed</li>
<li>El estudio Morphine representa a Uruguay en el día internacional de la Paz</li>
<li>Rhythm vertical y horizontal, las lámparas de Arik Levy para Vibia</li>
<li>:Rata_, diseño editorial de Toormix. Darle la vuelta al Clásico diseño de los libros</li>
<li>Diabla, la propuesta más joven de Gandiablasco</li>
<li>Encontros: cuando la luz es arte</li>
</ul>
<h3>Academy</h3>
<ul>
<li>El diseño Iberoamericano define territorio. 7o encuentro BID de Centros de Enseñanza de Diseño</li>
</ul>
<p>Reflexiona</p>
<ul>
<li>Bernhard E. Bürdek. La teoría del diseño y cómo materializar una disciplina compleja y prometedora.</li>
<li>Aquí no entra nadie que no sepa geometría</li>
<li>Educación y diseño en tiempos de cambio</li>
<li>Universidad, diseño y nuevos materiales</li>
</ul>

<p>El número 76 de <em><strong>Experimenta</strong></em> titulado, <strong><i>La estrategia de diseñar diseñadores</i></strong>, analiza, en su sección central, el papel de los centros educativos y su capacidad para adaptarse a una profesión, cuya esencia es el continuo cambio. A través de entrevistas, reportajes, reseñas y análisis de productos y de experiencias, esta nueva entrega de <strong><em>Experimenta </em></strong><em>—</em>diseñada por Laura Fernández—, ofrece algunas respuestas, y una mirada diferente acerca del futuro de la enseñanza del diseño.</p>
<p>&nbsp;</p>
<p>· Edición: diciembre 2017<br />
· ISBN: 978-84-939383-4-5<br />
· Medidas: 23 x 29,7x 1 cm<br />
· Páginas: 136</p>
