{"id":42424,"date":"2018-02-23T13:52:49","date_gmt":"2018-02-23T12:52:49","guid":{"rendered":"https:\/\/www.experimenta.es\/?post_type=product&#038;p=42424"},"modified":"2025-01-24T21:38:22","modified_gmt":"2025-01-24T20:38:22","slug":"mi-querida-bicicleta","status":"publish","type":"product","link":"https:\/\/www.experimenta.es\/tienda\/producto\/mi-querida-bicicleta\/","title":{"rendered":"Mi querida bicicleta"},"content":{"rendered":"<p><em>\u00ab\u00bfSabes cu\u00e1l es el inconveniente de las carreras para\u00a0discapacitados? -se\u00f1ala Javier-. En su gran mayor\u00eda son\u00a0trayectos en llano. El Campeonato de Europa en Chequia,\u00a0los Juegos Paral\u00edmpicos de Atenas, el Campeonato del\u00a0pasado a\u00f1o en Alkmaar. Todo llano. Y yo soy escalador\u00bb.<\/em><br \/>\nEste fragmento de \u201cLas l\u00e1grimas de los Otxoa\u201d de Edwin\u00a0Winkels, es parte de las muchas historias incluidas en <strong>Mi\u00a0Querida Bicicleta. Relatos de ciclismo de Holanda y\u00a0Espa\u00f1a.<\/strong><br \/>\nDe libertad y de bicicleta hablan los cuentos de\u00a0este peque\u00f1o gran libro que editamos en Experimenta.<\/p>\n<p>El amor por el ciclismo se profesa montando en bicicleta,\u00a0pero tambi\u00e9n con la pluma. Carlos Arribas, periodista de\u00a0El Pa\u00eds, y Bert Wagendorp, columnista de Volkskrant, han\u00a0seleccionado diez magn\u00edficos relatos de tem\u00e1tica ciclista,\u00a0cinco espa\u00f1oles y cinco neerlandeses. Y que los hemos\u00a0reunido en esta antolog\u00eda como una oda\u00a0hispano-neerlandesa al ciclismo.<\/p>\n<p>Tim Krabb\u00e9, Thijs Zonneveld, Peter Winnen, Erik Brouwer,\u00a0Edwin Winkels, Miguel Delibes, Bernardo Atxaga, Alain\u00a0Laiseka, Jes\u00fas G\u00f3mez Pe\u00f1a y Pedro Horrillo: un grupo\u00a0integrado por unos aut\u00e9nticos fuera de serie<\/p>\n","protected":false},"excerpt":{"rendered":"<p><span style=\"color: #ff0000;\"><span style=\"color: #000000;\">Autores varios<\/span><\/span><\/p>\n<p>Mi querida bicicleta. Relatos de ciclismo de Holanda y Espa\u00f1a.<br \/>\nEl amor por el ciclismo se profesa montando en bicicleta, pero tambi\u00e9n con la pluma. Carlos Arribas, periodista de <em>El Pa\u00eds<\/em>, y Bert Wagendorp, columnista de <em>Volkskrant<\/em>, han seleccionado diez magn\u00edficos relatos de tem\u00e1tica ciclista, cinco espa\u00f1oles y cinco neerlandeses<\/p>\n<p>&nbsp;<\/p>\n<p>\u00b7 ISBN: 978-84-930641-9-8<br \/>\n\u00b7 Medidas: 15 x 15 x 1 cm<br \/>\n\u00b7 P\u00e1ginas: 144<br \/>\n\u00b7 Impresi\u00f3n interior: color<\/p>\n","protected":false},"featured_media":55793,"comment_status":"open","ping_status":"closed","template":"","meta":[],"product_cat":[9898,9893,7313],"product_tag":[],"jetpack_sharing_enabled":true,"_links":{"self":[{"href":"https:\/\/www.experimenta.es\/tienda\/wp-json\/wp\/v2\/product\/42424"}],"collection":[{"href":"https:\/\/www.experimenta.es\/tienda\/wp-json\/wp\/v2\/product"}],"about":[{"href":"https:\/\/www.experimenta.es\/tienda\/wp-json\/wp\/v2\/types\/product"}],"replies":[{"embeddable":true,"href":"https:\/\/www.experimenta.es\/tienda\/wp-json\/wp\/v2\/comments?post=42424"}],"wp:featuredmedia":[{"embeddable":true,"href":"https:\/\/www.experimenta.es\/tienda\/wp-json\/wp\/v2\/media\/55793"}],"wp:attachment":[{"href":"https:\/\/www.experimenta.es\/tienda\/wp-json\/wp\/v2\/media?parent=42424"}],"wp:term":[{"taxonomy":"product_cat","embeddable":true,"href":"https:\/\/www.experimenta.es\/tienda\/wp-json\/wp\/v2\/product_cat?post=42424"},{"taxonomy":"product_tag","embeddable":true,"href":"https:\/\/www.experimenta.es\/tienda\/wp-json\/wp\/v2\/product_tag?post=42424"}],"curies":[{"name":"wp","href":"https:\/\/api.w.org\/{rel}","templated":true}]}}