{"id":47467,"date":"2018-09-25T16:19:39","date_gmt":"2018-09-25T14:19:39","guid":{"rendered":"https:\/\/www.experimenta.es\/?post_type=product&#038;p=47467"},"modified":"2025-08-25T16:21:30","modified_gmt":"2025-08-25T14:21:30","slug":"floreros-historia-ilustrada-de-ocho-letras-en-cuarenta-escenas","status":"publish","type":"product","link":"https:\/\/www.experimenta.es\/tienda\/producto\/floreros-historia-ilustrada-de-ocho-letras-en-cuarenta-escenas\/","title":{"rendered":"Floreros. Historia ilustrada de ocho letras en cuarenta escenas"},"content":{"rendered":"<p><em>\u201cNarraci\u00f3n e ilustraci\u00f3n son como dos hermanas gemelas,\u00a0o mejor, como las dos caras de una misma moneda: al\u00a0mirar una se nos esconde la otra. La relaci\u00f3n entre ambas\u00a0me ha interesado siempre. Una relaci\u00f3n decididamente\u00a0asim\u00e9trica, pues lo habitual es que mande la hermana\u00a0mayor: la narraci\u00f3n. A la ilustraci\u00f3n, como a la Cenicienta,\u00a0le toca poner orden, limpiar e \u201ciluminar\u201d la historia\u201d.<\/em><br \/>\nHace alg\u00fan tiempo Santiago Miranda se propuso contar\u00a0una historia partiendo de algunos de sus dibujos\u00a0\u201cpersonales\u201d, que nada tienen que ver con su trabajo profesional.\u00a0Esta historia ilustrada \u2014o esta ilustraci\u00f3n historiada\u2014 se\u00a0llama <strong>Floreros<\/strong>.<\/p>\n<p><strong>Es un cuento para adultos que nace de una\u00a0selecci\u00f3n de cuarenta dibujos<\/strong>, junto a otras tantas\u00a0frases, tambi\u00e9n dibujadas. La narraci\u00f3n de los encuentros\u00a0entre dos personajes hilvana dibujos y frases a lo largo de\u00a0ocho cap\u00edtulos, uno por cada letra de la palabra \u201cfloreros\u201d.<\/p>\n<p>&nbsp;<\/p>\n<p><span class=\"Apple-converted-space\">SOBRE EL AUTOR<br \/>\n<\/span>Santiago Miranda. Tras haber realizado sus\u00a0estudios en la Escuela de Artes Aplicadas y Oficios\u00a0Art\u00edsticos de Sevilla, su ciudad natal, Santiago se\u00a0estableci\u00f3 en Mil\u00e1n en 1971 donde fund\u00f3, junto con\u00a0Perry, King &amp; Miranda Associati en 1976.<br \/>\nConsultor para la Direcci\u00f3n de Imagen Corporativa\u00a0de Olivetti hasta 1979, anteriormente hab\u00eda dise\u00f1ado\u00a0y escrito \u2018Air Mail Transatlantic Pictures\u2019, un proyecto\u00a0de un parque interactivo para solitarios. Ha formado\u00a0parte del Comitato Scientifico del Istituto Europeo di\u00a0Design de Madrid y del Comit\u00e9 Cient\u00edfico del curso\u00a0de Master en Dise\u00f1o de la Universidad Pablo de\u00a0Olavide de Sevilla.<\/p>\n<p>Jurado y conferenciante en numerosos concursos y\u00a0universidades internacionales. En 1989 se le otorg\u00f3\u00a0el Premio Nacional de Dise\u00f1o Espa\u00f1ol y, en 1995, el\u00a0Premio Andaluc\u00eda de Dise\u00f1o.<\/p>\n","protected":false},"excerpt":{"rendered":"<p><span style=\"color: #ff0000;\"><span style=\"color: #000000;\">Autor:<\/span> Santiago Miranda<\/span><\/p>\n<p>El primer libro del dise\u00f1ador <strong>Santiago Miranda\u00a0<\/strong>(King &amp; Miranda Design). La obra est\u00e1 enmarcada en <strong><i>Alter Ego<\/i><\/strong>, la colecci\u00f3n que <strong>Experimenta<\/strong> Libros ha creado para difundir la vertiente m\u00e1s art\u00edstica de dise\u00f1adores consagrados. Concebida como un cuento ilustrado para adultos, el volumen se divide en ocho cap\u00edtulos representados por las letras que componen la palabra \u201cfloreros\u201d.<br \/>\nEsta versi\u00f3n reducida de la obra de Miranda\u00a0incluye un ensayo de Kosme de Bara\u00f1ano, reconocido historiador, cr\u00edtico y profesor de Arte.<\/p>\n<p>\u00b7 ISBN: 978-84-939383-7-6<br \/>\n\u00b7 Medidas: 16,5 x 19 x 2 cm<br \/>\n\u00b7 P\u00e1ginas: 212<br \/>\n\u00b7 Impresi\u00f3n interior: color<\/p>\n","protected":false},"featured_media":55694,"comment_status":"open","ping_status":"closed","template":"","meta":[],"product_cat":[9897,9980,9892,7313],"product_tag":[9954,9908,9873,9764,9591,9641,9707,9765],"jetpack_sharing_enabled":true,"_links":{"self":[{"href":"https:\/\/www.experimenta.es\/tienda\/wp-json\/wp\/v2\/product\/47467"}],"collection":[{"href":"https:\/\/www.experimenta.es\/tienda\/wp-json\/wp\/v2\/product"}],"about":[{"href":"https:\/\/www.experimenta.es\/tienda\/wp-json\/wp\/v2\/types\/product"}],"replies":[{"embeddable":true,"href":"https:\/\/www.experimenta.es\/tienda\/wp-json\/wp\/v2\/comments?post=47467"}],"wp:featuredmedia":[{"embeddable":true,"href":"https:\/\/www.experimenta.es\/tienda\/wp-json\/wp\/v2\/media\/55694"}],"wp:attachment":[{"href":"https:\/\/www.experimenta.es\/tienda\/wp-json\/wp\/v2\/media?parent=47467"}],"wp:term":[{"taxonomy":"product_cat","embeddable":true,"href":"https:\/\/www.experimenta.es\/tienda\/wp-json\/wp\/v2\/product_cat?post=47467"},{"taxonomy":"product_tag","embeddable":true,"href":"https:\/\/www.experimenta.es\/tienda\/wp-json\/wp\/v2\/product_tag?post=47467"}],"curies":[{"name":"wp","href":"https:\/\/api.w.org\/{rel}","templated":true}]}}