{"id":55790,"date":"2019-08-07T11:32:16","date_gmt":"2019-08-07T09:32:16","guid":{"rendered":"https:\/\/dev.experimenta.es\/tienda\/?post_type=product&#038;p=55790"},"modified":"2024-11-21T18:27:58","modified_gmt":"2024-11-21T17:27:58","slug":"experimenta-82","status":"publish","type":"product","link":"https:\/\/www.experimenta.es\/tienda\/producto\/experimenta-82\/","title":{"rendered":"Revista Experimenta 82"},"content":{"rendered":"<p>Las denominadas \u00abindustrias creativas\u00bb poco a poco van consolidando su posici\u00f3n en el desarrollo de la econom\u00eda global realizando un aporte significativo al PIB de cada pa\u00eds y regi\u00f3n. <strong>Un modelo econ\u00f3mico cuyo centro son las ideas y que involucra a diferentes disciplinas que forman parte de la industria cultural y del conocimiento.<\/strong><\/p>\n<p>El dise\u00f1o es desde sus inicios, a trav\u00e9s de todas sus manifestaciones, una disciplina \u00edntimamente asociada <strong>a la mejora de la calidad de vida de las personas y un activo componente del crecimiento industrial y econ\u00f3mico, con un rol protag\u00f3nico dentro del contexto de las industrias creativas.<\/strong> Para dimensionar su aporte basta un ejemplo: en los informes anuales del Design Council se establece que estas industria suman a la econom\u00eda del Reino Unido m\u00e1s de <strong>8 millones<\/strong> de libras&#8230; por hora. Pero tal vez lo m\u00e1s impactante es que el <strong>40% de ese aporte est\u00e1 directamente relacionado con el dise\u00f1o<\/strong>.<\/p>\n<p>El informe presentado en 2019 por la ADCV-Asociaci\u00f3n de Dise\u00f1adores de la Comunitat Valenciana evidencia que <strong>el sector del dise\u00f1o tiene un peso notable en la econom\u00eda de la regi\u00f3n.<\/strong><\/p>\n<p>Adem\u00e1s, como expresa Guy Julier en di\u00e1logo con Eugenio Vega, en su relaci\u00f3n con la econom\u00eda, el dise\u00f1o hace dos cosas: en primer lugar, <strong>agrega valor<\/strong> a los productos, a las comunicaciones o a los entornos, para que los productos y los servicios sean m\u00e1s deseables o eficientes, o ambas cosas a la vez. Y en segundo lugar, cuando <strong>designa cosas que tendr\u00e1n valor en el futuro, desempe\u00f1ando un papel semi\u00f3tico en la medida que proporciona a lo dise\u00f1ado nuevos significados.<\/strong><\/p>\n<p>A lo largo de sus 138 p\u00e1ginas, los lectores podr\u00e1n disfrutar de proyectos notables, entrevistas exclusivas, reportajes, rese\u00f1as\u2026 todo cuidadosamente maquetado para optimizar el disfrute de un volumen que se antoja un \u00edtem imprescindible en la biblioteca de todo verdadero amante del dise\u00f1o.<\/p>\n<p><strong>\u00a1Bienvenidos a Experimenta 82!<\/strong><\/p>\n<h3>Econom\u00eda y Dise\u00f1o. La econom\u00eda creativa como fuente de valor<\/h3>\n<p>Esta edici\u00f3n arranca con un homenaje a<strong> Ieoh Ming Pei<\/strong>, el arquitecto que dise\u00f1\u00f3 la pir\u00e1mide del Louvre. Repasamos los trabajos que recibieron las <strong>Menciones Experimenta<\/strong>, un reconociendo que, por segundo a\u00f1o consecutivo, son entregados en el marco de <strong>Producto Fresco<\/strong>. Mantenemos una potente charla con el <strong>Premio Nacional de Dise\u00f1o, Manuel Estrada<\/strong>, donde no se deja tema sin tocar. Incluimos una amplia rese\u00f1a del proyecto m\u00e1s personal de <strong>Eugenio Recuenco<\/strong>. <strong>Conversamos con ex director creativo del Ayuntamiento de Madrid,<\/strong> sobre pol\u00edtica, sociedad, y por supuesto, sobre dise\u00f1o. Ya hacia el ecuador de la revista ofrecemos un reportaje ameno sobre <strong>Marc Newson<\/strong>, probablemente, el dise\u00f1ador industrial vivo m\u00e1s importante de la actualidad.<br \/>\nEn <strong><em>Zum<\/em><\/strong>, la secci\u00f3n en la que se aborda una tem\u00e1tica del dise\u00f1o de forma transversal, se la dedicamos al <strong><em>crowdfunding<\/em><\/strong>. Rese\u00f1amos \u00a0ocho proyectos que, desde desde diferentes \u00e1mbitos del universo creativo, se han valido del micromecenazgo para cobrar vida.<\/p>\n<p>Como siempre, la secci\u00f3n central, es un capitulo aparte. Titulada, <em><strong>Econom\u00eda y Dise\u00f1o. La econom\u00eda creativa como fuente de valor<\/strong><\/em>, este <em>dossier<\/em> est\u00e1 dedicado a la compleja relaci\u00f3n entre dos de los pilares fundamentales en el desarrollo saludable de cualquier sociedad. Las claves de su crecimiento, su estado actual, su futuro\u2026 16 p\u00e1ginas de an\u00e1lisis y reflexi\u00f3n que cierran con una extensa <strong>entrevista al catedr\u00e1tico, escritor y pensador brit\u00e1nico Guy Julier<\/strong>.<br \/>\nEl n\u00famero se completa con una selecci\u00f3n cuidada de los mejores proyectos que vieron la luz recientemente. Dise\u00f1o Industrial, Gr\u00e1fico, Social, Editorial\u2026 ademas de ilustraci\u00f3n, fotograf\u00eda, rese\u00f1a de libros\u2026 Un n\u00famero potente y amplio en todo el sentido de la palabra.<\/p>\n","protected":false},"excerpt":{"rendered":"<p>Las denominadas \u00abindustrias creativas\u00bb poco a poco van consolidando su posici\u00f3n en el desarrollo de la econom\u00eda global realizando un aporte significativo al PIB de cada pa\u00eds y regi\u00f3n. Un modelo econ\u00f3mico cuyo centro son las ideas y que involucra a diferentes disciplinas que forman parte de la industria cultural y del conocimiento.<\/p>\n<p>El dise\u00f1o es desde sus inicios, a trav\u00e9s de todas sus manifestaciones, una disciplina \u00edntimamente asociada a la mejora de la calidad de vida de las personas y un activo componente del crecimiento industrial y econ\u00f3mico, con un rol protag\u00f3nico dentro del contexto de las industrias creativas.<\/p>\n<div class=\"page\" title=\"Page 4\">\n<div class=\"layoutArea\">\n<div class=\"column\">\n<p>\u00b7 Edici\u00f3n: Verano 2019<br \/>\n\u00b7 ISBN: 978-84-949296-5-6<br \/>\n\u00b7 Medidas: 23 x 26,5 x 1,5 cm<br \/>\n\u00b7 P\u00e1ginas: 136<\/p>\n<\/div>\n<\/div>\n<\/div>\n","protected":false},"featured_media":55791,"comment_status":"open","ping_status":"closed","template":"","meta":[],"product_cat":[7311],"product_tag":[9713,9707,9708,9714],"jetpack_sharing_enabled":true,"_links":{"self":[{"href":"https:\/\/www.experimenta.es\/tienda\/wp-json\/wp\/v2\/product\/55790"}],"collection":[{"href":"https:\/\/www.experimenta.es\/tienda\/wp-json\/wp\/v2\/product"}],"about":[{"href":"https:\/\/www.experimenta.es\/tienda\/wp-json\/wp\/v2\/types\/product"}],"replies":[{"embeddable":true,"href":"https:\/\/www.experimenta.es\/tienda\/wp-json\/wp\/v2\/comments?post=55790"}],"wp:featuredmedia":[{"embeddable":true,"href":"https:\/\/www.experimenta.es\/tienda\/wp-json\/wp\/v2\/media\/55791"}],"wp:attachment":[{"href":"https:\/\/www.experimenta.es\/tienda\/wp-json\/wp\/v2\/media?parent=55790"}],"wp:term":[{"taxonomy":"product_cat","embeddable":true,"href":"https:\/\/www.experimenta.es\/tienda\/wp-json\/wp\/v2\/product_cat?post=55790"},{"taxonomy":"product_tag","embeddable":true,"href":"https:\/\/www.experimenta.es\/tienda\/wp-json\/wp\/v2\/product_tag?post=55790"}],"curies":[{"name":"wp","href":"https:\/\/api.w.org\/{rel}","templated":true}]}}

<p>Las denominadas «industrias creativas» poco a poco van consolidando su posición en el desarrollo de la economía global realizando un aporte significativo al PIB de cada país y región. <strong>Un modelo económico cuyo centro son las ideas y que involucra a diferentes disciplinas que forman parte de la industria cultural y del conocimiento.</strong></p>
<p>El diseño es desde sus inicios, a través de todas sus manifestaciones, una disciplina íntimamente asociada <strong>a la mejora de la calidad de vida de las personas y un activo componente del crecimiento industrial y económico, con un rol protagónico dentro del contexto de las industrias creativas.</strong> Para dimensionar su aporte basta un ejemplo: en los informes anuales del Design Council se establece que estas industria suman a la economía del Reino Unido más de <strong>8 millones</strong> de libras&#8230; por hora. Pero tal vez lo más impactante es que el <strong>40% de ese aporte está directamente relacionado con el diseño</strong>.</p>
<p>El informe presentado en 2019 por la ADCV-Asociación de Diseñadores de la Comunitat Valenciana evidencia que <strong>el sector del diseño tiene un peso notable en la economía de la región.</strong></p>
<p>Además, como expresa Guy Julier en diálogo con Eugenio Vega, en su relación con la economía, el diseño hace dos cosas: en primer lugar, <strong>agrega valor</strong> a los productos, a las comunicaciones o a los entornos, para que los productos y los servicios sean más deseables o eficientes, o ambas cosas a la vez. Y en segundo lugar, cuando <strong>designa cosas que tendrán valor en el futuro, desempeñando un papel semiótico en la medida que proporciona a lo diseñado nuevos significados.</strong></p>
<p>A lo largo de sus 138 páginas, los lectores podrán disfrutar de proyectos notables, entrevistas exclusivas, reportajes, reseñas… todo cuidadosamente maquetado para optimizar el disfrute de un volumen que se antoja un ítem imprescindible en la biblioteca de todo verdadero amante del diseño.</p>
<p><strong>¡Bienvenidos a Experimenta 82!</strong></p>
<h3>Economía y Diseño. La economía creativa como fuente de valor</h3>
<p>Esta edición arranca con un homenaje a<strong> Ieoh Ming Pei</strong>, el arquitecto que diseñó la pirámide del Louvre. Repasamos los trabajos que recibieron las <strong>Menciones Experimenta</strong>, un reconociendo que, por segundo año consecutivo, son entregados en el marco de <strong>Producto Fresco</strong>. Mantenemos una potente charla con el <strong>Premio Nacional de Diseño, Manuel Estrada</strong>, donde no se deja tema sin tocar. Incluimos una amplia reseña del proyecto más personal de <strong>Eugenio Recuenco</strong>. <strong>Conversamos con ex director creativo del Ayuntamiento de Madrid,</strong> sobre política, sociedad, y por supuesto, sobre diseño. Ya hacia el ecuador de la revista ofrecemos un reportaje ameno sobre <strong>Marc Newson</strong>, probablemente, el diseñador industrial vivo más importante de la actualidad.<br />
En <strong><em>Zum</em></strong>, la sección en la que se aborda una temática del diseño de forma transversal, se la dedicamos al <strong><em>crowdfunding</em></strong>. Reseñamos  ocho proyectos que, desde desde diferentes ámbitos del universo creativo, se han valido del micromecenazgo para cobrar vida.</p>
<p>Como siempre, la sección central, es un capitulo aparte. Titulada, <em><strong>Economía y Diseño. La economía creativa como fuente de valor</strong></em>, este <em>dossier</em> está dedicado a la compleja relación entre dos de los pilares fundamentales en el desarrollo saludable de cualquier sociedad. Las claves de su crecimiento, su estado actual, su futuro… 16 páginas de análisis y reflexión que cierran con una extensa <strong>entrevista al catedrático, escritor y pensador británico Guy Julier</strong>.<br />
El número se completa con una selección cuidada de los mejores proyectos que vieron la luz recientemente. Diseño Industrial, Gráfico, Social, Editorial… ademas de ilustración, fotografía, reseña de libros… Un número potente y amplio en todo el sentido de la palabra.</p>

<p>Las denominadas «industrias creativas» poco a poco van consolidando su posición en el desarrollo de la economía global realizando un aporte significativo al PIB de cada país y región. Un modelo económico cuyo centro son las ideas y que involucra a diferentes disciplinas que forman parte de la industria cultural y del conocimiento.</p>
<p>El diseño es desde sus inicios, a través de todas sus manifestaciones, una disciplina íntimamente asociada a la mejora de la calidad de vida de las personas y un activo componente del crecimiento industrial y económico, con un rol protagónico dentro del contexto de las industrias creativas.</p>
<div class="page" title="Page 4">
<div class="layoutArea">
<div class="column">
<p>· Edición: Verano 2019<br />
· ISBN: 978-84-949296-5-6<br />
· Medidas: 23 x 26,5 x 1,5 cm<br />
· Páginas: 136</p>
</div>
</div>
</div>
