{"id":56017,"date":"2019-09-02T18:31:11","date_gmt":"2019-09-02T16:31:11","guid":{"rendered":"https:\/\/dev.experimenta.es\/tienda\/?post_type=product&#038;p=56017"},"modified":"2023-10-02T12:38:13","modified_gmt":"2023-10-02T10:38:13","slug":"experimenta-82-copia","status":"publish","type":"product","link":"https:\/\/www.experimenta.es\/tienda\/producto\/experimenta-82-copia\/","title":{"rendered":"Revista Experimenta Edici\u00f3n Especial H\u00e1bitat 2018 &#8211; Digital Descargable"},"content":{"rendered":"<p>Con motivo de la edici\u00f3n 2018 de la Feria Internacional del Mueble e Iluminaci\u00f3n de Valencia, <strong>Experimenta<\/strong> edit\u00f3 un n\u00famero especial dedicado \u00edntegramente al sector del h\u00e1bitat. Este\u00a0n\u00famero especial fue entregado a los asistentes de la feria de manera gratuita.<\/p>\n","protected":false},"excerpt":{"rendered":"<p>Un n\u00famero especial dedicado \u00edntegramente al sector del h\u00e1bitat que editamos en el marco de la Feria H\u00e1bitat Valencia 2018. 82 p\u00e1ginas pobladas de los mejores proyectos a nivel nacional e internacional de este \u00e1mbito. Editado en dos idiomas (castellano e ingl\u00e9s), el volumen se estructur\u00f3 a partir de entrevistas exclusivas a <strong>Daniel Marco<\/strong>, director de la feria; a la famosa dise\u00f1adora textil, <strong>Nani Marquina;<\/strong> y los mejores trabajos de verdaderos exponentes del dise\u00f1o actual como <strong>Santiago Sevillano,\u00a0Mart\u00edn Azua,\u00a0Fransje Gimbr\u00e8re,\u00a0Cenlitrosmetrocadrado,\u00a0Antoni Arola<\/strong>, entre muchos otros.<\/p>\n<p>Puedes descargarlo de manera gratuita.<\/p>\n","protected":false},"featured_media":56018,"comment_status":"open","ping_status":"closed","template":"","meta":[],"product_cat":[7311],"product_tag":[9713,9638,9708,9714],"jetpack_sharing_enabled":true,"_links":{"self":[{"href":"https:\/\/www.experimenta.es\/tienda\/wp-json\/wp\/v2\/product\/56017"}],"collection":[{"href":"https:\/\/www.experimenta.es\/tienda\/wp-json\/wp\/v2\/product"}],"about":[{"href":"https:\/\/www.experimenta.es\/tienda\/wp-json\/wp\/v2\/types\/product"}],"replies":[{"embeddable":true,"href":"https:\/\/www.experimenta.es\/tienda\/wp-json\/wp\/v2\/comments?post=56017"}],"wp:featuredmedia":[{"embeddable":true,"href":"https:\/\/www.experimenta.es\/tienda\/wp-json\/wp\/v2\/media\/56018"}],"wp:attachment":[{"href":"https:\/\/www.experimenta.es\/tienda\/wp-json\/wp\/v2\/media?parent=56017"}],"wp:term":[{"taxonomy":"product_cat","embeddable":true,"href":"https:\/\/www.experimenta.es\/tienda\/wp-json\/wp\/v2\/product_cat?post=56017"},{"taxonomy":"product_tag","embeddable":true,"href":"https:\/\/www.experimenta.es\/tienda\/wp-json\/wp\/v2\/product_tag?post=56017"}],"curies":[{"name":"wp","href":"https:\/\/api.w.org\/{rel}","templated":true}]}}