{"id":56041,"date":"2019-09-19T12:42:01","date_gmt":"2019-09-19T10:42:01","guid":{"rendered":"https:\/\/dev.experimenta.es\/tienda\/?post_type=product&#038;p=56041"},"modified":"2024-02-12T11:50:37","modified_gmt":"2024-02-12T10:50:37","slug":"disenar-para-los-ojos","status":"publish","type":"product","link":"https:\/\/www.experimenta.es\/tienda\/producto\/disenar-para-los-ojos\/","title":{"rendered":"Dise\u00f1ar para los ojos"},"content":{"rendered":"<p>Al recorrer los caminos de este estimulante viaje, el lector atravesar\u00e1 las rutas que le llevan a conocer las estrategias de la mirada, y avanzar\u00e1 entre agudas y documentadas observaciones, siempre originales. Recorrer\u00e1 los variados cap\u00edtulos sobre investigaciones en percepci\u00f3n de la Imagen y en Legibilidad textual; Semi\u00f3tica gr\u00e1f\u00edca; manejo expresivo del Color; Identidad corporativa; Se\u00f1al\u00e9tica; dise\u00f1o de Informaci\u00f3n; Lenguajes gr\u00e1ficos; Esquem\u00e1tica; Marcas; e-Design e infograf\u00eda; e incluso el dise\u00f1o de la vida cotidiana en la experiencia no s\u00f3lo visual, sino multisensorial y multicultural.<span class=\"Apple-converted-space\">\u00a0<\/span><\/p>\n<p>Nada que ver con los planteamientos al uso y los largos discursos, a menudo grandilocuentes pero confusos, que tantas veces disimulan la falta de ideas.<br \/>\n\u201cLa claridad es un valor en s\u00ed misma\u201d (Popper), es una divisa que el autor de esta obra ha hecho suya, y una constante que acompa\u00f1a su trayectoria intelectual y su larga actividad profesional y did\u00e1ctica.<span class=\"Apple-converted-space\">\u00a0<\/span><\/p>\n<p>&nbsp;<\/p>\n<p><em>\u201cUno de los aportes m\u00e1s originales y menos conocido de Joan\u00a0Costa es su Tratado de la Fascinaci\u00f3n visual, un\u00a0fen\u00f3meno psicol\u00f3gico que consiste en \u201cla\u00a0captura que la imagen efect\u00faa del ojo del\u00a0espectador\u201d, y que es m\u00e1s potente que el\u00a0impacto y la pregnancia\u201d.<\/em><br \/>\n<strong>Luc Janizewski.<\/strong> Profesor del INSEP de Par\u00eds.<\/p>\n<p>&nbsp;<\/p>\n<p><span class=\"Apple-converted-space\"> SOBRE EL AUTOR<br \/>\n<strong>Joan Costa<\/strong> es autodidacta y se define como librepensador y francotirador. Es dise\u00f1ador, soci\u00f3logo, comunic\u00f3logo y metod\u00f3logo. A finales de los \u201960 crea la primera Consultora en Imagen y Comunicaci\u00f3n e inicia sus colaboraciones con empresas y universidades de Europa y Am\u00e9rica. En los a\u00f1os \u201980 crea y dirige la primera Enciclopedia del Dise\u00f1o, con 12 vol\u00famenes, entre ellos Se\u00f1al\u00e9tica e Imagen Global que aportan conceptos, teor\u00eda y metodolog\u00eda y se afirman como disciplinas de dise\u00f1o. En 1999 publica en M\u00e9xico el Manifiesto por el Dise\u00f1o del siglo XXI, un a\u00f1o antes del c\u00e9lebre First Things First Manifesto 2000. Sus aportes pioneros en Esquem\u00e1tica, la ciencia de los esquemas (1998) y Esquematismo (2019) son las obras de referencia en esta nueva disciplina. Su actual trabajo en Cientigraf\u00eda integra la imaginer\u00eda cient\u00edfica en una categor\u00eda espec\u00edfica de la comunicaci\u00f3n visual. Costa ha dado contenido pragm\u00e1tico-cient\u00edfico y modelos de gesti\u00f3n a la disciplina de Direcci\u00f3n de Comunicaci\u00f3n, DirCom. Es autor de 50 libros sobre Imagen, Comunicaci\u00f3n, Dise\u00f1o e Innovaci\u00f3n. Doctor Honoris causa en Espa\u00f1a, Argentina y Per\u00fa. Actualmente centra su actividad en los cursos, investigaciones y publicaciones desde Joan Costa Institute.<\/span><\/p>\n","protected":false},"excerpt":{"rendered":"<p><span style=\"color: #ff0000;\"><span style=\"color: #000000;\">Autor:<\/span> Joan Costa<\/span><\/p>\n<p><b>Dise\u00f1ar para los ojos <\/b>es un libro m\u00faltiple. Abarca diferentes enfoques sobre la filosof\u00eda, la \u00e9tica y la pr\u00e1ctica del dise\u00f1o gr\u00e1fico desde una concepci\u00f3n creativa, abierta y nada tradicional. Y desmitifica al mismo tiempo falsas creencias pero muy arraigadas, que distorsionan la recta sencillez de las buenas ideas.<span class=\"Apple-converted-space\">\u00a0<\/span><\/p>\n<p>&nbsp;<\/p>\n<p>\u00b7 ISBN: 978-84-611-8137-7<br \/>\n\u00b7 Medidas: 17 x 24 cm<br \/>\n\u00b7 P\u00e1ginas: 176<br \/>\n\u00b7 Encuadernaci\u00f3n: R\u00fastica<br \/>\n\u00b7 Impresi\u00f3n interior: color con im\u00e1genes color y ByN<\/p>\n","protected":false},"featured_media":56042,"comment_status":"open","ping_status":"closed","template":"","meta":[],"product_cat":[9892,7313],"product_tag":[9730,9642,9641],"jetpack_sharing_enabled":true,"_links":{"self":[{"href":"https:\/\/www.experimenta.es\/tienda\/wp-json\/wp\/v2\/product\/56041"}],"collection":[{"href":"https:\/\/www.experimenta.es\/tienda\/wp-json\/wp\/v2\/product"}],"about":[{"href":"https:\/\/www.experimenta.es\/tienda\/wp-json\/wp\/v2\/types\/product"}],"replies":[{"embeddable":true,"href":"https:\/\/www.experimenta.es\/tienda\/wp-json\/wp\/v2\/comments?post=56041"}],"wp:featuredmedia":[{"embeddable":true,"href":"https:\/\/www.experimenta.es\/tienda\/wp-json\/wp\/v2\/media\/56042"}],"wp:attachment":[{"href":"https:\/\/www.experimenta.es\/tienda\/wp-json\/wp\/v2\/media?parent=56041"}],"wp:term":[{"taxonomy":"product_cat","embeddable":true,"href":"https:\/\/www.experimenta.es\/tienda\/wp-json\/wp\/v2\/product_cat?post=56041"},{"taxonomy":"product_tag","embeddable":true,"href":"https:\/\/www.experimenta.es\/tienda\/wp-json\/wp\/v2\/product_tag?post=56041"}],"curies":[{"name":"wp","href":"https:\/\/api.w.org\/{rel}","templated":true}]}}

Diseñar para los ojos

<p>Al recorrer los caminos de este estimulante viaje, el lector atravesará las rutas que le llevan a conocer las estrategias de la mirada, y avanzará entre agudas y documentadas observaciones, siempre originales. Recorrerá los variados capítulos sobre investigaciones en percepción de la Imagen y en Legibilidad textual; Semiótica gráfíca; manejo expresivo del Color; Identidad corporativa; Señalética; diseño de Información; Lenguajes gráficos; Esquemática; Marcas; e-Design e infografía; e incluso el diseño de la vida cotidiana en la experiencia no sólo visual, sino multisensorial y multicultural.<span class="Apple-converted-space"> </span></p>
<p>Nada que ver con los planteamientos al uso y los largos discursos, a menudo grandilocuentes pero confusos, que tantas veces disimulan la falta de ideas.<br />
“La claridad es un valor en sí misma” (Popper), es una divisa que el autor de esta obra ha hecho suya, y una constante que acompaña su trayectoria intelectual y su larga actividad profesional y didáctica.<span class="Apple-converted-space"> </span></p>
<p>&nbsp;</p>
<p><em>“Uno de los aportes más originales y menos conocido de Joan Costa es su Tratado de la Fascinación visual, un fenómeno psicológico que consiste en “la captura que la imagen efectúa del ojo del espectador”, y que es más potente que el impacto y la pregnancia”.</em><br />
<strong>Luc Janizewski.</strong> Profesor del INSEP de París.</p>
<p>&nbsp;</p>
<p><span class="Apple-converted-space"> SOBRE EL AUTOR<br />
<strong>Joan Costa</strong> es autodidacta y se define como librepensador y francotirador. Es diseñador, sociólogo, comunicólogo y metodólogo. A finales de los ’60 crea la primera Consultora en Imagen y Comunicación e inicia sus colaboraciones con empresas y universidades de Europa y América. En los años ’80 crea y dirige la primera Enciclopedia del Diseño, con 12 volúmenes, entre ellos Señalética e Imagen Global que aportan conceptos, teoría y metodología y se afirman como disciplinas de diseño. En 1999 publica en México el Manifiesto por el Diseño del siglo XXI, un año antes del célebre First Things First Manifesto 2000. Sus aportes pioneros en Esquemática, la ciencia de los esquemas (1998) y Esquematismo (2019) son las obras de referencia en esta nueva disciplina. Su actual trabajo en Cientigrafía integra la imaginería científica en una categoría específica de la comunicación visual. Costa ha dado contenido pragmático-científico y modelos de gestión a la disciplina de Dirección de Comunicación, DirCom. Es autor de 50 libros sobre Imagen, Comunicación, Diseño e Innovación. Doctor Honoris causa en España, Argentina y Perú. Actualmente centra su actividad en los cursos, investigaciones y publicaciones desde Joan Costa Institute.</span></p>

<p><span style="color: #ff0000;"><span style="color: #000000;">Autor:</span> Joan Costa</span></p>
<p><b>Diseñar para los ojos </b>es un libro múltiple. Abarca diferentes enfoques sobre la filosofía, la ética y la práctica del diseño gráfico desde una concepción creativa, abierta y nada tradicional. Y desmitifica al mismo tiempo falsas creencias pero muy arraigadas, que distorsionan la recta sencillez de las buenas ideas.<span class="Apple-converted-space"> </span></p>
<p>&nbsp;</p>
<p>· ISBN: 978-84-611-8137-7<br />
· Medidas: 17 x 24 cm<br />
· Páginas: 176<br />
· Encuadernación: Rústica<br />
· Impresión interior: color con imágenes color y ByN</p>
