{"id":56137,"date":"2019-10-01T22:00:26","date_gmt":"2019-10-01T20:00:26","guid":{"rendered":"https:\/\/www.experimenta.es\/tienda\/?post_type=product&#038;p=56137"},"modified":"2023-10-02T12:38:15","modified_gmt":"2023-10-02T10:38:15","slug":"revista-experimenta-edicion-especial-habitat-2019-digital-descargable","status":"publish","type":"product","link":"https:\/\/www.experimenta.es\/tienda\/producto\/revista-experimenta-edicion-especial-habitat-2019-digital-descargable\/","title":{"rendered":"Revista Experimenta Edici\u00f3n Especial H\u00e1bitat 2019 &#8211; Digital Descargable"},"content":{"rendered":"<p>Con motivo de la edici\u00f3n 2019 de la Feria Internacional del Mueble e Iluminaci\u00f3n de Valencia, <strong>Experimenta<\/strong> edit\u00f3 un n\u00famero especial dedicado \u00edntegramente al sector del h\u00e1bitat. Este\u00a0n\u00famero especial fue entregado a los asistentes de la feria de manera gratuita.<\/p>\n","protected":false},"excerpt":{"rendered":"<p>Una selecci\u00f3n de los mejores proyectos desarrollados recientemente por\u00a0dise\u00f1adores y estudios, nacionales e internacionales, que representan el estado actual y futuro de este sector.<\/p>\n<p>La portada de esta edici\u00f3n especial <strong>Experimenta H\u00e1bitat<\/strong> es un homenaje al ic\u00f3nico <strong>sill\u00f3n <em>HIC<\/em><\/strong>, creado por el dise\u00f1ador valenciano <strong>Ximo Roca<\/strong> quien es sin duda un referente directo de\u00a0una de las generaciones que transformaron el dise\u00f1o espa\u00f1ol para siempre.<\/p>\n<p>Puedes descargarlo de manera gratuita.<\/p>\n","protected":false},"featured_media":56150,"comment_status":"open","ping_status":"closed","template":"","meta":[],"product_cat":[7311],"product_tag":[9713,9638,9708,9714],"jetpack_sharing_enabled":true,"_links":{"self":[{"href":"https:\/\/www.experimenta.es\/tienda\/wp-json\/wp\/v2\/product\/56137"}],"collection":[{"href":"https:\/\/www.experimenta.es\/tienda\/wp-json\/wp\/v2\/product"}],"about":[{"href":"https:\/\/www.experimenta.es\/tienda\/wp-json\/wp\/v2\/types\/product"}],"replies":[{"embeddable":true,"href":"https:\/\/www.experimenta.es\/tienda\/wp-json\/wp\/v2\/comments?post=56137"}],"wp:featuredmedia":[{"embeddable":true,"href":"https:\/\/www.experimenta.es\/tienda\/wp-json\/wp\/v2\/media\/56150"}],"wp:attachment":[{"href":"https:\/\/www.experimenta.es\/tienda\/wp-json\/wp\/v2\/media?parent=56137"}],"wp:term":[{"taxonomy":"product_cat","embeddable":true,"href":"https:\/\/www.experimenta.es\/tienda\/wp-json\/wp\/v2\/product_cat?post=56137"},{"taxonomy":"product_tag","embeddable":true,"href":"https:\/\/www.experimenta.es\/tienda\/wp-json\/wp\/v2\/product_tag?post=56137"}],"curies":[{"name":"wp","href":"https:\/\/api.w.org\/{rel}","templated":true}]}}