{"id":56414,"date":"2019-11-04T17:34:23","date_gmt":"2019-11-04T16:34:23","guid":{"rendered":"https:\/\/www.experimenta.es\/tienda\/?post_type=product&#038;p=56414"},"modified":"2024-03-08T19:49:46","modified_gmt":"2024-03-08T18:49:46","slug":"estrategia-y-diseno-dialogo-entre-empresas-y-disenadores","status":"publish","type":"product","link":"https:\/\/www.experimenta.es\/tienda\/producto\/estrategia-y-diseno-dialogo-entre-empresas-y-disenadores\/","title":{"rendered":"Estrategias y Dise\u00f1o. Di\u00e1logo entre empresas y dise\u00f1adores"},"content":{"rendered":"<p>El libro re\u00fane cuatro tipos de textos diferentes que se\u00a0engarzan para formar la plataforma por la que discurre la\u00a0conversaci\u00f3n.\u00a0Los primeros son una serie de veinte casos\u00a0internacionales gestionados por Memelsdorff durante su\u00a0estancia en Europa. Cada uno, en su singularidad muestra\u00a0un modo de abordaje diferente, desde las soluciones\u00a0\u2018m\u00e1gicas\u2019 hasta las intervenciones laboriosamente\u00a0planificadas a largo plazo.<\/p>\n<p>Rengl\u00f3n aparte merecen las cartas con los que se abre y\u00a0cierra el libro. Son cuatro, dirigidas a dise\u00f1adores y\u00a0empresarios. Con una estructura paralela y sin embargo\u00a0convergente, delinean un modo de lectura, en la que\u00a0ambos grupos pueden ver las virtudes y defectos del otro.<\/p>\n<p>La suma de los textos es una clase de gesti\u00f3n con\u00a0exhibici\u00f3n de metodolog\u00edas y recursos que, en palabras de\u00a0<strong>Memelsdorff<\/strong>, <em>\u2018estimulan la imaginaci\u00f3n y aportan maneras\u00a0de pensar, investigar, analizar y pensar\u2019<\/em> y que <strong>convierten\u00a0a Estrategias y Dise\u00f1o en uno de los mejores libros de\u00a0gesti\u00f3n que se hayan escrito.<\/strong><\/p>\n<p>&nbsp;<\/p>\n<p><span class=\"Apple-converted-space\">SOBRE EL AUTOR<br \/>\n<\/span><strong>Frank Memelsdorff<\/strong> es ingeniero industrial y master\u00a0en el top management seminar de INSEAD\u00a0Fontainebleau \/ Euroforum.<br \/>\nCofundador, en 1961, del Centro de Investigaci\u00f3n del\u00a0Dise\u00f1o Industrial, del INTI (Instituto Nacional de\u00a0Tecnolog\u00eda Industrial).\u00a0En 1979 crea, en Barcelona, Rolando, Memelsdor\u00a0S.A. y Memelsdor Ib\u00e9rica como think-tank de R&amp;M.<br \/>\nEn 1985 se establece en Madrid como consultor en\u00a0gesti\u00f3n del dise\u00f1o.\u00a0Su experiencia abarca casi todos los sectores de la\u00a0actividad privada y gubernamental: bienes durables,\u00a0consumo masivo, instituciones p\u00fablicas, finanzas,\u00a0ocio y cultura y servicios.<br \/>\nEntre 1984 y 2007 public\u00f3, como autor y coautor:\u00a0\u201cETSAM 08\u201d, Redise\u00f1ar para un mundo en cambio,\u00a0Identidad corporativa como factor de competitividad,\u00a0Packaging y exportaci\u00f3n, Dise\u00f1o e imagen\u00a0corporativa en las instituciones p\u00fablicas, Dise\u00f1o:\u00a0imagen &amp; empresa \/ Design: business &amp; image.<br \/>\nEs socio benefactor del Centro de dise\u00f1o industrial\u00a0del INTI, consultor ad honorem en el CMD Centro\u00a0metropolitano de dise\u00f1o de Buenos Aires y miembro\u00a0asesor de la Bienal de Dise\u00f1o Iberoamericano\u00a0(Madrid e itinerancias en Latinoam\u00e9rica)..<\/p>\n","protected":false},"excerpt":{"rendered":"<p><span style=\"color: #ff0000;\"><span style=\"color: #000000;\">Autor:<\/span> Frank Memelsdorff<\/span><\/p>\n<p>En <strong>Estrategias y dise\u00f1o<\/strong>, animado por la intenci\u00f3n de\u00a0alimentar el di\u00e1logo entre dise\u00f1adores y empresarios,\u00a0<strong>Frank Memelsdorff<\/strong> da clases de gesti\u00f3n de dise\u00f1o.<\/p>\n<p>El libro re\u00fane cuatro tipos de textos diferentes que se\u00a0engarzan para formar la plataforma por la que discurre la\u00a0conversaci\u00f3n. Con un estilo hecho con frases cortas y precisas, el autor\u00a0crea la escena en la que, entre veleros, veletas, Pymes y\u00a0camisetas, se <strong>desarrolla el di\u00e1logo entre clientes y\u00a0dise\u00f1adores<\/strong>, que en realidad es la puesta en acto de una\u00a0relaci\u00f3n de la que mucho se habla y poco se sabe.<\/p>\n<p>\u00b7 ISBN: 978-84-18049-07-1<br \/>\n\u00b7 Medidas: 15 x 21 cm<br \/>\n\u00b7 P\u00e1ginas: 128<br \/>\n\u00b7 Impresi\u00f3n interior: B\/N<br \/>\n\u00b7 Coedici\u00f3n Experimenta Libros \/ Wolkowicz Editores<\/p>\n","protected":false},"featured_media":56412,"comment_status":"open","ping_status":"closed","template":"","meta":[],"product_cat":[9892,9896,7313],"product_tag":[9730,9764,9642,9766,9641,9770],"jetpack_sharing_enabled":true,"_links":{"self":[{"href":"https:\/\/www.experimenta.es\/tienda\/wp-json\/wp\/v2\/product\/56414"}],"collection":[{"href":"https:\/\/www.experimenta.es\/tienda\/wp-json\/wp\/v2\/product"}],"about":[{"href":"https:\/\/www.experimenta.es\/tienda\/wp-json\/wp\/v2\/types\/product"}],"replies":[{"embeddable":true,"href":"https:\/\/www.experimenta.es\/tienda\/wp-json\/wp\/v2\/comments?post=56414"}],"wp:featuredmedia":[{"embeddable":true,"href":"https:\/\/www.experimenta.es\/tienda\/wp-json\/wp\/v2\/media\/56412"}],"wp:attachment":[{"href":"https:\/\/www.experimenta.es\/tienda\/wp-json\/wp\/v2\/media?parent=56414"}],"wp:term":[{"taxonomy":"product_cat","embeddable":true,"href":"https:\/\/www.experimenta.es\/tienda\/wp-json\/wp\/v2\/product_cat?post=56414"},{"taxonomy":"product_tag","embeddable":true,"href":"https:\/\/www.experimenta.es\/tienda\/wp-json\/wp\/v2\/product_tag?post=56414"}],"curies":[{"name":"wp","href":"https:\/\/api.w.org\/{rel}","templated":true}]}}