{"id":56706,"date":"2020-01-28T18:13:21","date_gmt":"2020-01-28T17:13:21","guid":{"rendered":"https:\/\/www.experimenta.es\/tienda\/?post_type=product&#038;p=56706"},"modified":"2025-06-10T21:23:29","modified_gmt":"2025-06-10T19:23:29","slug":"revista-experimenta-84","status":"publish","type":"product","link":"https:\/\/www.experimenta.es\/tienda\/producto\/revista-experimenta-84\/","title":{"rendered":"Revista Experimenta 84"},"content":{"rendered":"<h3>Esquemas y dise\u00f1o: La estructura presente<\/h3>\n<p><strong>Joan Costa<\/strong>, quien nos acompa\u00f1a en esta edici\u00f3n <strong>afirma que, curiosamente, en el mundo del dise\u00f1o los esquemas han sido considerados, en ocasiones, ajenos a la disciplina.<\/strong> Como lo expresa en su art\u00edculo <strong>Pensamiento Esquem\u00e1tico<\/strong> \u201cse pensaba que \u2018eso\u2019 no era dise\u00f1o gr\u00e1fico sino dibujo t\u00e9cnico, trabajo de aparejadores y gente que \u2018pon\u00eda en limpio\u2019, con la regla, el comp\u00e1s y el cartab\u00f3n, las ideas de t\u00e9cnicos e ingenieros\u201d, en la percepci\u00f3n de una profesi\u00f3n que se sent\u00eda \u201cm\u00e1s heredera del arte que de la t\u00e9cnica\u201d.<\/p>\n<p><strong>Eugenio Vega analiza<\/strong> en su art\u00edculo de investigaci\u00f3n <strong>el trabajo de Willard Cobe Brinton y su enfoque en la comunicaci\u00f3n pragm\u00e1tica<\/strong>.<\/p>\n<p>Como ya es costumbre en nuestra publicaci\u00f3n, dialogamos con referentes del dise\u00f1o y la comunicaci\u00f3n en nuestras habituales <strong>entrevistas. El Maestro Gui Bonsiepe nos lleva a reflexionar sobre Bauhaus<\/strong> a prop\u00f3sito del centenario de su fundaci\u00f3n; de la mano de <strong>Jorge Mart\u00ednez<\/strong> nos adentramos en el <strong>proyecto Alepoh<\/strong>, que busca desde Espa\u00f1a ayudar a la reconstrucci\u00f3n de una de las ciudades sirias m\u00e1s afectadas por la guerra; y <strong>Santiago Pol<\/strong> nos dice que <strong>\u201cel dise\u00f1o est\u00e1 en todas partes\u201d<\/strong>.<\/p>\n<p><strong>Felipe Taborda<\/strong> nos lleva a M\u00e9xico para repasar <strong>el fant\u00e1stico trabajo editorial de M\u00f3nica Zacar\u00edas<\/strong>; mientras <strong>Pilar Larrotcha y Sonia de la Iglesia<\/strong> nos invitan a reflexionar sobre la relaci\u00f3n entre <strong>dise\u00f1o y feminismo<\/strong>.<\/p>\n<p><strong>Antonio Fern\u00e1ndez Olombrada<\/strong> se pregunta \u00bfen tiempos digitales, por qu\u00e9 sigue siendo importante el sketching o bocetado a mano? Y lo responde en su art\u00edculo <strong>\u201cSketching anal\u00f3gico en la era digital\u201d.<\/strong><\/p>\n<p>Arquitectura e interiorismo est\u00e1n presentes tambi\u00e9n en esta edici\u00f3n: <strong>Fran Silvestre<\/strong> con Casa Homan, su nuevo proyecto en Valencia; My Cocoon, el hostal boutique de <strong>Omniview<\/strong> en el archipi\u00e9lago griego; y <strong>Milk Train<\/strong>, una helader\u00eda en Londres con dise\u00f1o Art Dec\u00f3 y esp\u00edritu instagramer.<\/p>\n<p>Como es habitual nuestras secciones <strong>Deseo, 5 libros y ZUM<\/strong> que en esta oportunidad se sube a las dos ruedas para contarnos <strong>c\u00f3mo el transporte urbano individual ha revolucionado la forma de trasladarnos en las ciudades.<\/strong><\/p>\n<p><strong>\u00a1Bienvenidos a Experimenta 84!<\/strong><\/p>\n","protected":false},"excerpt":{"rendered":"<p><strong>Esquemas y dise\u00f1o: La estructura presente<\/strong><\/p>\n<p>Desde las primeras representaciones en las cuevas de Altamira -16.000 a\u00f1os atr\u00e1s en nuestra historia- <strong>los esquemas han sido fundamentales para ayudar a \u201cvisualizar cosas invisibles\u201d<\/strong>.<\/p>\n<p>\u00bfEs parte de nuestra naturaleza humana? \u00bfse trata simplemente de una pr\u00e1ctica cultural adquirida a trav\u00e9s del tiempo? Todos utilizamos trazos, bocetos, peque\u00f1as anotaciones, para clarificar y ordenar ideas. Y las compartimos con otras personas cuando necesitamos transmitir esas ideas que hemos perge\u00f1ado.<\/p>\n<p><strong>Los esquemas act\u00faan como una estructura que sostiene y ordena<\/strong> \u2013al igual que en un futbol\u00edn la barra sostiene a los jugadores- un entramado de elementos que se organizan para dar forma a un mensaje.<\/p>\n<p><strong>Esta edici\u00f3n de Experimenta invita a reflexionar sobre el alcance y aporte de este campo, abriendo las posibilidades a un estudio disciplinar y su aplicaci\u00f3n pr\u00e1ctica, mostrando adem\u00e1s al esquema como un campo de desarrollo profesional.<\/strong><\/p>\n<p>&nbsp;<\/p>\n<div class=\"page\" title=\"Page 4\">\n<div class=\"layoutArea\">\n<div class=\"column\">\n<p>\u00b7 Edici\u00f3n: Invierno 2019\/2020<br \/>\n\u00b7 ISBN: 978-84-18049-20-0<br \/>\n\u00b7 Medidas: 23 x 26,5 x 1,5 cm<br \/>\n\u00b7 P\u00e1ginas: 144<\/p>\n<\/div>\n<\/div>\n<\/div>\n","protected":false},"featured_media":56707,"comment_status":"open","ping_status":"closed","template":"","meta":[],"product_cat":[7311],"product_tag":[9713,9732,9730,9735,9638,9591,9777,9766,9748,9707,9708,9714,9762],"jetpack_sharing_enabled":true,"_links":{"self":[{"href":"https:\/\/www.experimenta.es\/tienda\/wp-json\/wp\/v2\/product\/56706"}],"collection":[{"href":"https:\/\/www.experimenta.es\/tienda\/wp-json\/wp\/v2\/product"}],"about":[{"href":"https:\/\/www.experimenta.es\/tienda\/wp-json\/wp\/v2\/types\/product"}],"replies":[{"embeddable":true,"href":"https:\/\/www.experimenta.es\/tienda\/wp-json\/wp\/v2\/comments?post=56706"}],"wp:featuredmedia":[{"embeddable":true,"href":"https:\/\/www.experimenta.es\/tienda\/wp-json\/wp\/v2\/media\/56707"}],"wp:attachment":[{"href":"https:\/\/www.experimenta.es\/tienda\/wp-json\/wp\/v2\/media?parent=56706"}],"wp:term":[{"taxonomy":"product_cat","embeddable":true,"href":"https:\/\/www.experimenta.es\/tienda\/wp-json\/wp\/v2\/product_cat?post=56706"},{"taxonomy":"product_tag","embeddable":true,"href":"https:\/\/www.experimenta.es\/tienda\/wp-json\/wp\/v2\/product_tag?post=56706"}],"curies":[{"name":"wp","href":"https:\/\/api.w.org\/{rel}","templated":true}]}}