{"id":56892,"date":"2020-03-15T22:17:23","date_gmt":"2020-03-15T21:17:23","guid":{"rendered":"https:\/\/www.experimenta.es\/tienda\/?post_type=product&#038;p=56892"},"modified":"2025-06-27T17:20:40","modified_gmt":"2025-06-27T15:20:40","slug":"i-oxitobrands-introduccion-gratuita-ebook","status":"publish","type":"product","link":"https:\/\/www.experimenta.es\/tienda\/producto\/i-oxitobrands-introduccion-gratuita-ebook\/","title":{"rendered":"Introducci\u00f3n Oxitobrands Edici\u00f3n 10\u00ba aniversario &#8211; Digital Descargable"},"content":{"rendered":"<p><strong>Oxitobrands: Marcas humanas para un mercado\u00a0emocional. Una teor\u00eda que naci\u00f3 en 2009 y se\u00a0convirti\u00f3 en una obra de referencia para el branding. Y\u00a0que sigue, diez a\u00f1os despu\u00e9s, absolutamente vigente.<\/strong><\/p>\n<p>&nbsp;<\/p>\n<p><span class=\"Apple-converted-space\">SOBRE EL AUTOR<br \/>\n<\/span><strong>Marcelo Ghio\u00a0<\/strong>es Mag\u00edster en Comunicaci\u00f3n y\u00a0Gesti\u00f3n Corporativa (Universidad Mayor, Chile),\u00a0Consultor en Design Thinking (Universidad de\u00a0Salamanca), Diplomado en Comunicaci\u00f3n\u00a0Sustentable y Gesti\u00f3n de RSE (Universidad Mayor,\u00a0Chile), y Dise\u00f1ador Gr\u00e1fico (Universidad de Buenos\u00a0Aires).<\/p>\n<p>Desarroll\u00f3 su actividad docente en la Universidad de\u00a0Buenos Aires, donde se form\u00f3. Fue director\u00a0acad\u00e9mico en la Escuela Superior de Dise\u00f1o de\u00a0Buenos Aires. En la Universidad de Palermo cre\u00f3 y\u00a0dirigi\u00f3 la especializaci\u00f3n de Dise\u00f1o de Imagen\u00a0Empresaria y Branding. Se desempe\u00f1\u00f3 como\u00a0Decano de la Facultad de Dise\u00f1o y Comunicaci\u00f3n\u00a0ISIL, en Lima, Per\u00fa.<\/p>\n<p>Es conferencista. Se ha presentado en m\u00e1s de 40\u00a0diferentes ciudades de Argentina, Espa\u00f1a, Chile,\u00a0Per\u00fa, M\u00e9xico, Costa Rica, Panam\u00e1, Ecuador, Uruguay,\u00a0Bolivia y Colombia con talleres y conferencias.\u00a0Publica con continuidad en medios gr\u00e1ficos y\u00a0digitales de diferentes pa\u00edses, art\u00edculos sobre\u00a0branding, marketing, dise\u00f1o, gesti\u00f3n y cultura social.<\/p>\n<p>Es Director de estrategia y editor en Editorial\u00a0Experimenta (Madrid) y Director de OXB-Branding\u00a0(Madrid \/ Buenos Aires). Desarrolla su actividad\u00a0profesional liderando proyectos y asesor\u00edas en\u00a0branding, gesti\u00f3n y dise\u00f1o para empresas y\u00a0organizaciones -tanto p\u00fablicas como privadas- en\u00a0diferentes pa\u00edses.<\/p>\n","protected":false},"excerpt":{"rendered":"<p><span style=\"color: #ff0084;\"><a style=\"color: #ff0084;\" href=\"https:\/\/www.experimenta.es\/tienda\/producto\/oxitobrands-marcas-humanas-para-un-mercado-emocional-edicion-10o-aniversario\/?platform=hootsuite\">COMPRAR ESTE LIBRO EN PAPEL<\/a><\/span><\/p>\n<p>Oxitobrands pone en evidencia c\u00f3mo <strong>la confianza, la\u00a0afectividad y los valores humanos positivos<\/strong> resultan\u00a0<strong>elementos clave en el posicionamiento, la\u00a0credibilidad, la relevancia y la decisi\u00f3n de compra<\/strong>. Y\u00a0expone la decisiva influencia de la <strong>bioqu\u00edmica<\/strong> de nuestro\u00a0cuerpo en la construcci\u00f3n de <strong>v\u00ednculos emocionales<\/strong>.<\/p>\n<p>Puedes descargar la introducci\u00f3n de este libro<b>\u00a0<\/b>de manera gratuita \u2935\ufe0f<\/p>\n","protected":false},"featured_media":60616,"comment_status":"open","ping_status":"closed","template":"","meta":[],"product_cat":[9895,9981,9892,9896,9898,7313],"product_tag":[9732,9730,9859,9735,9642,9777,9766,9864,9641,9770,9714,9762,9733,9790,9771,9861,9761,9746,9778],"jetpack_sharing_enabled":true,"_links":{"self":[{"href":"https:\/\/www.experimenta.es\/tienda\/wp-json\/wp\/v2\/product\/56892"}],"collection":[{"href":"https:\/\/www.experimenta.es\/tienda\/wp-json\/wp\/v2\/product"}],"about":[{"href":"https:\/\/www.experimenta.es\/tienda\/wp-json\/wp\/v2\/types\/product"}],"replies":[{"embeddable":true,"href":"https:\/\/www.experimenta.es\/tienda\/wp-json\/wp\/v2\/comments?post=56892"}],"wp:featuredmedia":[{"embeddable":true,"href":"https:\/\/www.experimenta.es\/tienda\/wp-json\/wp\/v2\/media\/60616"}],"wp:attachment":[{"href":"https:\/\/www.experimenta.es\/tienda\/wp-json\/wp\/v2\/media?parent=56892"}],"wp:term":[{"taxonomy":"product_cat","embeddable":true,"href":"https:\/\/www.experimenta.es\/tienda\/wp-json\/wp\/v2\/product_cat?post=56892"},{"taxonomy":"product_tag","embeddable":true,"href":"https:\/\/www.experimenta.es\/tienda\/wp-json\/wp\/v2\/product_tag?post=56892"}],"curies":[{"name":"wp","href":"https:\/\/api.w.org\/{rel}","templated":true}]}}