{"id":56895,"date":"2020-03-16T00:17:11","date_gmt":"2020-03-15T23:17:11","guid":{"rendered":"https:\/\/www.experimenta.es\/tienda\/?post_type=product&#038;p=56895"},"modified":"2024-02-12T11:48:35","modified_gmt":"2024-02-12T10:48:35","slug":"la-marca-pais-en-america-latina-bases-teorico-tecnicas-de-su-diseno-y-auditoria-de-las-marcas-de-veinte-paises","status":"publish","type":"product","link":"https:\/\/www.experimenta.es\/tienda\/producto\/la-marca-pais-en-america-latina-bases-teorico-tecnicas-de-su-diseno-y-auditoria-de-las-marcas-de-veinte-paises\/","title":{"rendered":"La marca pa\u00eds en Am\u00e9rica Latina. Bases te\u00f3rico t\u00e9cnicas de su dise\u00f1o y auditor\u00eda de las marcas de veinte pa\u00edses."},"content":{"rendered":"<p>La presente obra intenta aportar claridad sobre el tema y <strong>proveer par\u00e1metros de calidad y rendimiento espec\u00edficos de este g\u00e9nero marcario.<\/strong> Y aplica esos par\u00e1metros a la auditor\u00eda de veinte marcas-pa\u00eds latinoamericanas; trabajo realizado a partir de la direcci\u00f3n de las tesis de grado de un curso de dise\u00f1o gr\u00e1fico de la Universidad Casa Grande, en Guayaquil, Ecuador.<\/p>\n<p>Esta edici\u00f3n actualizada del texto agrega el an\u00e1lisis de doce de aquellas marcas que han sido sustituidas con posterioridad a la primera edici\u00f3n (a\u00f1o 2009).<\/p>\n<p>&nbsp;<\/p>\n<p><span class=\"Apple-converted-space\">SOBRE EL AUTOR<br \/>\n<\/span><strong>Norberto Chaves<\/strong> se desempe\u00f1a profesionalmente en el \u00e1mbito de la comunicaci\u00f3n institucional como asesor y director de programas de identificaci\u00f3n para entidades de todo tipo, desde instituciones p\u00fablicas hasta cadenas de consumo masivo, en Espa\u00f1a y Argentina. Su actividad docente y su producci\u00f3n literaria est\u00e1n relacionadas, por un lado, con su experiencia profesional (la imagen corporativa; Marca, los significados de un signo identificador; La marca corporativa, este \u00faltimo escrito junto a Ra\u00fal Belluccia) y, por otro lado, con su vocaci\u00f3n cr\u00edtica en lo social y lo cultural (El oficio de dise\u00f1ar; El dise\u00f1o invisible). Desde el a\u00f1o 2004 investiga la tem\u00e1tica del dise\u00f1o de la marca-pa\u00eds y dirige tesis de grado en ese campo. Fue miembro de la Comisi\u00f3n Interministerial para la creaci\u00f3n de la marca-Espa\u00f1a y ha dirigido el programa de dise\u00f1o de la marca-Cuba.<\/p>\n","protected":false},"excerpt":{"rendered":"<p><span style=\"color: #ff0000;\"><span style=\"color: #000000;\">Autor:<\/span> Norberto Chaves<\/span><\/p>\n<p>A pesar de la larga tradici\u00f3n acumulada por el dise\u00f1o en la creaci\u00f3n de marcas institucionales, el panorama internacional en este campo muestra cierta creciente desorientaci\u00f3n en el dominio t\u00e9cnico del tema; s\u00edntoma que se acent\u00faa en el caso del g\u00e9nero, m\u00e1s reciente, de la marca-pa\u00eds.<\/p>\n<p>\u00b7 ISBN: 978-84-18049-11-8<br \/>\n\u00b7 Medidas: 15 x 21 cm<br \/>\n\u00b7 P\u00e1ginas: 120<br \/>\n\u00b7 Impresi\u00f3n interior: Im\u00e1genes a color<br \/>\n\u00b7 Coedici\u00f3n Experimenta Libros \/ Wolkowicz Editores<\/p>\n","protected":false},"featured_media":56896,"comment_status":"open","ping_status":"closed","template":"","meta":[],"product_cat":[9892,7313],"product_tag":[9732,9730,9764,9735,9642,9591,9766,9641,9770,9707,9762,9733,9778],"jetpack_sharing_enabled":true,"_links":{"self":[{"href":"https:\/\/www.experimenta.es\/tienda\/wp-json\/wp\/v2\/product\/56895"}],"collection":[{"href":"https:\/\/www.experimenta.es\/tienda\/wp-json\/wp\/v2\/product"}],"about":[{"href":"https:\/\/www.experimenta.es\/tienda\/wp-json\/wp\/v2\/types\/product"}],"replies":[{"embeddable":true,"href":"https:\/\/www.experimenta.es\/tienda\/wp-json\/wp\/v2\/comments?post=56895"}],"wp:featuredmedia":[{"embeddable":true,"href":"https:\/\/www.experimenta.es\/tienda\/wp-json\/wp\/v2\/media\/56896"}],"wp:attachment":[{"href":"https:\/\/www.experimenta.es\/tienda\/wp-json\/wp\/v2\/media?parent=56895"}],"wp:term":[{"taxonomy":"product_cat","embeddable":true,"href":"https:\/\/www.experimenta.es\/tienda\/wp-json\/wp\/v2\/product_cat?post=56895"},{"taxonomy":"product_tag","embeddable":true,"href":"https:\/\/www.experimenta.es\/tienda\/wp-json\/wp\/v2\/product_tag?post=56895"}],"curies":[{"name":"wp","href":"https:\/\/api.w.org\/{rel}","templated":true}]}}