{"id":57070,"date":"2020-04-01T15:49:54","date_gmt":"2020-04-01T13:49:54","guid":{"rendered":"https:\/\/www.experimenta.es\/tienda\/?post_type=product&#038;p=57070"},"modified":"2024-02-12T11:44:39","modified_gmt":"2024-02-12T10:44:39","slug":"el-avc-del-marketing-digital","status":"publish","type":"product","link":"https:\/\/www.experimenta.es\/tienda\/producto\/el-avc-del-marketing-digital\/","title":{"rendered":"El AVC del marketing digital"},"content":{"rendered":"<p>Para garantizar su utilidad, <strong>esta obra presenta un paso a paso<\/strong> que permite ser aplicado de acuerdo con las necesidades de cada organizaci\u00f3n. Adem\u00e1s pone a disposici\u00f3n materiales gratuitos en el sitio web marketingavc.com donde se recomiendan herramientas indispensables para facilitar y automatizar el trabajo.<\/p>\n<p>Porque a diferencia de lo que muchos creen: no se trata de entender a fondo a la tecnolog\u00eda, se trata de entender a fondo a las personas.<\/p>\n<p>Los autores, especialistas en <strong>publicidad, marketing e e-commerce<\/strong>, recogen en este libro lo esencial para lograr ventas u otro tipo de conversiones online, de una forma pr\u00e1ctica, actualizada y con ejemplos que permitir\u00e1n calcular y aumentar el retorno de la inversi\u00f3n.<\/p>\n<p>&nbsp;<\/p>\n<p><span class=\"Apple-converted-space\">SOBRE LOS AUTORES<br \/>\n<\/span><strong>Raquel Oberlander (Uruguay)\u00a0<\/strong>Consultora, Docente y speaker sobre Marketing, Ventas, Comunicaci\u00f3n y Transformaci\u00f3n Digital. Es Lic. en comunicaci\u00f3n, marketing y diplomada en Logoterapia y An\u00e1lisis Existencial. Pionera en el mundo digital, fund\u00f3 Mundobebe.com cuando a\u00fan nadie hablaba de internet. (1999) Durante 14 a\u00f1os fue Directora General Creativa y Digital en Notable Publicidad, la agencia independiente l\u00edder de Uruguay que obtuvo en tres oportunidades el premio a mejor agencia en IAB Mixx. Fue docente en Universidad ORT, Universidad Cat\u00f3lica e instituto BIOS, conferencista en Tedx, Pecha Kucha, Marketers y es convocada frecuentemente como jurado en festivales publicitarios nacionales e internacionales. En 2017 fue seleccionada como \u201cMejor Directora Digital\u201d de Uruguay en investigaci\u00f3n realizada por Equipos Mori.<\/p>\n<p><strong>Roi Shahaf (Israel)<\/strong> es conferencista, emprendedor, growth hacker y especialista en: marketing digital, programaci\u00f3n neuroling\u00fc\u00edstica y creaci\u00f3n de procesos automatizados con m\u00e1s de 18 a\u00f1os de experiencia. En los \u00faltimos a\u00f1os ha sido invitado a impartir charlas y talleres sobre marketing, estrategia y plataformas digitales, tanto en Israel como en Uruguay, Argentina, Paraguay y Bolivia. Es el embajador para LATAM de varias plataformas.<\/p>\n","protected":false},"excerpt":{"rendered":"<p><span style=\"color: #ff0000;\"><span style=\"color: #000000;\">Autores:<\/span> Raquel Oberlander \/ Roi Shahaf<br \/>\n<\/span><\/p>\n<p><strong>\u00bfC\u00f3mo hacer publicidad en la era digital? \u00bfCu\u00e1les son los principios que hacen que ciertos contenidos sean virales y otros no? \u00bfC\u00f3mo hacer que el marketing funcione? \u00bfC\u00f3mo utilizar las redes sociales con efectividad?<\/strong><\/p>\n<p>Con una <strong>mirada pr\u00e1ctica<\/strong>, se exponen principios y explican criterios relacionados con el marketing tradicional y, especialmente, el digital. Pero lo que realmente ofrece a los lectores es <strong>la posibilidad de aprender a dise\u00f1ar una estrategia exitosa que permita convertir sus acciones en resultados<\/strong>, cuantificables y escalables, para obtener clientes, donantes, voluntarios, suscriptores, compradores o votantes.<\/p>\n<p><em>\u00abNo s\u00e9 si este libro tiene todas las respuestas, pero seguramente te cambiar\u00e1 las preguntas\u201d<br \/>\n<\/em><strong>Pipe Stein<\/strong>\u00a0&#8211; Director de Notable Publicidad<\/p>\n<p>\u00b7 ISBN: 978-84-18049-13-2<br \/>\n\u00b7 Edici\u00f3n Experimenta Libros &#8211; Colecci\u00f3n Azimut<br \/>\n\u00b7 Medidas: 15 x 22 cm<br \/>\n\u00b7 P\u00e1ginas: 448<br \/>\n\u00b7 Impresi\u00f3n interior: Negro. Con esquemas<br \/>\n\u00b7 Encuadernaci\u00f3n: r\u00fastica<\/p>\n","protected":false},"featured_media":57071,"comment_status":"open","ping_status":"closed","template":"","meta":[],"product_cat":[9895,9896,7313],"product_tag":[9732,9730,9642,9591,9766,9641,9770,9762,9733,9790,9771,9778],"jetpack_sharing_enabled":true,"_links":{"self":[{"href":"https:\/\/www.experimenta.es\/tienda\/wp-json\/wp\/v2\/product\/57070"}],"collection":[{"href":"https:\/\/www.experimenta.es\/tienda\/wp-json\/wp\/v2\/product"}],"about":[{"href":"https:\/\/www.experimenta.es\/tienda\/wp-json\/wp\/v2\/types\/product"}],"replies":[{"embeddable":true,"href":"https:\/\/www.experimenta.es\/tienda\/wp-json\/wp\/v2\/comments?post=57070"}],"wp:featuredmedia":[{"embeddable":true,"href":"https:\/\/www.experimenta.es\/tienda\/wp-json\/wp\/v2\/media\/57071"}],"wp:attachment":[{"href":"https:\/\/www.experimenta.es\/tienda\/wp-json\/wp\/v2\/media?parent=57070"}],"wp:term":[{"taxonomy":"product_cat","embeddable":true,"href":"https:\/\/www.experimenta.es\/tienda\/wp-json\/wp\/v2\/product_cat?post=57070"},{"taxonomy":"product_tag","embeddable":true,"href":"https:\/\/www.experimenta.es\/tienda\/wp-json\/wp\/v2\/product_tag?post=57070"}],"curies":[{"name":"wp","href":"https:\/\/api.w.org\/{rel}","templated":true}]}}