{"id":57326,"date":"2020-05-31T23:03:54","date_gmt":"2020-05-31T21:03:54","guid":{"rendered":"https:\/\/www.experimenta.es\/tienda\/?post_type=product&#038;p=57326"},"modified":"2023-10-02T12:38:20","modified_gmt":"2023-10-02T10:38:20","slug":"revista-experimenta-85","status":"publish","type":"product","link":"https:\/\/www.experimenta.es\/tienda\/producto\/revista-experimenta-85\/","title":{"rendered":"Revista Experimenta 85"},"content":{"rendered":"<h3>Dise\u00f1ar la tecnolog\u00eda<\/h3>\n<p><strong>Barry Katz<\/strong>, autor del libro \u201cMake it new. The History of Silicon Valley Design\u201d, dialoga con <strong>Eugenio Vega<\/strong> y afirma: \u201cQue los ordenadores pasaran de la trastienda de las oficinas a la mesas de trabajo supuso un importante impulso, pero la comunidad del dise\u00f1o de Silicon Valley llevaba ya d\u00e9cadas form\u00e1ndose\u201d.<br \/>\nEl dise\u00f1o encuentra en este contexto un espacio f\u00e9rtil para desarrollar su actividad y para poner la tecnolog\u00eda al servicio de las personas desde una perspectiva humana.<br \/>\nLa <strong>educaci\u00f3n<\/strong> tambi\u00e9n se ha transformado en un territorio en el que I+D adquiere una nueva dimensi\u00f3n ayudando a definir un modelo innovador para las estrategias sociales y cognitivas de los alumnos. A esto se ha sumado la cultura <strong><em>gamer<\/em><\/strong> y el avance arrollador de una nueva econom\u00eda signada por este fen\u00f3meno.<br \/>\n<strong>Arte y tecnolog\u00eda<\/strong> se dan la mano en el campo de la <strong>ilustraci\u00f3n;<\/strong> mientras la arquitectura inteligente, los nuevos materiales y la inteligencia artificial, nos invitan a traspasar las fronteras de una realidad que cada vez m\u00e1s se construye y vive en red.<br \/>\n<strong>Alejandro Piscitelli<\/strong> reflexiona sobre \u201cPandemia y Dise\u00f1o y Social\u201d, mientras <strong>Alessandro Manetti<\/strong> va \u201cEn busca de la humanizaci\u00f3n tecnol\u00f3gica\u201d.<br \/>\nPero en esta edici\u00f3n, no todo tiene que ver con nuestra vida online.<br \/>\n<strong>Felipe Taborda<\/strong> nos invita a compartir una conversaci\u00f3n personal y profesional con <strong>Pati Nu\u00f1ez<\/strong>, la primera mujer galardonada con el Premio Nacional de Dise\u00f1o y un pilar fundamental del dise\u00f1o gr\u00e1fico espa\u00f1ol. Y en su viaje visita a <strong>Mehdi Saeedhi<\/strong> que expone el impacto de la cultura milenaria de la que es heredero, en sus carteles.<br \/>\n<strong>Eugenio Vega<\/strong> entrevista a <strong>Ram\u00f3n Benedito<\/strong>, un verdadero \u201cnombre propio\u201d del dise\u00f1o espa\u00f1ol y reflexionan sobre la belleza del dise\u00f1o responsable; mientras <strong>Crist\u00f3bal P\u00e1ez<\/strong> dialoga con <strong>Javier Ja\u00e9n<\/strong>, autor de algunas de las piezas m\u00e1s inteligentes y profundas de la ilustraci\u00f3n espa\u00f1ola.<br \/>\nComo es habitual tambi\u00e9n nuestras secciones <strong>Deseo, 5 libros y ZUM<\/strong>, que en esta edici\u00f3n nos trae <strong>\u201cConectados: el futuro ya est\u00e1 aqu\u00ed\u201d<\/strong>.<\/p>\n<p><strong>\u00a1Bienvenidos a Experimenta 85!<\/strong><\/p>\n","protected":false},"excerpt":{"rendered":"<p><strong>Dise\u00f1ar la tecnolog\u00eda<\/strong><\/p>\n<p>Lo que hasta hace pocos a\u00f1os era considerado ciencia ficci\u00f3n o parte de un futuro dist\u00f3pico en el que la tecnolog\u00eda tomar\u00eda el control de nuestras vidas, hoy se ha convertido en parte de nuestra realidad. Vivimos off y online. Y desde la aparici\u00f3n del COVID-19 mucho m\u00e1s online que antes. Nuestra vida cotidiana depende cada d\u00eda m\u00e1s de nuestra relaci\u00f3n con la tecnolog\u00eda, definiendo un nuevo modelo evolutivo: el homo tecnologicus.<\/p>\n<p>Al igual que sucede en esta fase de la evoluci\u00f3n humana, el dise\u00f1o ha incorporado -desde el principio- a la tecnolog\u00eda como aliada, y ha evolucionado en una relaci\u00f3n cada d\u00eda m\u00e1s intensa, en la que dise\u00f1o y tecnolog\u00eda (D&amp;T) construyen un entorno de colaboraci\u00f3n e interacci\u00f3n para satisfacer necesidades humanas, amplificando nuestras capacidades para construir un mundo mejor.<\/p>\n<p>&nbsp;<\/p>\n<div class=\"page\" title=\"Page 4\">\n<div class=\"layoutArea\">\n<div class=\"column\">\n<p>\u00b7 Edici\u00f3n: Primavera 2020<br \/>\n\u00b7 ISBN: 978-84-18049-22-4<br \/>\n\u00b7 Medidas: 23 x 26,5 cm<br \/>\n\u00b7 P\u00e1ginas: 120<\/p>\n<\/div>\n<\/div>\n<\/div>\n","protected":false},"featured_media":57327,"comment_status":"open","ping_status":"closed","template":"","meta":[],"product_cat":[7311],"product_tag":[9713,9732,9730,9735,9638,9591,9777,9766,9748,9707,9708,9714,9762],"jetpack_sharing_enabled":true,"_links":{"self":[{"href":"https:\/\/www.experimenta.es\/tienda\/wp-json\/wp\/v2\/product\/57326"}],"collection":[{"href":"https:\/\/www.experimenta.es\/tienda\/wp-json\/wp\/v2\/product"}],"about":[{"href":"https:\/\/www.experimenta.es\/tienda\/wp-json\/wp\/v2\/types\/product"}],"replies":[{"embeddable":true,"href":"https:\/\/www.experimenta.es\/tienda\/wp-json\/wp\/v2\/comments?post=57326"}],"wp:featuredmedia":[{"embeddable":true,"href":"https:\/\/www.experimenta.es\/tienda\/wp-json\/wp\/v2\/media\/57327"}],"wp:attachment":[{"href":"https:\/\/www.experimenta.es\/tienda\/wp-json\/wp\/v2\/media?parent=57326"}],"wp:term":[{"taxonomy":"product_cat","embeddable":true,"href":"https:\/\/www.experimenta.es\/tienda\/wp-json\/wp\/v2\/product_cat?post=57326"},{"taxonomy":"product_tag","embeddable":true,"href":"https:\/\/www.experimenta.es\/tienda\/wp-json\/wp\/v2\/product_tag?post=57326"}],"curies":[{"name":"wp","href":"https:\/\/api.w.org\/{rel}","templated":true}]}}