{"id":57771,"date":"2020-09-14T10:38:13","date_gmt":"2020-09-14T08:38:13","guid":{"rendered":"https:\/\/www.experimenta.es\/tienda\/?post_type=product&#038;p=57771"},"modified":"2025-01-09T14:49:42","modified_gmt":"2025-01-09T13:49:42","slug":"from-spain-with-design-refleja-la-imagen-de-espana-lo-que-disenamos","status":"publish","type":"product","link":"https:\/\/www.experimenta.es\/tienda\/producto\/from-spain-with-design-refleja-la-imagen-de-espana-lo-que-disenamos\/","title":{"rendered":"From Spain With Design \u00bfRefleja la imagen de Espa\u00f1a lo que dise\u00f1amos?"},"content":{"rendered":"<p>From Spain With Design (FSWD) <strong>se plantea como una herramienta imprescindible para la amplificaci\u00f3n y difusi\u00f3n del dise\u00f1o espa\u00f1ol a nivel nacional e internacional, para aumentar su visibilidad y para contribuir a mejorar la Marca Espa\u00f1a.<\/strong><\/p>\n<p>Entre sus objetivos se encuentran el impulso de la creatividad y el dise\u00f1o como ejes de desarrollo, la comunicaci\u00f3n nacional e internacional del dise\u00f1o espa\u00f1ol, la cohesi\u00f3n del colectivo profesional y plantear una radiograf\u00eda del panorama actual de nuestro sector.<\/p>\n<p>Valorados los trabajos que aparecen en la plataforma de FSWD, podr\u00edamos decir que no hay un estilo \u00fanico, algo l\u00f3gico si tenemos en cuenta la pluralidad cultural y la permeabilidad que tiene la globalizaci\u00f3n, una caracter\u00edstica que nos parece adem\u00e1s positiva. La diversidad ya no es un s\u00edntoma de debilidad sino de creatividad, ingenio y fortaleza. Somos cambiantes, mutantes, capaces de adaptarnos a diferentes paisajes, somos agrestes y suaves, somos flexibles. Y dentro de esa heterogeneidad encontramos una relaci\u00f3n com\u00fan y es que dise\u00f1amos productos e im\u00e1genes robustas que quedan en la retina durante mucho tiempo, al mismo tiempo que somos capaces de dotarlas de emoci\u00f3n.<\/p>\n<p><strong>Un libro imprescindible para comprender el rol del dise\u00f1o en la construcci\u00f3n de la Marca Espa\u00f1a y para reflexionar sobre el presente y futuro del impacto social de esta displina.<\/strong><\/p>\n<p>&nbsp;<\/p>\n<p><span class=\"Apple-converted-space\">SOBRE EL AUTOR<br \/>\n<\/span><strong>READ<\/strong> es una entidad espa\u00f1ola sin \u00e1nimo de lucro con actividad de \u00e1mbito estatal y proyecci\u00f3n internacional, constituida para la coordinaci\u00f3n e integraci\u00f3n de la comunidad nacional de dise\u00f1adores. Actualmente engloba a once asociaciones espa\u00f1olas de dise\u00f1o que comparten los objetivos de difundir la cultura del dise\u00f1o, promover y hacer m\u00e1s visible la actividad del sector, fortalecer la posici\u00f3n de los profesionales del dise\u00f1o y contribuir a la transformaci\u00f3n del tejido econ\u00f3mico, estableciendo relaciones m\u00e1s competitivas y eficientes y fomentando situaciones de encuentro social.<\/p>\n<p>From Spain With Design (FSWD) es un proyecto de READ concebido colaborativamente en los Encuentros Nacionales de Dise\u00f1o como una herramienta para la proyecci\u00f3n del dise\u00f1o espa\u00f1ol a nivel internacional.<\/p>\n<p>En esta obra, participan como autores:<br \/>\n<strong>Teresa Riesgo, Adriana Moscoso, Jordi Monta\u00f1a, Juan L\u00e1zaro \/ Uqui Permui \/ \u00c1ngel Mart\u00ednez, Gloria Escribano (Equipo FSWD), X\u00e8nia Vilad\u00e0s, Miguel Zorraquino, Anxo L\u00f3pez, Teresa Jular, Salvi Plaja, Xavi Calvo, DIARADESIGN, Marcelo Alegre, Pablo Conde, Victoria de Pereda, Nicola Cerantola, Gr\u00e1ficas en Negro, Laurent Ogel y Gemma de la Monta\u00f1a.<\/strong><\/p>\n","protected":false},"excerpt":{"rendered":"<p><span style=\"color: #ff0000;\"><span style=\"color: #000000;\">Autor:\u00a0<\/span>READ \/ VVAA<br \/>\n<span style=\"color: #000000;\">Edici\u00f3n biling\u00fce (Espa\u00f1ol\/Ingl\u00e9s)<\/span><\/span><\/p>\n<p><strong>From Spain With Design<\/strong> (FSWD) se plantea como <strong>una herramienta imprescindible para la amplificaci\u00f3n y difusi\u00f3n del dise\u00f1o espa\u00f1ol<\/strong> a nivel nacional e internacional, para <strong>aumentar su visibilidad<\/strong> y para contribuir a <strong>mejorar la Marca Espa\u00f1a.<\/strong><\/p>\n<p>Un libro fundamental <strong>para comprender el rol del dise\u00f1o en la construcci\u00f3n de la Marca Espa\u00f1a y para reflexionar sobre el presente y futuro del impacto social de esta disciplina.<\/strong><\/p>\n<p>\u00b7 ISBN: 978-84-18049-37-8<br \/>\n\u00b7 Edici\u00f3n 2020. Experimenta Libros<br \/>\n\u00b7 Medidas: 16 x 23 cm<br \/>\n\u00b7 P\u00e1ginas: 180<br \/>\n\u00b7 Impresi\u00f3n interior: color<br \/>\n\u00b7 Encuadernaci\u00f3n: r\u00fastica<\/p>\n","protected":false},"featured_media":57773,"comment_status":"open","ping_status":"closed","template":"","meta":[],"product_cat":[9892,7313],"product_tag":[9730,9764,9735,9638,9642,9591,9641,9707,9708,9762,9765,9771,9778],"jetpack_sharing_enabled":true,"_links":{"self":[{"href":"https:\/\/www.experimenta.es\/tienda\/wp-json\/wp\/v2\/product\/57771"}],"collection":[{"href":"https:\/\/www.experimenta.es\/tienda\/wp-json\/wp\/v2\/product"}],"about":[{"href":"https:\/\/www.experimenta.es\/tienda\/wp-json\/wp\/v2\/types\/product"}],"replies":[{"embeddable":true,"href":"https:\/\/www.experimenta.es\/tienda\/wp-json\/wp\/v2\/comments?post=57771"}],"wp:featuredmedia":[{"embeddable":true,"href":"https:\/\/www.experimenta.es\/tienda\/wp-json\/wp\/v2\/media\/57773"}],"wp:attachment":[{"href":"https:\/\/www.experimenta.es\/tienda\/wp-json\/wp\/v2\/media?parent=57771"}],"wp:term":[{"taxonomy":"product_cat","embeddable":true,"href":"https:\/\/www.experimenta.es\/tienda\/wp-json\/wp\/v2\/product_cat?post=57771"},{"taxonomy":"product_tag","embeddable":true,"href":"https:\/\/www.experimenta.es\/tienda\/wp-json\/wp\/v2\/product_tag?post=57771"}],"curies":[{"name":"wp","href":"https:\/\/api.w.org\/{rel}","templated":true}]}}