{"id":58289,"date":"2020-11-30T19:10:30","date_gmt":"2020-11-30T18:10:30","guid":{"rendered":"https:\/\/www.experimenta.es\/tienda\/?post_type=product&#038;p=58289"},"modified":"2023-10-02T12:38:24","modified_gmt":"2023-10-02T10:38:24","slug":"como-prosperar-en-la-economia-sostenible-disenar-hoy-el-mundo-del-manana-epub","status":"publish","type":"product","link":"https:\/\/www.experimenta.es\/tienda\/producto\/como-prosperar-en-la-economia-sostenible-disenar-hoy-el-mundo-del-manana-epub\/","title":{"rendered":"C\u00f3mo prosperar en la econom\u00eda sostenible. Dise\u00f1ar hoy el mundo del ma\u00f1ana (EPUB)"},"content":{"rendered":"<p>A partir de toda una vida de viajes en busca de alternativas\u00a0reales, Thackara describe c\u00f3mo todas las comunidades\u00a0del mundo est\u00e1n cambiando hacia una mejor econom\u00eda a\u00a0partir de cero.\u00a0Cada cap\u00edtulo trata sobre <strong>formas creativas para hacer\u00a0frente a necesidades importantes<\/strong> como la restauraci\u00f3n de\u00a0la tierra, con la que compartimos hogar, agua, alimentos&#8230;<\/p>\n<p>La lectura de estos ejemplos habla positivamente de una\u00a0econom\u00eda sostenible, dejando de lado la obsesi\u00f3n con\u00a0los aspectos materiales. El libro describe las pr\u00e1cticas\u00a0sociales, desde las peque\u00f1as cosas a todo lo que nos\u00a0rodea y nunca reparamos en ello.\u00a0<strong>El crecimiento, en esta nueva econom\u00eda, significa el\u00a0cuidado del suelo, biodiversidad, cuencas hidrogr\u00e1ficas,\u00a0para generar una econom\u00eda m\u00e1s saludable y\u00a0resistente.<\/strong> Poniendo foco en valores que sostengan la\u00a0administraci\u00f3n y la salud, en lugar de la extracci\u00f3n y la\u00a0decadencia.<\/p>\n<p><span class=\"Apple-converted-space\">SOBRE EL AUTOR<\/span><br \/>\n<strong>John Thackara<\/strong> es fundador y director de Doors of\u00a0Perception, una productora que organiza\u00a0experiencias donde innovadores sociales y\u00a0dise\u00f1adores hacen propuestas sostenibles y definen\u00a0pr\u00e1cticas para llevarlas a cabo.<br \/>\nDoors of Perception tuvo su origen en la actividad de\u00a0Thackara como director del Netherlands Design\u00a0Institute, una iniciativa del gobierno de los Pa\u00edses\u00a0Bajos y de la ciudad de Amsterdam que inici\u00f3 su\u00a0andadura en 1993 para aumentar la contribuci\u00f3n<br \/>\necon\u00f3mica y social de la pr\u00e1ctica del dise\u00f1o.<\/p>\n<p>Desde su experiencia, Thackara ha escrito mucho\u00a0sobre la cultura del dise\u00f1o y el cambio de paradigma\u00a0que ha supuesto el impacto de la sostenibilidad y la\u00a0innovaci\u00f3n social en la pr\u00e1ctica.<\/p>\n","protected":false},"excerpt":{"rendered":"<p><a href=\"https:\/\/www.experimenta.es\/tienda\/producto\/como-prosperar-en-la-economia-sostenible-disenar-hoy-el-mundo-del-manana\/\">*Tambi\u00e9n puedes comprar este libro en papel<\/a><\/p>\n<p><span style=\"color: #ff0000;\"><span style=\"color: #000000;\">Autor:<\/span> John Thackara<\/span><\/p>\n<p><strong>C\u00f3mo Prosperar en la Econom\u00eda Sostenible, Dise\u00f1ar Hoy en el Mundo del Ma\u00f1ana<\/strong>, de John Thackara, es una obra indispensable para comprender la <strong>relaci\u00f3n entre dise\u00f1o e innovaci\u00f3n social<\/strong> en el necesario empe\u00f1o por construir un <strong>futuro sostenible<\/strong>.<\/p>\n<p>Puedes comprar este EPUB en: Amazon, Apple Books, Casa Del Libro, El Corte Ingl\u00e9s, Indigo, Kobo, Livraria Cultura, Per\u00fa eBooks, Siglo del Hombre, Tagusbooks&#8230;<br \/>\nAmazon: <a href=\"http:\/\/www.amazon.es\/gp\/product\/B08LNM1JXT\/ref=as_li_tl?ie=UTF8&amp;creativeASIN=B08LNM1JXT&amp;linkCode=as2\">Espa\u00f1a<\/a>\u00a0| <a href=\"http:\/\/www.amazon.com\/gp\/product\/B08LNM1JXT\/ref=as_li_tl?ie=UTF8&amp;creativeASIN=B08LNM1JXT&amp;linkCode=as2\">Estados Unidos<\/a>\u00a0| <a href=\"http:\/\/www.amazon.com.mx\/gp\/product\/B08LNM1JXT\/ref=as_li_tl?ie=UTF8&amp;creativeASIN=B08LNM1JXT&amp;linkCode=as2\">Mexico<\/a><br \/>\nApple Books: <a href=\"http:\/\/itunes.apple.com\/es\/book\/id1536914436\">Espa\u00f1a<\/a>\u00a0| <a href=\"http:\/\/itunes.apple.com\/us\/book\/id1536914436\">Estados Unidos<\/a>\u00a0| <a href=\"http:\/\/itunes.apple.com\/mx\/book\/id1536914436\">Mexico<\/a><br \/>\n<a href=\"https:\/\/www.casadellibro.com\/ebook-como-prosperar-en-la-economia-sostenible-ebook\/9788418049293\/11846728\">La Casa del Libro<\/a><br \/>\n<a href=\"http:\/\/www.elcorteingles.es\/ebooks\/search\/?s=9788418049293\">El Corte Ingl\u00e9s<\/a><\/p>\n<ul class=\"a-unordered-list a-nostyle a-vertical a-spacing-none detail-bullet-list\">\n<li><span class=\"a-list-item\"><span class=\"a-text-bold\">Idioma:\u00a0<\/span>Espa\u00f1ol<\/span><\/li>\n<li>ISBN: 9788418049293<\/li>\n<li><span class=\"a-list-item\"><span class=\"a-text-bold\">Editorial : <\/span>Experimenta Libros<\/span><\/li>\n<li>Formato: EPUB con DRM<\/li>\n<li><span class=\"a-list-item\"><span class=\"a-text-bold\">Tipograf\u00eda mejorada : <\/span>Activado<\/span><\/li>\n<li>Interior: negro<\/li>\n<\/ul>\n","protected":false},"featured_media":58290,"comment_status":"open","ping_status":"closed","template":"","meta":[],"product_cat":[9892,9801,9898],"product_tag":[9764,9638,9642,9641,9770,9763,9714,9762,9786,9746,9778],"jetpack_sharing_enabled":true,"_links":{"self":[{"href":"https:\/\/www.experimenta.es\/tienda\/wp-json\/wp\/v2\/product\/58289"}],"collection":[{"href":"https:\/\/www.experimenta.es\/tienda\/wp-json\/wp\/v2\/product"}],"about":[{"href":"https:\/\/www.experimenta.es\/tienda\/wp-json\/wp\/v2\/types\/product"}],"replies":[{"embeddable":true,"href":"https:\/\/www.experimenta.es\/tienda\/wp-json\/wp\/v2\/comments?post=58289"}],"wp:featuredmedia":[{"embeddable":true,"href":"https:\/\/www.experimenta.es\/tienda\/wp-json\/wp\/v2\/media\/58290"}],"wp:attachment":[{"href":"https:\/\/www.experimenta.es\/tienda\/wp-json\/wp\/v2\/media?parent=58289"}],"wp:term":[{"taxonomy":"product_cat","embeddable":true,"href":"https:\/\/www.experimenta.es\/tienda\/wp-json\/wp\/v2\/product_cat?post=58289"},{"taxonomy":"product_tag","embeddable":true,"href":"https:\/\/www.experimenta.es\/tienda\/wp-json\/wp\/v2\/product_tag?post=58289"}],"curies":[{"name":"wp","href":"https:\/\/api.w.org\/{rel}","templated":true}]}}