{"id":58346,"date":"2020-12-13T17:08:00","date_gmt":"2020-12-13T16:08:00","guid":{"rendered":"https:\/\/www.experimenta.es\/tienda\/?post_type=product&#038;p=58346"},"modified":"2024-02-12T11:44:24","modified_gmt":"2024-02-12T10:44:24","slug":"diseno-y-franquismo-dificultades-y-paradojas-de-la-modernizacion-en-espana","status":"publish","type":"product","link":"https:\/\/www.experimenta.es\/tienda\/producto\/diseno-y-franquismo-dificultades-y-paradojas-de-la-modernizacion-en-espana\/","title":{"rendered":"Dise\u00f1o y Franquismo. Dificultades y paradojas de la modernizaci\u00f3n en Espa\u00f1a"},"content":{"rendered":"<p><strong>La idea de dise\u00f1o, el debate sobre su papel social, su organizaci\u00f3n como nueva profesi\u00f3n, la fundaci\u00f3n de las primeras escuelas, los premios para incentivarlo, etc. son iniciativas nacidas en los a\u00f1os de franquismo y, en muchas ocasiones, a pesar de \u00e9l.<\/strong> Una circunstancia excepcional para acunar y ver crecer lo que en otros pa\u00edses europeos iba de la mano de la modernidad, del desarrollo social y de una cultura democr\u00e1tica.<\/p>\n<p>En este sentido, la lectura de este libro no solo ha de concitar el inter\u00e9s de estudiantes, profesionales y estudiosos del dise\u00f1o, el arte y la arquitectura sino tambi\u00e9n puede resultar provechosa para todos aquellos interesados en <strong>profundizar sobre porqu\u00e9 ciertas manifestaciones de modernidad pueden prosperar a\u00fan en condiciones adversas. <\/strong><\/p>\n<p>&nbsp;<\/p>\n<p><span class=\"Apple-converted-space\">SOBRE EL EDITOR<br \/>\n<\/span><strong>Oriol Pibernat<\/strong> (Barcelona 1958) es historiador y dise\u00f1ador. Graduado en Historia del Arte y M\u00e1ster Oficial EEES en M\u00e9todos y T\u00e9cnicas avanzadas de Investigaci\u00f3n en Historia, Arte y Geograf\u00eda (UNED), tambi\u00e9n realizo estudios de Dise\u00f1o (Eina\/UAB y Humanidades (UOC). Actualmente es profesor en EINA, centro universitario del que ha sido director entre 1999 y 2016. Es autor de art\u00edculos y libros sobre dise\u00f1o, as\u00ed como editor y ha comisariado diversas exposiciones.<\/p>\n<p>En esta obra, participan como autores:<br \/>\n<strong>Oriol Pibernat, Teresa Bastardes, Isabel Campi, Isabel Del R\u00edo, Guillem Celada, Guim Espelt Estop\u00e0, Mar\u00eda Jos\u00e9 Balcells Alegre, M. \u00c0ngels Fortea, H\u00e9ctor Garc\u00eda-Diego, Silvia Garc\u00eda Gonz\u00e1lez, Jordi Gr\u00e0cia i Garc\u00eda, \u00c0lex Mitrani, Maria Pauner de Moragas, Raquel Pelta, Silvia Puig, \u00d3scar Salinas Flores, Silvia Segarra, S\u00edlvia Ros\u00e9s, Mar\u00eda Villanueva.<\/strong><\/p>\n","protected":false},"excerpt":{"rendered":"<p><span style=\"color: #ff0000;\"><span style=\"color: #000000;\">Autor: <span style=\"color: #ff0000;\">Oriol Pibernat (ed) \/ VVAA<\/span><\/span><\/span><\/p>\n<p>&nbsp;<\/p>\n<p>\u00bfDise\u00f1o y franquismo? \u00bfDe qu\u00e9 estamos hablando con un t\u00edtulo tan poco usual?<br \/>\nBajo este enunciado se recogen diversos estudios que <strong>nos invitan a reflexionar sobre las dificultades y paradojas de la modernizaci\u00f3n espa\u00f1ola.<\/strong><\/p>\n<p>\u00b7 ISBN: 978-84-18049-38-5<br \/>\n\u00b7 Edici\u00f3n 2020. Experimenta Libros<br \/>\n\u00b7 Medidas: 16 x 23 cm<br \/>\n\u00b7 P\u00e1ginas: 300<br \/>\n\u00b7 Impresi\u00f3n interior: color con im\u00e1genes<br \/>\n\u00b7 Encuadernaci\u00f3n: r\u00fastica<\/p>\n","protected":false},"featured_media":58347,"comment_status":"open","ping_status":"closed","template":"","meta":[],"product_cat":[9892,9898,7313],"product_tag":[9764,9735,9638,9591,9641,9707,9763,9708,9762,9765,9786,9778],"jetpack_sharing_enabled":true,"_links":{"self":[{"href":"https:\/\/www.experimenta.es\/tienda\/wp-json\/wp\/v2\/product\/58346"}],"collection":[{"href":"https:\/\/www.experimenta.es\/tienda\/wp-json\/wp\/v2\/product"}],"about":[{"href":"https:\/\/www.experimenta.es\/tienda\/wp-json\/wp\/v2\/types\/product"}],"replies":[{"embeddable":true,"href":"https:\/\/www.experimenta.es\/tienda\/wp-json\/wp\/v2\/comments?post=58346"}],"wp:featuredmedia":[{"embeddable":true,"href":"https:\/\/www.experimenta.es\/tienda\/wp-json\/wp\/v2\/media\/58347"}],"wp:attachment":[{"href":"https:\/\/www.experimenta.es\/tienda\/wp-json\/wp\/v2\/media?parent=58346"}],"wp:term":[{"taxonomy":"product_cat","embeddable":true,"href":"https:\/\/www.experimenta.es\/tienda\/wp-json\/wp\/v2\/product_cat?post=58346"},{"taxonomy":"product_tag","embeddable":true,"href":"https:\/\/www.experimenta.es\/tienda\/wp-json\/wp\/v2\/product_tag?post=58346"}],"curies":[{"name":"wp","href":"https:\/\/api.w.org\/{rel}","templated":true}]}}

Diseño y Franquismo. Dificultades y paradojas de la modernización en España

<p><strong>La idea de diseño, el debate sobre su papel social, su organización como nueva profesión, la fundación de las primeras escuelas, los premios para incentivarlo, etc. son iniciativas nacidas en los años de franquismo y, en muchas ocasiones, a pesar de él.</strong> Una circunstancia excepcional para acunar y ver crecer lo que en otros países europeos iba de la mano de la modernidad, del desarrollo social y de una cultura democrática.</p>
<p>En este sentido, la lectura de este libro no solo ha de concitar el interés de estudiantes, profesionales y estudiosos del diseño, el arte y la arquitectura sino también puede resultar provechosa para todos aquellos interesados en <strong>profundizar sobre porqué ciertas manifestaciones de modernidad pueden prosperar aún en condiciones adversas. </strong></p>
<p>&nbsp;</p>
<p><span class="Apple-converted-space">SOBRE EL EDITOR<br />
</span><strong>Oriol Pibernat</strong> (Barcelona 1958) es historiador y diseñador. Graduado en Historia del Arte y Máster Oficial EEES en Métodos y Técnicas avanzadas de Investigación en Historia, Arte y Geografía (UNED), también realizo estudios de Diseño (Eina/UAB y Humanidades (UOC). Actualmente es profesor en EINA, centro universitario del que ha sido director entre 1999 y 2016. Es autor de artículos y libros sobre diseño, así como editor y ha comisariado diversas exposiciones.</p>
<p>En esta obra, participan como autores:<br />
<strong>Oriol Pibernat, Teresa Bastardes, Isabel Campi, Isabel Del Río, Guillem Celada, Guim Espelt Estopà, María José Balcells Alegre, M. Àngels Fortea, Héctor García-Diego, Silvia García González, Jordi Gràcia i García, Àlex Mitrani, Maria Pauner de Moragas, Raquel Pelta, Silvia Puig, Óscar Salinas Flores, Silvia Segarra, Sílvia Rosés, María Villanueva.</strong></p>

<p><span style="color: #ff0000;"><span style="color: #000000;">Autor: <span style="color: #ff0000;">Oriol Pibernat (ed) / VVAA</span></span></span></p>
<p>&nbsp;</p>
<p>¿Diseño y franquismo? ¿De qué estamos hablando con un título tan poco usual?<br />
Bajo este enunciado se recogen diversos estudios que <strong>nos invitan a reflexionar sobre las dificultades y paradojas de la modernización española.</strong></p>
<p>· ISBN: 978-84-18049-38-5<br />
· Edición 2020. Experimenta Libros<br />
· Medidas: 16 x 23 cm<br />
· Páginas: 300<br />
· Impresión interior: color con imágenes<br />
· Encuadernación: rústica</p>
