{"id":58360,"date":"2020-12-13T19:50:35","date_gmt":"2020-12-13T18:50:35","guid":{"rendered":"https:\/\/www.experimenta.es\/tienda\/?post_type=product&#038;p=58360"},"modified":"2025-10-31T12:53:39","modified_gmt":"2025-10-31T11:53:39","slug":"tecendo-a-historia-ma-elena-montero-e-luis-seoane","status":"publish","type":"product","link":"https:\/\/www.experimenta.es\/tienda\/producto\/tecendo-a-historia-ma-elena-montero-e-luis-seoane\/","title":{"rendered":"Tecendo a historia. M\u00aa Elena Montero e Luis Seoane."},"content":{"rendered":"<p><em>A Ardi\u00f1a<\/em> [La ardilla] ser\u00eda el nombre de esta empresa cultural para cuya creaci\u00f3n <strong>Luis Seoane y Mar\u00eda Elena Montero<\/strong> trabajaron conjuntamente. \u00c9l enviando desde el exilio argentino sus cartones numerados, y ella tejiendo desde Galicia en un telar de alto lizo especialmente construido para la tarea por su marido V\u00e1quez Freire, ceramista y amigo de Luis Seoane. Seoane no lleg\u00f3 a ver en vida la exposici\u00f3n que presentaba esta empresa en la Galer\u00eda Citania y que tuvo lugar en 1979.<\/p>\n<p>Cuarenta a\u00f1os despu\u00e9s, la Fundaci\u00f3n DIDAC <strong>vuelve a reunir los tapices y a mostrarlos en una exposici\u00f3n individual que reivindica una vez m\u00e1s la plena contemporaneidad del trabajo de Luis Seoane<\/strong> y su labor de precursor en muchas de las derivas que a\u00f1os m\u00e1s tarde tomar\u00eda el arte contempor\u00e1neo hecho en Galicia pero con vocaci\u00f3n universal. La publicaci\u00f3n contiene im\u00e1genes de la serie de tapices, un texto del comisario de la exposici\u00f3n David Barro y otro de la conservadora jefa de la Fundaci\u00f3n Luis Seoane, Carmela Montero, as\u00ed como un texto in\u00e9dito de Isaac D\u00edaz Pardo escrito con motivo de la exposici\u00f3n en la compostelana Galer\u00eda Citania.<\/p>\n","protected":false},"excerpt":{"rendered":"<p><span style=\"color: #ff0000;\"><span style=\"color: #000000;\">Autores: <span style=\"color: #ff0000;\">David Barro, Isaac D\u00edaz Pardo, Carmela Montero<\/span><\/span><\/span><\/p>\n<div>Edici\u00f3n biling\u00fce (Galego\/Castellano)<\/div>\n<p>Con motivo de la exposici\u00f3n <em>M\u00aa Elena Montero e Luis Seoane. Tecendo a historia<\/em>, la Fundaci\u00f3n DIDAC y DARDO publican <strong>este libro que recoge la historia de este \u00faltimo emprendimiento de Luis Seoane<\/strong>, fallecido en 1979 sin poder presentar en vida este proyecto colectivo desarrollado con Mar\u00eda Elena Montero, la artesana a quien confi\u00f3 sus dibujos.<\/p>\n<p>&nbsp;<\/p>\n<p>\u00b7 ISBN: 978-84-92-772-69-28<br \/>\n\u00b7 Medidas: 15 x 21 cm<br \/>\n\u00b7 P\u00e1ginas: 108<br \/>\n\u00b7 Impresi\u00f3n interior: color<br \/>\n\u00b7 Encuadernaci\u00f3n: cosido vista<\/p>\n","protected":false},"featured_media":58367,"comment_status":"open","ping_status":"closed","template":"","meta":[],"product_cat":[9897,7313],"product_tag":[9806,9591,9641,9807,9707,9763,9762,9765],"jetpack_sharing_enabled":true,"_links":{"self":[{"href":"https:\/\/www.experimenta.es\/tienda\/wp-json\/wp\/v2\/product\/58360"}],"collection":[{"href":"https:\/\/www.experimenta.es\/tienda\/wp-json\/wp\/v2\/product"}],"about":[{"href":"https:\/\/www.experimenta.es\/tienda\/wp-json\/wp\/v2\/types\/product"}],"replies":[{"embeddable":true,"href":"https:\/\/www.experimenta.es\/tienda\/wp-json\/wp\/v2\/comments?post=58360"}],"wp:featuredmedia":[{"embeddable":true,"href":"https:\/\/www.experimenta.es\/tienda\/wp-json\/wp\/v2\/media\/58367"}],"wp:attachment":[{"href":"https:\/\/www.experimenta.es\/tienda\/wp-json\/wp\/v2\/media?parent=58360"}],"wp:term":[{"taxonomy":"product_cat","embeddable":true,"href":"https:\/\/www.experimenta.es\/tienda\/wp-json\/wp\/v2\/product_cat?post=58360"},{"taxonomy":"product_tag","embeddable":true,"href":"https:\/\/www.experimenta.es\/tienda\/wp-json\/wp\/v2\/product_tag?post=58360"}],"curies":[{"name":"wp","href":"https:\/\/api.w.org\/{rel}","templated":true}]}}