{"id":58368,"date":"2020-12-13T20:04:42","date_gmt":"2020-12-13T19:04:42","guid":{"rendered":"https:\/\/www.experimenta.es\/tienda\/?post_type=product&#038;p=58368"},"modified":"2025-10-09T10:34:17","modified_gmt":"2025-10-09T08:34:17","slug":"el-libro-en-abismo-relaciones-y-transferencias-entre-imagen-y-dispositivo-en-el-libro-de-artista","status":"publish","type":"product","link":"https:\/\/www.experimenta.es\/tienda\/producto\/el-libro-en-abismo-relaciones-y-transferencias-entre-imagen-y-dispositivo-en-el-libro-de-artista\/","title":{"rendered":"El libro en abismo. Relaciones y transferencias entre imagen y dispositivo en el libro de artista."},"content":{"rendered":"<p>En el primer cap\u00edtulo se analizan las posibilidades del medio \u201clibro\u201d para la pr\u00e1ctica art\u00edstica. El segundo cap\u00edtulo trata de comprender y analizar, por una parte, los mecanismos y significados de obras contempor\u00e1neas que exploran la relaci\u00f3n entre forma y contenido, y por otra, c\u00f3mo se utiliza la mise en ab\u00eeme en la pr\u00e1ctica art\u00edstica contempor\u00e1nea. El tercer cap\u00edtulo analiza y categoriza los ejemplos de mise en ab\u00eeme en libros de artista.<\/p>\n<p>El ensayo se completa con un ep\u00edlogo en el que se da cuenta de las implicaciones que la puesta en abismo supone para el libro de artista, y termina con un apartado de referencias bibliogr\u00e1ficas y editoriales.<\/p>\n","protected":false},"excerpt":{"rendered":"<p><span style=\"color: #ff0000;\"><span style=\"color: #000000;\">Autores: <span style=\"color: #ff0000;\">Mar\u00eda Prada<\/span><\/span><\/span><\/p>\n<div>Edici\u00f3n en espa\u00f1ol<\/div>\n<p><em>El libro en abismo, relaciones y transferencias entre imagen y dispositivo en el libro de artista<\/em> es <strong>una reflexi\u00f3n sobre el concepto de libro en abismo<\/strong> a partir de una colecci\u00f3n de m\u00e1s de un centenar de <strong>publicaciones y libros de artista<\/strong> que a su vez realizan distintas aproximaciones al libro como soporte y veh\u00edculo para la pr\u00e1ctica art\u00edstica.<\/p>\n<p>&nbsp;<\/p>\n<p>\u00b7 ISBN: 978-84-92772-65-0<br \/>\n\u00b7 Medidas: 16,8 x 23 cm<br \/>\n\u00b7 P\u00e1ginas: 328<br \/>\n\u00b7 Impresi\u00f3n interior: color<br \/>\n\u00b7 Encuadernaci\u00f3n: r\u00fastica cosida con guardas<\/p>\n","protected":false},"featured_media":58369,"comment_status":"open","ping_status":"closed","template":"","meta":[],"product_cat":[9897,7313],"product_tag":[9806,9591,9641,9807,9707,9763,9762,9765],"jetpack_sharing_enabled":true,"_links":{"self":[{"href":"https:\/\/www.experimenta.es\/tienda\/wp-json\/wp\/v2\/product\/58368"}],"collection":[{"href":"https:\/\/www.experimenta.es\/tienda\/wp-json\/wp\/v2\/product"}],"about":[{"href":"https:\/\/www.experimenta.es\/tienda\/wp-json\/wp\/v2\/types\/product"}],"replies":[{"embeddable":true,"href":"https:\/\/www.experimenta.es\/tienda\/wp-json\/wp\/v2\/comments?post=58368"}],"wp:featuredmedia":[{"embeddable":true,"href":"https:\/\/www.experimenta.es\/tienda\/wp-json\/wp\/v2\/media\/58369"}],"wp:attachment":[{"href":"https:\/\/www.experimenta.es\/tienda\/wp-json\/wp\/v2\/media?parent=58368"}],"wp:term":[{"taxonomy":"product_cat","embeddable":true,"href":"https:\/\/www.experimenta.es\/tienda\/wp-json\/wp\/v2\/product_cat?post=58368"},{"taxonomy":"product_tag","embeddable":true,"href":"https:\/\/www.experimenta.es\/tienda\/wp-json\/wp\/v2\/product_tag?post=58368"}],"curies":[{"name":"wp","href":"https:\/\/api.w.org\/{rel}","templated":true}]}}

<p>En el primer capítulo se analizan las posibilidades del medio “libro” para la práctica artística. El segundo capítulo trata de comprender y analizar, por una parte, los mecanismos y significados de obras contemporáneas que exploran la relación entre forma y contenido, y por otra, cómo se utiliza la mise en abîme en la práctica artística contemporánea. El tercer capítulo analiza y categoriza los ejemplos de mise en abîme en libros de artista.</p>
<p>El ensayo se completa con un epílogo en el que se da cuenta de las implicaciones que la puesta en abismo supone para el libro de artista, y termina con un apartado de referencias bibliográficas y editoriales.</p>

<p><span style="color: #ff0000;"><span style="color: #000000;">Autores: <span style="color: #ff0000;">María Prada</span></span></span></p>
<div>Edición en español</div>
<p><em>El libro en abismo, relaciones y transferencias entre imagen y dispositivo en el libro de artista</em> es <strong>una reflexión sobre el concepto de libro en abismo</strong> a partir de una colección de más de un centenar de <strong>publicaciones y libros de artista</strong> que a su vez realizan distintas aproximaciones al libro como soporte y vehículo para la práctica artística.</p>
<p>&nbsp;</p>
<p>· ISBN: 978-84-92772-65-0<br />
· Medidas: 16,8 x 23 cm<br />
· Páginas: 328<br />
· Impresión interior: color<br />
· Encuadernación: rústica cosida con guardas</p>
