{"id":58393,"date":"2020-12-13T20:57:49","date_gmt":"2020-12-13T19:57:49","guid":{"rendered":"https:\/\/www.experimenta.es\/tienda\/?post_type=product&#038;p=58393"},"modified":"2023-10-02T12:38:27","modified_gmt":"2023-10-02T10:38:27","slug":"arte-cidade-zona-leste","status":"publish","type":"product","link":"https:\/\/www.experimenta.es\/tienda\/producto\/arte-cidade-zona-leste\/","title":{"rendered":"Arte\/Cidade Zona Leste"},"content":{"rendered":"<p>En esta ocasi\u00f3n, <strong>el libro recoge las intervenciones desarrolladas por artistas y arquitectos en diferentes localizaciones de la zona este de S\u00e3o Paulo en el a\u00f1o 2002<\/strong>. El proyecto est\u00e1 realizado con el apoyo del Programa Brasil Arte Contempor\u00e2nea, de la Funda\u00e7\u00e3o Bienal de S\u00e3o Paulo y del Minist\u00e9rio de Cultura de Brasil. En lo que se refiere al dise\u00f1o, destaca el gigantesco gr\u00e1fico de densidades que, convertido en mapa de la zona, estructura visualmente el libro. Crom\u00e1ticamente, se recoge el testigo del anterior volumen de Arte\/Cidade, <strong>destacando las fotograf\u00edas en blanco y negro del fot\u00f3grafo C\u00e1ssio Vasconcellos<\/strong> y el uso del rojo como identificador de este proyecto social.<\/p>\n<p>En esta publicaci\u00f3n podemos encontrar informaci\u00f3n detallada de las intervenciones de: Krzysztof Wodiczko, Rem Koolhaas, Acconci Studio, Atelier Van Lieshout, Regina Silveira, Maur\u00edcio Dias &amp; Walter Riedweg, Waltercio Caldas o Marco Giannotti, entre otros.<\/p>\n","protected":false},"excerpt":{"rendered":"<p><span style=\"color: #ff0000;\"><span style=\"color: #000000;\">Autores: <span style=\"color: #ff0000;\">Nelson Brissac Peixoto<\/span><\/span><\/span><\/p>\n<div>Edici\u00f3n triling\u00fce (Espa\u00f1ol\/Ingl\u00e9s\/Portugu\u00e9s)<\/div>\n<div><\/div>\n<p>Arte\/Cidade Zona Leste <strong>es la tercera publicaci\u00f3n generada para documentar el proyecto de arte urbano Arte\/Cidade<\/strong>, sin duda uno de los referentes a tener en cuenta a nivel mundial, en lo que a intervenciones art\u00edsticas en el espacio urbano se refiere. Nelson Brissac Peixoto, fil\u00f3sofo y comisario de Arte\/Cidade desde 1994 y en sus sucesivas ediciones, es adem\u00e1s el autor de los textos incluidos en la publicaci\u00f3n.<\/p>\n<p>&nbsp;<\/p>\n<p>\u00b7 ISBN: 978-84-92772-23-0<br \/>\n\u00b7 Medidas: 17 x 24 cm<br \/>\n\u00b7 P\u00e1ginas: 392<br \/>\n\u00b7 Impresi\u00f3n interior: color<br \/>\n\u00b7 Encuadernaci\u00f3n: r\u00fastica<\/p>\n","protected":false},"featured_media":58394,"comment_status":"open","ping_status":"closed","template":"","meta":[],"product_cat":[9894,9897,7313],"product_tag":[9713,9806,9641,9824,9807,9762,9765],"jetpack_sharing_enabled":true,"_links":{"self":[{"href":"https:\/\/www.experimenta.es\/tienda\/wp-json\/wp\/v2\/product\/58393"}],"collection":[{"href":"https:\/\/www.experimenta.es\/tienda\/wp-json\/wp\/v2\/product"}],"about":[{"href":"https:\/\/www.experimenta.es\/tienda\/wp-json\/wp\/v2\/types\/product"}],"replies":[{"embeddable":true,"href":"https:\/\/www.experimenta.es\/tienda\/wp-json\/wp\/v2\/comments?post=58393"}],"wp:featuredmedia":[{"embeddable":true,"href":"https:\/\/www.experimenta.es\/tienda\/wp-json\/wp\/v2\/media\/58394"}],"wp:attachment":[{"href":"https:\/\/www.experimenta.es\/tienda\/wp-json\/wp\/v2\/media?parent=58393"}],"wp:term":[{"taxonomy":"product_cat","embeddable":true,"href":"https:\/\/www.experimenta.es\/tienda\/wp-json\/wp\/v2\/product_cat?post=58393"},{"taxonomy":"product_tag","embeddable":true,"href":"https:\/\/www.experimenta.es\/tienda\/wp-json\/wp\/v2\/product_tag?post=58393"}],"curies":[{"name":"wp","href":"https:\/\/api.w.org\/{rel}","templated":true}]}}

<p>En esta ocasión, <strong>el libro recoge las intervenciones desarrolladas por artistas y arquitectos en diferentes localizaciones de la zona este de São Paulo en el año 2002</strong>. El proyecto está realizado con el apoyo del Programa Brasil Arte Contemporânea, de la Fundação Bienal de São Paulo y del Ministério de Cultura de Brasil. En lo que se refiere al diseño, destaca el gigantesco gráfico de densidades que, convertido en mapa de la zona, estructura visualmente el libro. Cromáticamente, se recoge el testigo del anterior volumen de Arte/Cidade, <strong>destacando las fotografías en blanco y negro del fotógrafo Cássio Vasconcellos</strong> y el uso del rojo como identificador de este proyecto social.</p>
<p>En esta publicación podemos encontrar información detallada de las intervenciones de: Krzysztof Wodiczko, Rem Koolhaas, Acconci Studio, Atelier Van Lieshout, Regina Silveira, Maurício Dias &amp; Walter Riedweg, Waltercio Caldas o Marco Giannotti, entre otros.</p>

<p><span style="color: #ff0000;"><span style="color: #000000;">Autores: <span style="color: #ff0000;">Nelson Brissac Peixoto</span></span></span></p>
<div>Edición trilingüe (Español/Inglés/Portugués)</div>
<div></div>
<p>Arte/Cidade Zona Leste <strong>es la tercera publicación generada para documentar el proyecto de arte urbano Arte/Cidade</strong>, sin duda uno de los referentes a tener en cuenta a nivel mundial, en lo que a intervenciones artísticas en el espacio urbano se refiere. Nelson Brissac Peixoto, filósofo y comisario de Arte/Cidade desde 1994 y en sus sucesivas ediciones, es además el autor de los textos incluidos en la publicación.</p>
<p>&nbsp;</p>
<p>· ISBN: 978-84-92772-23-0<br />
· Medidas: 17 x 24 cm<br />
· Páginas: 392<br />
· Impresión interior: color<br />
· Encuadernación: rústica</p>
