{"id":58930,"date":"2021-03-24T12:28:09","date_gmt":"2021-03-24T11:28:09","guid":{"rendered":"https:\/\/www.experimenta.es\/tienda\/?post_type=product&#038;p=58930"},"modified":"2024-11-09T11:56:45","modified_gmt":"2024-11-09T10:56:45","slug":"revista-experimenta-88","status":"publish","type":"product","link":"https:\/\/www.experimenta.es\/tienda\/producto\/revista-experimenta-88\/","title":{"rendered":"Revista Experimenta 88"},"content":{"rendered":"<p>El dise\u00f1o tiene mucho que ofrecer en el terreno de la inclusi\u00f3n y en la creaci\u00f3n de las condiciones que permitan mejorar la vida de todos. No se trata de caer en la trampa de \u201cdise\u00f1ar para sectores excluidos\u201d: se trata de pensar nuestra actividad desde una verdadera dimensi\u00f3n inclusiva que considere a la totalidad o, en su defecto, al mayor n\u00famero de personas, como parte fundamental del proceso.<br \/>\nPorque, conscientes o no, <strong>\u201clas personas que dise\u00f1an los puntos de contacto de la sociedad determinan qui\u00e9n puede participar y qui\u00e9n queda afuera\u201d<\/strong>, tal y como afirma <strong>Kat Holmes<\/strong> en su libro <strong>Mismatch. C\u00f3mo la inclusi\u00f3n da forma al dise\u00f1o, la tecnolog\u00eda y la sociedad.<\/strong><\/p>\n<p>Sin embargo, a\u00fan falta mucho terreno por recorrer desde el dise\u00f1o para, incluso, superar sus propias barreras. Como afirma <strong>Eugenio Vega<\/strong> en su art\u00edculo \u201cLa necesidad y la virtud (del dise\u00f1o)\u201d en esta edici\u00f3n de Experimenta: <strong>\u201cla presencia social del dise\u00f1o se apoya en una limitada formulaci\u00f3n de su pr\u00e1ctica que no contribuye a explicar sus objetivos y m\u00e9todos a una gran parte de los usuarios\u201d<\/strong>.<\/p>\n<p>En esta edici\u00f3n 88 de Experimenta, <strong>Pablo D\u00e1vila Casta\u00f1eda<\/strong> nos introduce en la tarea de <strong>COCEMFE<\/strong> (Confederaci\u00f3n Espa\u00f1ola de Personas con Discapacidad F\u00edsica y Org\u00e1nica) a partir de la edici\u00f3n de un libro que resume el impacto de la actividad que desarrolla; en nuestra secci\u00f3n ZUM hacemos un repaso de <strong>proyectos innovadores vinculados al \u00e1mbito de la salud<\/strong>; y desde el <strong>colectivo Un Mundo Feliz<\/strong> nos invitan a reflexionar sobre el <strong>activismo gr\u00e1fico<\/strong> y su importancia para saltar trincheras, barreras y fronteras. <strong>Felipe Taborda<\/strong> nos trae la obra y la reflexi\u00f3n compartida de tres grandes dise\u00f1adores: <strong>Gitte Kath<\/strong>, <strong>\u00c1lvaro Sotillo<\/strong> y <strong>Ling-Hung Sophia Shih<\/strong>. Adem\u00e1s, celebramos los diez a\u00f1os del <strong>Palacio Quintanar de Segovia<\/strong>, y disfrutamos de una extensa entrevista al maestro <strong>Andr\u00e9 Ricard<\/strong>. Y por supuesto, rendimos homenaje al genial <strong>Alberto Coraz\u00f3n en palabras de sus hijos Oyer y Baruc<\/strong>, junto con un art\u00edculo que recuerda su trayectoria como dise\u00f1ador escrito por <strong>Manuel Estrada<\/strong>. Una edici\u00f3n que invita al colectivo profesional a incorporar activamente la empat\u00eda y la inclusi\u00f3n como ejes fundamentales que permitan redefinir nuestra actividad.<\/p>\n<p>Bienvenidos a Experimenta 88: Superar las barreras, dise\u00f1o e inclusi\u00f3n.<\/p>\n","protected":false},"excerpt":{"rendered":"<p><strong>Superar las barreras: dise\u00f1o e inclusi\u00f3n.<\/strong><br \/>\nDe superar las barreras y del rol del dise\u00f1o para la construcci\u00f3n de una sociedad inclusiva, transita esta nueva edici\u00f3n de Experimenta.<\/p>\n<p>Se trata entonces de entender la dimensi\u00f3n compleja de nuestra actividad, del impacto que produce en la sociedad y de su capacidad de construir o derribar barreras. Algo que nos obliga a <strong>asumir de qu\u00e9 lado estaremos como colectivo profesional e incorporar activamente la empat\u00eda y la inclusi\u00f3n como ejes fundamentales que permitan redefinir nuestra actividad.<\/strong><\/p>\n<div class=\"page\" title=\"Page 4\">\n<div class=\"layoutArea\">\n<div class=\"column\">\n<p>\u00b7 Edici\u00f3n: Primavera 2021<br \/>\n\u00b7 ISBN: 978-84-18049-47-7<br \/>\n\u00b7 Medidas: 23 x 26,5 cm<br \/>\n\u00b7 P\u00e1ginas: 120<\/p>\n<\/div>\n<\/div>\n<\/div>\n","protected":false},"featured_media":58932,"comment_status":"open","ping_status":"closed","template":"","meta":[],"product_cat":[7311],"product_tag":[9713,9732,9730,9735,9638,9591,9777,9766,9748,9707,9708,9714,9762],"jetpack_sharing_enabled":true,"_links":{"self":[{"href":"https:\/\/www.experimenta.es\/tienda\/wp-json\/wp\/v2\/product\/58930"}],"collection":[{"href":"https:\/\/www.experimenta.es\/tienda\/wp-json\/wp\/v2\/product"}],"about":[{"href":"https:\/\/www.experimenta.es\/tienda\/wp-json\/wp\/v2\/types\/product"}],"replies":[{"embeddable":true,"href":"https:\/\/www.experimenta.es\/tienda\/wp-json\/wp\/v2\/comments?post=58930"}],"wp:featuredmedia":[{"embeddable":true,"href":"https:\/\/www.experimenta.es\/tienda\/wp-json\/wp\/v2\/media\/58932"}],"wp:attachment":[{"href":"https:\/\/www.experimenta.es\/tienda\/wp-json\/wp\/v2\/media?parent=58930"}],"wp:term":[{"taxonomy":"product_cat","embeddable":true,"href":"https:\/\/www.experimenta.es\/tienda\/wp-json\/wp\/v2\/product_cat?post=58930"},{"taxonomy":"product_tag","embeddable":true,"href":"https:\/\/www.experimenta.es\/tienda\/wp-json\/wp\/v2\/product_tag?post=58930"}],"curies":[{"name":"wp","href":"https:\/\/api.w.org\/{rel}","templated":true}]}}

<p>El diseño tiene mucho que ofrecer en el terreno de la inclusión y en la creación de las condiciones que permitan mejorar la vida de todos. No se trata de caer en la trampa de “diseñar para sectores excluidos”: se trata de pensar nuestra actividad desde una verdadera dimensión inclusiva que considere a la totalidad o, en su defecto, al mayor número de personas, como parte fundamental del proceso.<br />
Porque, conscientes o no, <strong>“las personas que diseñan los puntos de contacto de la sociedad determinan quién puede participar y quién queda afuera”</strong>, tal y como afirma <strong>Kat Holmes</strong> en su libro <strong>Mismatch. Cómo la inclusión da forma al diseño, la tecnología y la sociedad.</strong></p>
<p>Sin embargo, aún falta mucho terreno por recorrer desde el diseño para, incluso, superar sus propias barreras. Como afirma <strong>Eugenio Vega</strong> en su artículo “La necesidad y la virtud (del diseño)” en esta edición de Experimenta: <strong>“la presencia social del diseño se apoya en una limitada formulación de su práctica que no contribuye a explicar sus objetivos y métodos a una gran parte de los usuarios”</strong>.</p>
<p>En esta edición 88 de Experimenta, <strong>Pablo Dávila Castañeda</strong> nos introduce en la tarea de <strong>COCEMFE</strong> (Confederación Española de Personas con Discapacidad Física y Orgánica) a partir de la edición de un libro que resume el impacto de la actividad que desarrolla; en nuestra sección ZUM hacemos un repaso de <strong>proyectos innovadores vinculados al ámbito de la salud</strong>; y desde el <strong>colectivo Un Mundo Feliz</strong> nos invitan a reflexionar sobre el <strong>activismo gráfico</strong> y su importancia para saltar trincheras, barreras y fronteras. <strong>Felipe Taborda</strong> nos trae la obra y la reflexión compartida de tres grandes diseñadores: <strong>Gitte Kath</strong>, <strong>Álvaro Sotillo</strong> y <strong>Ling-Hung Sophia Shih</strong>. Además, celebramos los diez años del <strong>Palacio Quintanar de Segovia</strong>, y disfrutamos de una extensa entrevista al maestro <strong>André Ricard</strong>. Y por supuesto, rendimos homenaje al genial <strong>Alberto Corazón en palabras de sus hijos Oyer y Baruc</strong>, junto con un artículo que recuerda su trayectoria como diseñador escrito por <strong>Manuel Estrada</strong>. Una edición que invita al colectivo profesional a incorporar activamente la empatía y la inclusión como ejes fundamentales que permitan redefinir nuestra actividad.</p>
<p>Bienvenidos a Experimenta 88: Superar las barreras, diseño e inclusión.</p>

<p><strong>Superar las barreras: diseño e inclusión.</strong><br />
De superar las barreras y del rol del diseño para la construcción de una sociedad inclusiva, transita esta nueva edición de Experimenta.</p>
<p>Se trata entonces de entender la dimensión compleja de nuestra actividad, del impacto que produce en la sociedad y de su capacidad de construir o derribar barreras. Algo que nos obliga a <strong>asumir de qué lado estaremos como colectivo profesional e incorporar activamente la empatía y la inclusión como ejes fundamentales que permitan redefinir nuestra actividad.</strong></p>
<div class="page" title="Page 4">
<div class="layoutArea">
<div class="column">
<p>· Edición: Primavera 2021<br />
· ISBN: 978-84-18049-47-7<br />
· Medidas: 23 x 26,5 cm<br />
· Páginas: 120</p>
</div>
</div>
</div>
