{"id":58945,"date":"2021-03-26T12:27:21","date_gmt":"2021-03-26T11:27:21","guid":{"rendered":"https:\/\/www.experimenta.es\/tienda\/?post_type=product&#038;p=58945"},"modified":"2025-01-13T00:24:19","modified_gmt":"2025-01-12T23:24:19","slug":"confluencias-supersignos-graficos-felix-beltran-y-cruz-novillo","status":"publish","type":"product","link":"https:\/\/www.experimenta.es\/tienda\/producto\/confluencias-supersignos-graficos-felix-beltran-y-cruz-novillo\/","title":{"rendered":"Confluencias. Supersignos gr\u00e1ficos F\u00e9lix Beltr\u00e1n y Cruz Novillo"},"content":{"rendered":"<p>Los editores\u2013dise\u00f1adores de esta obra han logrado transformar un manual b\u00e1sico sobre los principios de la comunicaci\u00f3n visual en una exposici\u00f3n notablemente en\u00e9rgica que anima a los lectores, ante todo, a aprender a ver. Su estrategia para destilar las complejidades del pensamiento del dise\u00f1o en momentos cristalinos de comprensi\u00f3n refleja un emparejamiento magistral del ejemplo visual con la palabra escrita, la esencia de la ense\u00f1anza y del dise\u00f1o mismo.<br \/>\n<strong>Los trabajos de F\u00e9lix Beltr\u00e1n y Pepe Cruz Novillo, dos dise\u00f1adores iberoamericanos pioneros, se utilizan para ejemplificar principios destacados.<\/strong> Todas las im\u00e1genes comparten los mismos fundamentos, mientras que divergen, aqu\u00ed y all\u00e1, en formas personales e idiosincr\u00e1sicas. Los textos escogidos para acompa\u00f1ar cada obra son muy espec\u00edficos, facilitando las conexiones directas entre la teor\u00eda y la pr\u00e1ctica, pero tambi\u00e9n llevando sutilmente a comparaciones inesperadas y caminos independientes de investigaci\u00f3n. Es <strong>un enfoque para discutir los principios de dise\u00f1o.<\/strong><\/p>\n<p>&nbsp;<\/p>\n<p><span class=\"Apple-converted-space\">SOBRE LOS AUTORES<br \/>\n<\/span><strong>Sonia D\u00edaz<\/strong> es dise\u00f1adora gr\u00e1fica, est\u00e1 licenciada en Bellas Artes por la Universidad de Salamanca, Publicidad y Relaciones P\u00fablicas por la Universidad Complutense de Madrid y Periodismo por la Universidad Carlos III de Madrid. Es magister en Museograf\u00eda y exposiciones por la UCM. Ha impartido docencia en cursos de especializaci\u00f3n y masters de dise\u00f1o, gesti\u00f3n cultural y exposiciones en la Fundaci\u00f3n Ortega y Gasset, EAE Business School de Madrid, Universidad Complutense de Madrid, el Istituto Europeo de Design, en la Escuela de Arte n\u00ba10 y en la Escuela Superior de Dise\u00f1o de Madrid.<\/p>\n<p><strong>Gabriel Mart\u00ednez<\/strong> es dise\u00f1ador gr\u00e1fico, tiene estudios de filosof\u00eda y est\u00e1 licenciado en Bellas Artes por la Universidad de Salamanca. Ha impartido docencia en la Escuela Superior de Arquitectura de la Universidad Polit\u00e9cnica de Madrid, EAE Business School de Madrid, el Istituto Europeo de Design, la Escuela de Arte n\u00ba10 y 12 de Madrid y ha sido profesor asociado en la Facultad de Bellas Artes de Salamanca. Forman parte del estudio de dise\u00f1o LSDspace y del colectivo activista Un Mundo Feliz. Han publicado los libros Pictop\u00eda (2008) Imagomundi (2011) e Iconicity (2015) en la editorial Promopress, Crit-icon Stencil Book (2015) con MUSAC\/Boldbooks y The New Disasters of War (2011) en Ediciones de Ruina\/Boldbooks.<\/p>\n","protected":false},"excerpt":{"rendered":"<p><span style=\"color: #ff0000;\"><span style=\"color: #000000;\">Autor: <span style=\"color: #ff0000;\">Sonia D\u00edaz \/ Gabriel Mart\u00ednez<\/span><\/span><\/span><\/p>\n<p><span style=\"color: #ff0000;\"><span style=\"color: #000000;\">Introducci\u00f3n: Timothy Samara<br \/>\nEp\u00edlogo: Julio Ram\u00f3n Sanz Melguizo<\/span><\/span><\/p>\n<p><strong>No es extra\u00f1o que este volumen presente a F\u00e9lix Beltr\u00e1n y Cruz Novillo como modelos creativos:<\/strong> sus aportaciones a la pr\u00e1ctica del dise\u00f1o y al movimiento moderno se pasan por alto en la mayor\u00eda de las historias del dise\u00f1o, al igual que las de los dise\u00f1adores iberoamericanos en general. Celebrar sus visiones innovadoras es una bocanada de aire fresco que ayuda a situarlos directamente dentro del contexto del Modernismo europeo junto con sus hom\u00f3logos brit\u00e1nicos, holandeses, alemanes, italianos y suizos. Se abre as\u00ed una nueva perspectiva que posibilita reconsiderar el alcance y la variedad del pensamiento formal modernista, y <strong>los lectores disfrutar\u00e1n de un peque\u00f1o curso intensivo en esta filosof\u00eda desde los \u00faltimos 50 a\u00f1os.<\/strong><\/p>\n<p>&nbsp;<\/p>\n<p>\u00b7 ISBN: 978-84-18049-46-0<br \/>\n\u00b7 Edici\u00f3n 2021. Experimenta Libros<br \/>\n\u00b7 Medidas: 14 x 20 cm<br \/>\n\u00b7 P\u00e1ginas: 260<br \/>\n\u00b7 Impresi\u00f3n interior: color<br \/>\n\u00b7 Encuadernaci\u00f3n: r\u00fastica<\/p>\n<p><img loading=\"lazy\" decoding=\"async\" class=\"alignnone size-full wp-image-59785\" src=\"https:\/\/www.experimenta.es\/tienda\/wp-content\/uploads\/2021\/03\/logo-ministerio-dglfl-scaled.jpeg\" alt=\"logo Ministerio de Cultura y Deporte\" width=\"2560\" height=\"728\" srcset=\"https:\/\/www.experimenta.es\/tienda\/wp-content\/uploads\/2021\/03\/logo-ministerio-dglfl-scaled.jpeg 2560w, https:\/\/www.experimenta.es\/tienda\/wp-content\/uploads\/2021\/03\/logo-ministerio-dglfl-768x218.jpeg 768w, https:\/\/www.experimenta.es\/tienda\/wp-content\/uploads\/2021\/03\/logo-ministerio-dglfl-1536x437.jpeg 1536w, https:\/\/www.experimenta.es\/tienda\/wp-content\/uploads\/2021\/03\/logo-ministerio-dglfl-2048x583.jpeg 2048w, https:\/\/www.experimenta.es\/tienda\/wp-content\/uploads\/2021\/03\/logo-ministerio-dglfl-350x100.jpeg 350w, https:\/\/www.experimenta.es\/tienda\/wp-content\/uploads\/2021\/03\/logo-ministerio-dglfl-680x193.jpeg 680w\" sizes=\"(max-width: 2560px) 100vw, 2560px\" \/><\/p>\n<p><em>Esta obra ha recibido una ayuda a la edici\u00f3n del Ministerio de Cultura y Deporte<\/em><\/p>\n","protected":false},"featured_media":58946,"comment_status":"open","ping_status":"closed","template":"","meta":[],"product_cat":[9892,7313],"product_tag":[9730,9764,9735,9591,9777,9641,9707,9763,9762,9765,9733,9778],"jetpack_sharing_enabled":true,"_links":{"self":[{"href":"https:\/\/www.experimenta.es\/tienda\/wp-json\/wp\/v2\/product\/58945"}],"collection":[{"href":"https:\/\/www.experimenta.es\/tienda\/wp-json\/wp\/v2\/product"}],"about":[{"href":"https:\/\/www.experimenta.es\/tienda\/wp-json\/wp\/v2\/types\/product"}],"replies":[{"embeddable":true,"href":"https:\/\/www.experimenta.es\/tienda\/wp-json\/wp\/v2\/comments?post=58945"}],"wp:featuredmedia":[{"embeddable":true,"href":"https:\/\/www.experimenta.es\/tienda\/wp-json\/wp\/v2\/media\/58946"}],"wp:attachment":[{"href":"https:\/\/www.experimenta.es\/tienda\/wp-json\/wp\/v2\/media?parent=58945"}],"wp:term":[{"taxonomy":"product_cat","embeddable":true,"href":"https:\/\/www.experimenta.es\/tienda\/wp-json\/wp\/v2\/product_cat?post=58945"},{"taxonomy":"product_tag","embeddable":true,"href":"https:\/\/www.experimenta.es\/tienda\/wp-json\/wp\/v2\/product_tag?post=58945"}],"curies":[{"name":"wp","href":"https:\/\/api.w.org\/{rel}","templated":true}]}}

Confluencias. Supersignos gráficos Félix Beltrán y Cruz Novillo

<p>Los editores–diseñadores de esta obra han logrado transformar un manual básico sobre los principios de la comunicación visual en una exposición notablemente enérgica que anima a los lectores, ante todo, a aprender a ver. Su estrategia para destilar las complejidades del pensamiento del diseño en momentos cristalinos de comprensión refleja un emparejamiento magistral del ejemplo visual con la palabra escrita, la esencia de la enseñanza y del diseño mismo.<br />
<strong>Los trabajos de Félix Beltrán y Pepe Cruz Novillo, dos diseñadores iberoamericanos pioneros, se utilizan para ejemplificar principios destacados.</strong> Todas las imágenes comparten los mismos fundamentos, mientras que divergen, aquí y allá, en formas personales e idiosincrásicas. Los textos escogidos para acompañar cada obra son muy específicos, facilitando las conexiones directas entre la teoría y la práctica, pero también llevando sutilmente a comparaciones inesperadas y caminos independientes de investigación. Es <strong>un enfoque para discutir los principios de diseño.</strong></p>
<p>&nbsp;</p>
<p><span class="Apple-converted-space">SOBRE LOS AUTORES<br />
</span><strong>Sonia Díaz</strong> es diseñadora gráfica, está licenciada en Bellas Artes por la Universidad de Salamanca, Publicidad y Relaciones Públicas por la Universidad Complutense de Madrid y Periodismo por la Universidad Carlos III de Madrid. Es magister en Museografía y exposiciones por la UCM. Ha impartido docencia en cursos de especialización y masters de diseño, gestión cultural y exposiciones en la Fundación Ortega y Gasset, EAE Business School de Madrid, Universidad Complutense de Madrid, el Istituto Europeo de Design, en la Escuela de Arte nº10 y en la Escuela Superior de Diseño de Madrid.</p>
<p><strong>Gabriel Martínez</strong> es diseñador gráfico, tiene estudios de filosofía y está licenciado en Bellas Artes por la Universidad de Salamanca. Ha impartido docencia en la Escuela Superior de Arquitectura de la Universidad Politécnica de Madrid, EAE Business School de Madrid, el Istituto Europeo de Design, la Escuela de Arte nº10 y 12 de Madrid y ha sido profesor asociado en la Facultad de Bellas Artes de Salamanca. Forman parte del estudio de diseño LSDspace y del colectivo activista Un Mundo Feliz. Han publicado los libros Pictopía (2008) Imagomundi (2011) e Iconicity (2015) en la editorial Promopress, Crit-icon Stencil Book (2015) con MUSAC/Boldbooks y The New Disasters of War (2011) en Ediciones de Ruina/Boldbooks.</p>

<p><span style="color: #ff0000;"><span style="color: #000000;">Autor: <span style="color: #ff0000;">Sonia Díaz / Gabriel Martínez</span></span></span></p>
<p><span style="color: #ff0000;"><span style="color: #000000;">Introducción: Timothy Samara<br />
Epílogo: Julio Ramón Sanz Melguizo</span></span></p>
<p><strong>No es extraño que este volumen presente a Félix Beltrán y Cruz Novillo como modelos creativos:</strong> sus aportaciones a la práctica del diseño y al movimiento moderno se pasan por alto en la mayoría de las historias del diseño, al igual que las de los diseñadores iberoamericanos en general. Celebrar sus visiones innovadoras es una bocanada de aire fresco que ayuda a situarlos directamente dentro del contexto del Modernismo europeo junto con sus homólogos británicos, holandeses, alemanes, italianos y suizos. Se abre así una nueva perspectiva que posibilita reconsiderar el alcance y la variedad del pensamiento formal modernista, y <strong>los lectores disfrutarán de un pequeño curso intensivo en esta filosofía desde los últimos 50 años.</strong></p>
<p>&nbsp;</p>
<p>· ISBN: 978-84-18049-46-0<br />
· Edición 2021. Experimenta Libros<br />
· Medidas: 14 x 20 cm<br />
· Páginas: 260<br />
· Impresión interior: color<br />
· Encuadernación: rústica</p>
<p><img loading="lazy" decoding="async" class="alignnone size-full wp-image-59785" src="https://www.experimenta.es/tienda/wp-content/uploads/2021/03/logo-ministerio-dglfl-scaled.jpeg" alt="logo Ministerio de Cultura y Deporte" width="2560" height="728" srcset="https://www.experimenta.es/tienda/wp-content/uploads/2021/03/logo-ministerio-dglfl-scaled.jpeg 2560w, https://www.experimenta.es/tienda/wp-content/uploads/2021/03/logo-ministerio-dglfl-768x218.jpeg 768w, https://www.experimenta.es/tienda/wp-content/uploads/2021/03/logo-ministerio-dglfl-1536x437.jpeg 1536w, https://www.experimenta.es/tienda/wp-content/uploads/2021/03/logo-ministerio-dglfl-2048x583.jpeg 2048w, https://www.experimenta.es/tienda/wp-content/uploads/2021/03/logo-ministerio-dglfl-350x100.jpeg 350w, https://www.experimenta.es/tienda/wp-content/uploads/2021/03/logo-ministerio-dglfl-680x193.jpeg 680w" sizes="(max-width: 2560px) 100vw, 2560px" /></p>
<p><em>Esta obra ha recibido una ayuda a la edición del Ministerio de Cultura y Deporte</em></p>
