{"id":59045,"date":"2021-04-14T10:53:22","date_gmt":"2021-04-14T08:53:22","guid":{"rendered":"https:\/\/www.experimenta.es\/tienda\/?post_type=product&#038;p=59045"},"modified":"2024-11-02T00:11:13","modified_gmt":"2024-11-01T23:11:13","slug":"bergman-el-guardian-de-la-nada","status":"publish","type":"product","link":"https:\/\/www.experimenta.es\/tienda\/producto\/bergman-el-guardian-de-la-nada\/","title":{"rendered":"Bergman. El guardi\u00e1n de la nada"},"content":{"rendered":"<p><strong>M\u00e1s all\u00e1 del mundo del lenguaje, se extiende la Nada.<\/strong> La vida humana, inevitablemente, es la articulaci\u00f3n entre ambos. Para aliviar esta dolorosa lucha y bene\ufb01ciarse de ello, el hombre elabora distintas formas defensivas. Estas barreras ontol\u00f3gicas son la religi\u00f3n, el arte, la ciencia y la \ufb01losof\u00eda. Bergman, como artista, guarda este l\u00edmite ayudando al espectador a evitar que renuncie y se precipite. Ayuda a que \u2013aunque con dolor y angustia\u2013 la vida sea vivida. Sus personajes son nuestra imagen. Si bien sus vidas se desarrollan en espacios y tiempos diferentes, las claves esenciales para acceder a los interrogantes de aquella humanidad, nos hacen entender mejor nuestra existencia.<\/p>\n<p>&nbsp;<\/p>\n<p><span class=\"Apple-converted-space\">SOBRE LA AUTORA<br \/>\n<\/span><strong>Marta Z\u00e1tonyi<\/strong> Licenciada en Filolog\u00eda neolatina y \ufb01nnugor (E\u00f6tv\u00f6s L\u00f3r\u00e1nd Tudom\u00e1nyos Egyetem, Budapest) y doctora en Est\u00e9tica (La Sorbona, Par\u00eds). Profesora universitaria\u00a0(Universidad de Buenos Aires, Universidad Nacional de La Plata, Universidad Nacional del Litoral), se desempe\u00f1\u00f3 tambi\u00e9n como jurado en oposici\u00f3n doctoral y evaluadora de tesis en doctorados. Fundadora y profesora titular de la c\u00e1tedra de Est\u00e9tica, FADU (UBA), 1986-2004. Fundadora y profesora titular de las c\u00e1tedras de Introducci\u00f3n a la Historia e Historia del Dise\u00f1o Gr\u00e1\ufb01co 1 y 2 (FADU-UNL), 1995-2013. Investigadora y directora de proyectos de investigaci\u00f3n en la UNL y en la UBA. Tesista en diversas instancias de estas unidades acad\u00e9micas. Profesora invitada en universidades nacionales e internacionales. Conferencista en jornadas y congresos en el pa\u00eds y en el extranjero. Le fue otorgado el t\u00edtulo Honoris Causa por la UNLP y por la UBA. Autora de Gozar el arte, gozar la arquitectura (2006), Arte y creaci\u00f3n (2007), Juglares y trovadores (2011), entre otros. En 1981 cre\u00f3 ETHOS, Estudio de Est\u00e9tica e Historia del Arte.<\/p>\n","protected":false},"excerpt":{"rendered":"<p><span style=\"color: #ff0000;\"><span style=\"color: #000000;\">Autor: <span style=\"color: #ff0000;\">Marta Z\u00e1tonyi<\/span><\/span><\/span><\/p>\n<p><strong>Bergman, el guardi\u00e1n de la nada, abre la puerta al universo del gran director sueco y aporta conceptos para un posible acercamiento a su obra.<\/strong><\/p>\n<p>&nbsp;<\/p>\n<p>\u00b7 ISBN: 978-84-18049-51-4<br \/>\n\u00b7 Coedici\u00f3n 2021. Experimenta Libros \/ Dise\u00f1o Editorial<br \/>\n\u00b7 Medidas: 14,5 x 20,5 cm<br \/>\n\u00b7 P\u00e1ginas: 142<br \/>\n\u00b7 Impresi\u00f3n interior: Negro<br \/>\n\u00b7 Encuadernaci\u00f3n: r\u00fastica<\/p>\n","protected":false},"featured_media":59046,"comment_status":"open","ping_status":"closed","template":"","meta":[],"product_cat":[9897,9898,7313],"product_tag":[9806,9847,9730,9848,9641,9763,9762,9778],"jetpack_sharing_enabled":true,"_links":{"self":[{"href":"https:\/\/www.experimenta.es\/tienda\/wp-json\/wp\/v2\/product\/59045"}],"collection":[{"href":"https:\/\/www.experimenta.es\/tienda\/wp-json\/wp\/v2\/product"}],"about":[{"href":"https:\/\/www.experimenta.es\/tienda\/wp-json\/wp\/v2\/types\/product"}],"replies":[{"embeddable":true,"href":"https:\/\/www.experimenta.es\/tienda\/wp-json\/wp\/v2\/comments?post=59045"}],"wp:featuredmedia":[{"embeddable":true,"href":"https:\/\/www.experimenta.es\/tienda\/wp-json\/wp\/v2\/media\/59046"}],"wp:attachment":[{"href":"https:\/\/www.experimenta.es\/tienda\/wp-json\/wp\/v2\/media?parent=59045"}],"wp:term":[{"taxonomy":"product_cat","embeddable":true,"href":"https:\/\/www.experimenta.es\/tienda\/wp-json\/wp\/v2\/product_cat?post=59045"},{"taxonomy":"product_tag","embeddable":true,"href":"https:\/\/www.experimenta.es\/tienda\/wp-json\/wp\/v2\/product_tag?post=59045"}],"curies":[{"name":"wp","href":"https:\/\/api.w.org\/{rel}","templated":true}]}}