{"id":59047,"date":"2021-04-14T11:12:34","date_gmt":"2021-04-14T09:12:34","guid":{"rendered":"https:\/\/www.experimenta.es\/tienda\/?post_type=product&#038;p=59047"},"modified":"2025-06-05T20:35:24","modified_gmt":"2025-06-05T18:35:24","slug":"mercurio-grafico-interprete-y-mensajero-de-los-demas","status":"publish","type":"product","link":"https:\/\/www.experimenta.es\/tienda\/producto\/mercurio-grafico-interprete-y-mensajero-de-los-demas\/","title":{"rendered":"Mercurio Gr\u00e1fico. Int\u00e9rprete y mensajero de los dem\u00e1s."},"content":{"rendered":"<p>Hay que imaginar identidades colectivas: la entidad que habla y el p\u00fablico que la escucha. Hay que encontrar, entonces, un c\u00f3digo compartido dentro de uno y otro colectivo, y lograr que ambos sean compatibles entre s\u00ed.<\/p>\n<p><em><strong>MERCURIO GR\u00c1FICO junto con MARCA GR\u00c1FICA forman parte de un mismo proyecto editorial, consistente en reunir, en dos libros, una serie numerosa de art\u00edculos de Norberto Chaves en torno al Dise\u00f1o Gr\u00e1fico. Ambas obras constituyen una nueva aportaci\u00f3n de Chaves al aprendizaje y la docencia del Dise\u00f1o Gr\u00e1fico, piezas indispensables de la bibliograf\u00eda te\u00f3rica, t\u00e9cnica y cr\u00edtica de la disciplina.<\/strong><\/em><\/p>\n<p>&nbsp;<\/p>\n<p><span class=\"Apple-converted-space\">SOBRE EL AUTOR<br \/>\n<\/span><strong>Norberto Chaves<\/strong> (Argentina, 1942) se desempe\u00f1a profesionalmente en el \u00e1mbito de la comunicaci\u00f3n institucional como asesor y director de programas de identificaci\u00f3n para entidades de todo tipo, desde instituciones p\u00fablicas hasta cadenas de consumo masivo, en Espa\u00f1a y Argentina.<\/p>\n<p>Su actividad docente y su producci\u00f3n literaria est\u00e1n relacionadas, por un lado, con su experiencia profesional (La imagen corporativa; Marca, los significados de un signo identificador; La marca corporativa -este \u00faltimo escrito junto a Ra\u00fal Belluccia-) y, por otro lado, con su vocaci\u00f3n cr\u00edtica en lo social y lo cultural (El oficio de dise\u00f1ar; El dise\u00f1o invisible; Ser posmoderno; T\u00f3nico Chaves; Inadaptado).<\/p>\n<p>Desde el a\u00f1o 2004 investiga la tem\u00e1tica del dise\u00f1o de la marca-pa\u00eds y dirige tesis de grado en ese campo.<\/p>\n<p>Fue miembro de la Comisi\u00f3n Interministerial para la creaci\u00f3n de la marca-Espa\u00f1a y ha dirigido el programa de dise\u00f1o de la marca-Cuba.<\/p>\n","protected":false},"excerpt":{"rendered":"<p><span style=\"color: #ff0000;\"><span style=\"color: #000000;\">Autor:<\/span> Norberto Chaves<\/span><\/p>\n<p><strong>\u201cMercurio Gr\u00e1fico. Int\u00e9rprete y mensajero de los dem\u00e1s\u201d aborda conceptos clave de la disciplina, su aprendizaje y su pr\u00e1ctica.<\/strong><br \/>\nTodo el mundo puede dibujar un signo; pero s\u00f3lo algunos pueden representar a los dem\u00e1s, fundirse en ellos a trav\u00e9s de esos signos. Y aqu\u00ed no acaba la cosa. Salvo excepciones, los mensajes construidos por el dise\u00f1ador tienen interlocutores sociales. Rara vez el emisor es un individuo. El receptor, nunca.<\/p>\n<p>\u00b7 ISBN: 978-84-18049-48-4<br \/>\n\u00b7 Medidas: 16 x 23 cm<br \/>\n\u00b7 P\u00e1ginas: 160<br \/>\n\u00b7 Encuadernaci\u00f3n: R\u00fastica<br \/>\n\u00b7 Impresi\u00f3n interior: Negro con im\u00e1genes a color<br \/>\n\u00b7 Edici\u00f3n: Experimenta Libros<\/p>\n","protected":false},"featured_media":59048,"comment_status":"open","ping_status":"closed","template":"","meta":[],"product_cat":[9895,9892,7313],"product_tag":[9730,9764,9735,9591,9777,9641,9707,9762,9733,9786,9778],"jetpack_sharing_enabled":true,"_links":{"self":[{"href":"https:\/\/www.experimenta.es\/tienda\/wp-json\/wp\/v2\/product\/59047"}],"collection":[{"href":"https:\/\/www.experimenta.es\/tienda\/wp-json\/wp\/v2\/product"}],"about":[{"href":"https:\/\/www.experimenta.es\/tienda\/wp-json\/wp\/v2\/types\/product"}],"replies":[{"embeddable":true,"href":"https:\/\/www.experimenta.es\/tienda\/wp-json\/wp\/v2\/comments?post=59047"}],"wp:featuredmedia":[{"embeddable":true,"href":"https:\/\/www.experimenta.es\/tienda\/wp-json\/wp\/v2\/media\/59048"}],"wp:attachment":[{"href":"https:\/\/www.experimenta.es\/tienda\/wp-json\/wp\/v2\/media?parent=59047"}],"wp:term":[{"taxonomy":"product_cat","embeddable":true,"href":"https:\/\/www.experimenta.es\/tienda\/wp-json\/wp\/v2\/product_cat?post=59047"},{"taxonomy":"product_tag","embeddable":true,"href":"https:\/\/www.experimenta.es\/tienda\/wp-json\/wp\/v2\/product_tag?post=59047"}],"curies":[{"name":"wp","href":"https:\/\/api.w.org\/{rel}","templated":true}]}}