{"id":59051,"date":"2021-04-14T11:42:02","date_gmt":"2021-04-14T09:42:02","guid":{"rendered":"https:\/\/www.experimenta.es\/tienda\/?post_type=product&#038;p=59051"},"modified":"2024-02-12T11:42:56","modified_gmt":"2024-02-12T10:42:56","slug":"tu-comunicas-los-secretos-de-la-comunicacion-a-tu-alcance","status":"publish","type":"product","link":"https:\/\/www.experimenta.es\/tienda\/producto\/tu-comunicas-los-secretos-de-la-comunicacion-a-tu-alcance\/","title":{"rendered":"T\u00fa Comunicas. Los secretos de la comunicaci\u00f3n a tu alcance."},"content":{"rendered":"<p>Un conjunto de t\u00e9cnicas y conocimientos que te mostrar\u00e1n el camino, desde el an\u00e1lisis de las cuestiones de personalidad y valores, hasta los pasos a seguir para encontrar las fuentes de la ventaja competitiva, as\u00ed como las t\u00e9cnicas y recursos para conseguir una comunicaci\u00f3n eficaz.<\/p>\n<p><strong>Con un tono coloquial y divulgativo<\/strong>,\u00a0el autor transmite las reglas a la vez que recomienda su olvido, desde el convencimiento de que el aprendizaje es solo el punto de partida para favorecer la libertad personal y potenciar nuestras expectativas y capacidades. No para caer en rigores normativos que nos puedan conducir al \u00e9xito, y quiz\u00e1 tambi\u00e9n al fracaso.<\/p>\n<p><strong>Este libro realiza un recorrido sumario sobre el conjunto de disciplinas que se encuentran detr\u00e1s de todo proceso comunicativo.<\/strong> Conocerlas es una buena manera de enfrentarse al azar. En este libro las quiere compartir con los lectores porque, de tanto analizar las identidades de productos y marcas, indagar en las cualidades que hacen que una propuesta sea \u00fanica y valiosa o desarrollar im\u00e1genes que comuniquen mensajes comerciales, ha llegado a la conclusi\u00f3n de que la publicidad ha invadido el territorio m\u00e1s \u00edntimo de la gente: sus instintos, emociones y anhelos; y que deber\u00edan traspasarse a sus manos las herramientas que les puedan ayudar a conocerse y conducirse mejor. <strong>Porque las personas no se merecen menos que las marcas. Se merecen m\u00e1s.<\/strong><\/p>\n<p>&nbsp;<\/p>\n<p><span class=\"Apple-converted-space\">SOBRE EL AUTOR<br \/>\n<\/span><strong>Paco Egea Mart\u00ednez<\/strong> es un profesional de la comunicaci\u00f3n que ha desarrollado su carrera en agencias de publicidad de tama\u00f1o medio, casi siempre en Madrid, lo que le ha convertido en un superviviente multidisciplinar y autodidacta. Estudioso del oficio, ha procurado dotar de un marco te\u00f3rico-t\u00e9cnico a su actividad experiencial, vocaci\u00f3n que le llev\u00f3 a crear e impartir el curso \u00abPublicidad B\u00e1sica\u00bb en varias ediciones del M\u00e1ster de Turismo organizado por la Escuela Universitaria de Turismo de Murcia y de participar como ponente en numerosas jornadas y encuentros en universidades, entidades y fundaciones.<\/p>\n<p>Paco Egea se ha movido en el \u00e1rea de gesti\u00f3n y direcci\u00f3n de cuentas, con especial acento en el dise\u00f1o de estrategias de comunicaci\u00f3n para empresas y clientes; una actividad que ha pretendido dignificar a base de hacerse muchas preguntas y encontrar algunas respuestas.<\/p>\n","protected":false},"excerpt":{"rendered":"<p><span style=\"color: #ff0000;\"><span style=\"color: #000000;\">Autor:<\/span> Paco Egea<\/span><\/p>\n<p><strong>En T\u00fa Comunicas, se cuenta todo lo que necesitas saber para manejarte en el mundo de las relaciones personales con herramientas que utilizan los profesionales de la comunicaci\u00f3n.<\/strong><\/p>\n<p>Este libro realiza un recorrido sumario sobre el conjunto de disciplinas que se encuentran detr\u00e1s de todo proceso comunicativo. Conocerlas es una buena manera de enfrentarse al azar.<\/p>\n<p>\u00b7 ISBN: 978-84-18049-45-3<br \/>\n\u00b7 Medidas: 16 x 23 cm<br \/>\n\u00b7 P\u00e1ginas: 330<br \/>\n\u00b7 Encuadernaci\u00f3n: R\u00fastica<br \/>\n\u00b7 Impresi\u00f3n interior: Color<br \/>\n\u00b7 Edici\u00f3n: Experimenta Libros<\/p>\n","protected":false},"featured_media":59052,"comment_status":"open","ping_status":"closed","template":"","meta":[],"product_cat":[9895,7313],"product_tag":[9730,9735,9777,9641,9770,9762,9733,9761,9786,9778],"jetpack_sharing_enabled":true,"_links":{"self":[{"href":"https:\/\/www.experimenta.es\/tienda\/wp-json\/wp\/v2\/product\/59051"}],"collection":[{"href":"https:\/\/www.experimenta.es\/tienda\/wp-json\/wp\/v2\/product"}],"about":[{"href":"https:\/\/www.experimenta.es\/tienda\/wp-json\/wp\/v2\/types\/product"}],"replies":[{"embeddable":true,"href":"https:\/\/www.experimenta.es\/tienda\/wp-json\/wp\/v2\/comments?post=59051"}],"wp:featuredmedia":[{"embeddable":true,"href":"https:\/\/www.experimenta.es\/tienda\/wp-json\/wp\/v2\/media\/59052"}],"wp:attachment":[{"href":"https:\/\/www.experimenta.es\/tienda\/wp-json\/wp\/v2\/media?parent=59051"}],"wp:term":[{"taxonomy":"product_cat","embeddable":true,"href":"https:\/\/www.experimenta.es\/tienda\/wp-json\/wp\/v2\/product_cat?post=59051"},{"taxonomy":"product_tag","embeddable":true,"href":"https:\/\/www.experimenta.es\/tienda\/wp-json\/wp\/v2\/product_tag?post=59051"}],"curies":[{"name":"wp","href":"https:\/\/api.w.org\/{rel}","templated":true}]}}