{"id":59468,"date":"2021-08-29T13:43:56","date_gmt":"2021-08-29T11:43:56","guid":{"rendered":"https:\/\/www.experimenta.es\/tienda\/?post_type=product&#038;p=59468"},"modified":"2025-12-27T06:02:08","modified_gmt":"2025-12-27T05:02:08","slug":"diseno-tipografico-la-tipografia-mas-alla-de-la-forma","status":"publish","type":"product","link":"https:\/\/www.experimenta.es\/tienda\/producto\/diseno-tipografico-la-tipografia-mas-alla-de-la-forma\/","title":{"rendered":"Dise\u00f1o tipogr\u00e1fico. La tipograf\u00eda m\u00e1s all\u00e1 de la forma."},"content":{"rendered":"<p><strong>Dise\u00f1o tipogr\u00e1fico: la tipograf\u00eda m\u00e1s all\u00e1 de la forma<\/strong>\u00a0desarrolla en\u00a0siete cap\u00edtulos <strong>una reflexi\u00f3n sobre la tipograf\u00eda en relaci\u00f3n a sus aspectos morfol\u00f3gicos, a sus posibilidades de uso y a sus fortalezas comunicacionales y expresivas<\/strong>. Adem\u00e1s, <strong>expone la problem\u00e1tica de la ense\u00f1anza del dise\u00f1o tipogr\u00e1fico en el contexto universitario<\/strong>.<\/p>\n<p>Los primeros tres cap\u00edtulos (\u201dConsideraciones b\u00e1sicas\u201d, \u201cEl tipo en la composici\u00f3n\u201d y \u201cErrores tipogr\u00e1ficos\u201d) tratan sobre el dise\u00f1o con tipograf\u00eda, repasando los conceptos b\u00e1sicos y elementales para el an\u00e1lisis de la tipograf\u00eda, acercando una serie de conceptos necesarios para la puesta en p\u00e1gina y la realizaci\u00f3n de piezas gr\u00e1ficas de comunicaci\u00f3n y reconocimiento de los errores frecuentes en la composici\u00f3n tipogr\u00e1fica.<br \/>\nEn el cuarto cap\u00edtulo (\u201dGeneraci\u00f3n de los tipos\u201d) se propone una introducci\u00f3n al proceso de dise\u00f1o de fuentes tipogr\u00e1ficas, tratando en forma particular la tem\u00e1tica de la manipulaci\u00f3n de la morfolpog\u00eda en relaci\u00f3n a su funci\u00f3n. M\u00e1s adelante, en el cap\u00edtulo quinto (\u201dEl tipo en la identidad visual\u201d) se sit\u00faa al dise\u00f1o tipogr\u00e1fico como fundamento del logotipo, abordando la tem\u00e1tica de la manipulaci\u00f3n morfol\u00f3gica tipogr\u00e1fica como cimiento del proyecto de dise\u00f1o identitario. El sexto cap\u00edtulo (\u201dEl tipo en el tiempo y el espacio\u201d) trata de las posibilidades que ofrece la tem\u00e1tica del volumen y el movimiento en el dise\u00f1o de comunicaci\u00f3n y su relaci\u00f3n con la arquitectura, el contexto urbano y la virtualidad.<br \/>\nEn el \u00faltimo cap\u00edtulo (\u201dExperiencias acad\u00e9micas\u201d) se presenta una propuesta de ense\u00f1anza del dise\u00f1o tipogr\u00e1fico en la c\u00e1tedra de Dise\u00f1o Tipogr\u00e1fico de la Facultad de Artes y Dise\u00f1o de la UNCuyo.<\/p>\n<p>Un libro fundamental para profesores, estudiantes, profesionales y amantes de la tipograf\u00eda.<\/p>\n<p>&nbsp;<\/p>\n<p><span class=\"Apple-converted-space\">SOBRE EL AUTOR<br \/>\n<\/span><\/p>\n<div dir=\"ltr\"><strong>Eduardo Pepe<\/strong> es dise\u00f1ador en Comunicaci\u00f3n Visual egresado de la Facultad de Bellas Artes de la Universidad Nacional de La Plata. Diplomado del Posgrado en Dise\u00f1o Precolombino (FAD-UBA). Curs\u00f3 el Magister en Gesti\u00f3n del Dise\u00f1o para Desarrollos Regionales (FAD-UNCuyo).<\/div>\n<div dir=\"ltr\">Es Profesor Titular de la c\u00e1tedra de Dise\u00f1o Tipogr\u00e1fico desde 2008 y Profesor Adjunto de la c\u00e1tedra Tipograf\u00eda 1 de la Universidad Nacional de Cuyo desde 1997.<\/div>\n<div dir=\"ltr\">Es Coordinador de la carrera de Dise\u00f1o Gr\u00e1fico del Instituto de Educaci\u00f3n Superior Manuel Belgrano de Mendoza desde 1999.<br \/>\nHa participado como autor y expositor en encuentros nacionales e internacionales de dise\u00f1o e investigaci\u00f3n. Dict\u00f3 cursos y conferencias en Universidades de Argentina, M\u00e9xico y Uruguay. Recibi\u00f3 distinciones y premios en diversos concursos de dise\u00f1o. Obtuvo el premio por el reconocimiento al aporte a la cultura visual y material en el dise\u00f1o de la provincia de Mendoza -Argentina- (Premio Intermitencia 2019).<br \/>\nEs autor de fuentes tipogr\u00e1ficas institucionales y de numerosa bibliograf\u00eda sobre las tem\u00e1ticas de identidad regional, el dise\u00f1o y la tipograf\u00eda. Es fundador de Tipo &amp; Forma, portal de contenidos sobre dise\u00f1o y tipograf\u00eda (tiposformales.com).<\/div>\n","protected":false},"excerpt":{"rendered":"<p><span style=\"color: #ff0000;\"><span style=\"color: #000000;\">Autor:<\/span> Eduardo Pepe<br \/>\n<\/span><\/p>\n<p>Pr\u00f3logo: F\u00e9lix Beltr\u00e1n<\/p>\n<p><strong>Dise\u00f1o tipogr\u00e1fico: la tipograf\u00eda m\u00e1s all\u00e1 de la forma<\/strong>\u00a0desarrolla en\u00a0siete cap\u00edtulos una reflexi\u00f3n sobre la tipograf\u00eda en relaci\u00f3n a sus aspectos morfol\u00f3gicos, a sus posibilidades de uso y a sus fortalezas comunicacionales y expresivas. Adem\u00e1s, expone la problem\u00e1tica de la ense\u00f1anza del dise\u00f1o tipogr\u00e1fico en el contexto universitario.<\/p>\n<p>Un libro fundamental para profesores, estudiantes, profesionales y amantes de la tipograf\u00eda.<\/p>\n<p>\u00b7 ISBN: 978-84-18049-61-3<br \/>\n\u00b7 Medidas: 16 x 23 cm<br \/>\n\u00b7 P\u00e1ginas: 300<br \/>\n\u00b7 Encuadernaci\u00f3n: R\u00fastica<br \/>\n\u00b7 Impresi\u00f3n interior: Negro<br \/>\n\u00b7 Edici\u00f3n: Experimenta Libros<\/p>\n","protected":false},"featured_media":59490,"comment_status":"open","ping_status":"closed","template":"","meta":[],"product_cat":[9892,7313],"product_tag":[9862,9730,9591,9777,9641,9794,9763,9762,9786,9778,9863],"jetpack_sharing_enabled":true,"_links":{"self":[{"href":"https:\/\/www.experimenta.es\/tienda\/wp-json\/wp\/v2\/product\/59468"}],"collection":[{"href":"https:\/\/www.experimenta.es\/tienda\/wp-json\/wp\/v2\/product"}],"about":[{"href":"https:\/\/www.experimenta.es\/tienda\/wp-json\/wp\/v2\/types\/product"}],"replies":[{"embeddable":true,"href":"https:\/\/www.experimenta.es\/tienda\/wp-json\/wp\/v2\/comments?post=59468"}],"wp:featuredmedia":[{"embeddable":true,"href":"https:\/\/www.experimenta.es\/tienda\/wp-json\/wp\/v2\/media\/59490"}],"wp:attachment":[{"href":"https:\/\/www.experimenta.es\/tienda\/wp-json\/wp\/v2\/media?parent=59468"}],"wp:term":[{"taxonomy":"product_cat","embeddable":true,"href":"https:\/\/www.experimenta.es\/tienda\/wp-json\/wp\/v2\/product_cat?post=59468"},{"taxonomy":"product_tag","embeddable":true,"href":"https:\/\/www.experimenta.es\/tienda\/wp-json\/wp\/v2\/product_tag?post=59468"}],"curies":[{"name":"wp","href":"https:\/\/api.w.org\/{rel}","templated":true}]}}