{"id":59668,"date":"2021-11-15T19:16:41","date_gmt":"2021-11-15T18:16:41","guid":{"rendered":"https:\/\/www.experimenta.es\/tienda\/?post_type=product&#038;p=59668"},"modified":"2024-02-12T11:40:58","modified_gmt":"2024-02-12T10:40:58","slug":"intuicion-y-razon-en-el-diseno-de-interiores-una-construccion-teorico-critica","status":"publish","type":"product","link":"https:\/\/www.experimenta.es\/tienda\/producto\/intuicion-y-razon-en-el-diseno-de-interiores-una-construccion-teorico-critica\/","title":{"rendered":"Intuici\u00f3n y Raz\u00f3n en el Dise\u00f1o de Interiores. Una Construcci\u00f3n Te\u00f3rico-Cr\u00edtica."},"content":{"rendered":"<p>La <strong>Intuici\u00f3n<\/strong> desempe\u00f1a un rol importante en la proyectaci\u00f3n y comprensi\u00f3n del Dise\u00f1o de Interiores pero, como a\ufb01rma Mario Bunge, <em>\u201csin intuici\u00f3n no arrancamos, y con ella sola nos desbarrancamos\u2026\u201d.<\/em><br \/>\nHay que ir en busca de la <strong>Raz\u00f3n<\/strong> para sistematizar lo intuido.<\/p>\n<p>Elaborar una Teor\u00eda no es hallar la \u201csoluci\u00f3n m\u00e1gica\u201d ni la \u201cdirecci\u00f3n correcta\u201d sino consolidar \u201csenderos en el bosque\u201d, aportar luz y nuevas herramientas que ayuden al Dise\u00f1ador a elegir sus caminos, aquellos que m\u00e1s convengan a sus prop\u00f3sitos.\u00a0Es intenci\u00f3n de este volumen, entonces, contribuir a esa elaboraci\u00f3n poniendo al alcance del lector formado o en formaci\u00f3n un corpus de conocimientos y mostrando, a trav\u00e9s del an\u00e1lisis de casos, posibles aplicaciones pr\u00e1cticas.<\/p>\n<p><strong>Una metodolog\u00eda, en \ufb01n, orientada a resaltar la importancia del \u201cc\u00f3mo\u201d en el abordaje del Dise\u00f1o de Interiores.<\/strong><\/p>\n<p>&nbsp;<\/p>\n<p><span class=\"Apple-converted-space\">SOBRE LOS AUTORES<br \/>\n<\/span><strong>Sergio Feltrup<\/strong> \u00a0es\u00a0Arquitecto FADU-UBA. Nacido en 1944 en Buenos Aires. Director del Posgrado en Dise\u00f1o de Interiores -DISIN\/Facultad de Arquitectura y Urbanismo- UBA, Profesor en el Posgrado en Dise\u00f1o de Mobiliario &#8211; DIMO\/FADU-UBA. Ha sido Profesor Regular Titular de Historia del Dise\u00f1o Industrial en la carrera de Dise\u00f1o Industrial FADU-UBA, Profesor Titular \u00a0en Proyectual 1 y 2 en el CBC-UBA y Profesor Regular Adjunto de Historia de la Arquitectura UNMDP. En la Universidad de Belgrano ha sido \u00a0Director de la Licenciatura en Dise\u00f1o de Interiores, Profesor Titular, Tutor y \u00a0Jurado de trabajo Final de Carrera en la mencionada Licenciatura y Profesor Titular en la \u00a0Licenciatura en Turismo. Ha publicado trabajos sobre su especialidad y dictado conferencias y \u00a0cursos en el pa\u00eds y \u00a0en el exterior.<\/p>\n<div><strong>Agust\u00edn Trabucco<\/strong> es Licenciado en Artes Visuales IUNA &#8211; Universidad Nacional de las Artes. Nacido en 1964 en Buenos Aires. Profesor en el Posgrado en Dise\u00f1o de Interiores -DISIN\/Facultad de Arquitectura y Urbanismo- UBA, en la Universidad de Belgrano es Pofesor en la carrera de Arquitectura y en la \u00a0Licenciatura en Dise\u00f1o de Interiores, Tutor y Jurado de trabajo Final de Carrera en la mencionada Licenciatura y Profesor Titular en la Licenciatura en Turismo. Profesor de Historia de la Arquitectura en la Universidad de Palermo. Ha sido profesor en Historia del Dise\u00f1o Industrial FADU-UBA y en el Posgrado de Dise\u00f1o de Mobiliario &#8211; DIMO \/ \u00a0FADU-UBA. Ha publicado trabajos sobre su especialidad y dictado conferencias y cursos en el pa\u00eds y en el exterior.<\/div>\n","protected":false},"excerpt":{"rendered":"<p><span style=\"color: #ff0000;\"><span style=\"color: #000000;\">Autores:<\/span> Sergio Feltrup y Agust\u00edn Trabucco<\/span><\/p>\n<p>Experimenta \/ Dise\u00f1o Editorial<\/p>\n<p>Elaborar una Teor\u00eda no es hallar la \u201csoluci\u00f3n m\u00e1gica\u201d ni la \u201cdirecci\u00f3n correcta\u201d sino consolidar \u201csenderos en el bosque\u201d, aportar luz y nuevas herramientas que ayuden al Dise\u00f1ador a elegir sus caminos, aquellos que m\u00e1s convengan a sus prop\u00f3sitos.\u00a0Es intenci\u00f3n de este volumen, entonces, contribuir a esa elaboraci\u00f3n poniendo al alcance del lector formado o en formaci\u00f3n un corpus de conocimientos y mostrando, a trav\u00e9s del an\u00e1lisis de casos, posibles aplicaciones pr\u00e1cticas.<\/p>\n<p><strong>Una metodolog\u00eda, en \ufb01n, orientada a resaltar la importancia del \u201cc\u00f3mo\u201d en el abordaje del Dise\u00f1o de Interiores.<\/strong><\/p>\n<p>&nbsp;<\/p>\n<p>\u00b7 ISBN: 978-84-18049-70-5<br \/>\n\u00b7 Medidas: 17 x 24 x 1,5 cm<br \/>\n\u00b7 P\u00e1ginas: 210<br \/>\n\u00b7 Impresi\u00f3n interior: Negro<\/p>\n","protected":false},"featured_media":59673,"comment_status":"open","ping_status":"closed","template":"","meta":[],"product_cat":[9894,7313],"product_tag":[9713,9730,9872,9864,9641,9763],"jetpack_sharing_enabled":true,"_links":{"self":[{"href":"https:\/\/www.experimenta.es\/tienda\/wp-json\/wp\/v2\/product\/59668"}],"collection":[{"href":"https:\/\/www.experimenta.es\/tienda\/wp-json\/wp\/v2\/product"}],"about":[{"href":"https:\/\/www.experimenta.es\/tienda\/wp-json\/wp\/v2\/types\/product"}],"replies":[{"embeddable":true,"href":"https:\/\/www.experimenta.es\/tienda\/wp-json\/wp\/v2\/comments?post=59668"}],"wp:featuredmedia":[{"embeddable":true,"href":"https:\/\/www.experimenta.es\/tienda\/wp-json\/wp\/v2\/media\/59673"}],"wp:attachment":[{"href":"https:\/\/www.experimenta.es\/tienda\/wp-json\/wp\/v2\/media?parent=59668"}],"wp:term":[{"taxonomy":"product_cat","embeddable":true,"href":"https:\/\/www.experimenta.es\/tienda\/wp-json\/wp\/v2\/product_cat?post=59668"},{"taxonomy":"product_tag","embeddable":true,"href":"https:\/\/www.experimenta.es\/tienda\/wp-json\/wp\/v2\/product_tag?post=59668"}],"curies":[{"name":"wp","href":"https:\/\/api.w.org\/{rel}","templated":true}]}}

Intuición y Razón en el Diseño de Interiores. Una Construcción Teórico-Crítica.

<p>La <strong>Intuición</strong> desempeña un rol importante en la proyectación y comprensión del Diseño de Interiores pero, como aﬁrma Mario Bunge, <em>“sin intuición no arrancamos, y con ella sola nos desbarrancamos…”.</em><br />
Hay que ir en busca de la <strong>Razón</strong> para sistematizar lo intuido.</p>
<p>Elaborar una Teoría no es hallar la “solución mágica” ni la “dirección correcta” sino consolidar “senderos en el bosque”, aportar luz y nuevas herramientas que ayuden al Diseñador a elegir sus caminos, aquellos que más convengan a sus propósitos. Es intención de este volumen, entonces, contribuir a esa elaboración poniendo al alcance del lector formado o en formación un corpus de conocimientos y mostrando, a través del análisis de casos, posibles aplicaciones prácticas.</p>
<p><strong>Una metodología, en ﬁn, orientada a resaltar la importancia del “cómo” en el abordaje del Diseño de Interiores.</strong></p>
<p>&nbsp;</p>
<p><span class="Apple-converted-space">SOBRE LOS AUTORES<br />
</span><strong>Sergio Feltrup</strong>  es Arquitecto FADU-UBA. Nacido en 1944 en Buenos Aires. Director del Posgrado en Diseño de Interiores -DISIN/Facultad de Arquitectura y Urbanismo- UBA, Profesor en el Posgrado en Diseño de Mobiliario &#8211; DIMO/FADU-UBA. Ha sido Profesor Regular Titular de Historia del Diseño Industrial en la carrera de Diseño Industrial FADU-UBA, Profesor Titular  en Proyectual 1 y 2 en el CBC-UBA y Profesor Regular Adjunto de Historia de la Arquitectura UNMDP. En la Universidad de Belgrano ha sido  Director de la Licenciatura en Diseño de Interiores, Profesor Titular, Tutor y  Jurado de trabajo Final de Carrera en la mencionada Licenciatura y Profesor Titular en la  Licenciatura en Turismo. Ha publicado trabajos sobre su especialidad y dictado conferencias y  cursos en el país y  en el exterior.</p>
<div><strong>Agustín Trabucco</strong> es Licenciado en Artes Visuales IUNA &#8211; Universidad Nacional de las Artes. Nacido en 1964 en Buenos Aires. Profesor en el Posgrado en Diseño de Interiores -DISIN/Facultad de Arquitectura y Urbanismo- UBA, en la Universidad de Belgrano es Pofesor en la carrera de Arquitectura y en la  Licenciatura en Diseño de Interiores, Tutor y Jurado de trabajo Final de Carrera en la mencionada Licenciatura y Profesor Titular en la Licenciatura en Turismo. Profesor de Historia de la Arquitectura en la Universidad de Palermo. Ha sido profesor en Historia del Diseño Industrial FADU-UBA y en el Posgrado de Diseño de Mobiliario &#8211; DIMO /  FADU-UBA. Ha publicado trabajos sobre su especialidad y dictado conferencias y cursos en el país y en el exterior.</div>

<p><span style="color: #ff0000;"><span style="color: #000000;">Autores:</span> Sergio Feltrup y Agustín Trabucco</span></p>
<p>Experimenta / Diseño Editorial</p>
<p>Elaborar una Teoría no es hallar la “solución mágica” ni la “dirección correcta” sino consolidar “senderos en el bosque”, aportar luz y nuevas herramientas que ayuden al Diseñador a elegir sus caminos, aquellos que más convengan a sus propósitos. Es intención de este volumen, entonces, contribuir a esa elaboración poniendo al alcance del lector formado o en formación un corpus de conocimientos y mostrando, a través del análisis de casos, posibles aplicaciones prácticas.</p>
<p><strong>Una metodología, en ﬁn, orientada a resaltar la importancia del “cómo” en el abordaje del Diseño de Interiores.</strong></p>
<p>&nbsp;</p>
<p>· ISBN: 978-84-18049-70-5<br />
· Medidas: 17 x 24 x 1,5 cm<br />
· Páginas: 210<br />
· Impresión interior: Negro</p>
