{"id":59781,"date":"2021-12-27T20:21:33","date_gmt":"2021-12-27T19:21:33","guid":{"rendered":"https:\/\/www.experimenta.es\/tienda\/?post_type=product&#038;p=59781"},"modified":"2025-01-26T12:58:32","modified_gmt":"2025-01-26T11:58:32","slug":"revista-experimenta-91","status":"publish","type":"product","link":"https:\/\/www.experimenta.es\/tienda\/producto\/revista-experimenta-91\/","title":{"rendered":"Revista Experimenta 91"},"content":{"rendered":"<p>La nueva movilidad, que incluye aspectos diversos, complejos y al mismo tiempo complementarios, es un tema que involucra una suma de intereses en ocasiones contrapuestos. Y en el que, como si se tratase de un Efecto Mariposa, cada acci\u00f3n desencadena una serie de impactos en diferentes sectores. De este modo, pensar en la nueva movilidad no se limita exclusivamente a revisar el tipo de combustible o materiales que utilizan los veh\u00edculos, requiere de un an\u00e1lisis m\u00e1s profundo en el que debe considerarse el impacto social, ambiental, econ\u00f3mico, urbano, humano y sostenible. Una tarea que comenz\u00f3 hace d\u00e9cadas y que a\u00fan dista -lamentablemente- de tener una soluci\u00f3n satisfactoria.<\/p>\n<p>Para profundizar en este tema, en esta edici\u00f3n la <strong>Dra. Pilar Vega Pindado<\/strong> nos invita a reflexionar en su art\u00edculo \u201cMovilidad sostenible para un tiempo de crisis. La accesibilidad y el futuro de las ciudades\u201d donde afirma que <i>\u201clas personas son el centro de la planificaci\u00f3n\u201d<\/i> ya que <i>\u201clos problemas de la movilidad no se resolver\u00e1n con m\u00e1s tecnolog\u00eda sino con un cambio cultural y pol\u00edtico que impulse otra forma de relaciones sociales\u201d<\/i>. Esto se suma a la propuesta del <strong>Dr. Emmanuel Olusegun Stober<\/strong> quien en su art\u00edculo \u201cEl futuro de los autom\u00f3viles y la reinvenci\u00f3n del transporte\u201d -con traducci\u00f3n y notas de <strong>Eugenio Vega<\/strong>&#8211; nos dice que <i>\u201cla conducci\u00f3n automatizada y la electrificaci\u00f3n est\u00e1n cambiando nuestra manera de entender la movilidad de una manera irreversible\u201d<\/i>.<\/p>\n<p>Y para confirmar el grado de implicancia del dise\u00f1o estrat\u00e9gico en esta forma de reinterpretar el presente con perspectiva de futuro, <strong>Rodrigo Mart\u00ednez Rodr\u00edguez<\/strong> nos propone \u201cDise\u00f1o estrat\u00e9gico para el coche del futuro\u201d.<\/p>\n<p>Aut\u00f3nomos, el\u00e9ctricos, h\u00edbridos, individuales, compartidos, cierto es que las nuevas formas de movilidad ya est\u00e1n aqu\u00ed, algo que podemos ver en la galer\u00eda de proyectos que ilustran esta realidad en nuestra secci\u00f3n <strong>ZUM<\/strong>.<\/p>\n<p><strong>Felipe Taborda<\/strong> nos presenta la fuerza de la imagen en la obra de <strong>Mohammad Afshar<\/strong> y las huellas literarias que se expresan en las caricaturas de <strong>C\u00e1ssio Loredano<\/strong>.<\/p>\n<p>Desde Berl\u00edn, <strong>Luj\u00e1n Cambariere<\/strong> nos ofrece un recorrido por el talento joven alem\u00e1n, reunido en la muestra <em>German Design Graduates<\/em>; adem\u00e1s de adentrarnos en el fen\u00f3meno del <em>craft<\/em> y su relaci\u00f3n con el dise\u00f1o.<\/p>\n<p>Los dise\u00f1adores tenemos grandes desaf\u00edos por delante: trabajar en nuevas formas de movilidad que permitan un desarrollo sostenible, considerando el impacto social y ambiental que producen, en ciudades que est\u00e9n preparadas para este cambio de era.<\/p>\n<p>De nosotros depender\u00e1 que as\u00ed suceda.<\/p>\n<p><strong>\u00a1Bienvenidos a Experimenta 91!<\/strong><\/p>\n","protected":false},"excerpt":{"rendered":"<p><b>El futuro de la movilidad.<span class=\"gmail-Apple-converted-space\">\u00a0<\/span><\/b>Dise\u00f1o, planificaci\u00f3n y nuevos paradigmas.<\/p>\n<p>Los dise\u00f1adores tenemos grandes desaf\u00edos por delante. Y uno de ellos es el de trabajar en nuevas formas de movilidad que permitan un desarrollo sostenible, considerando el impacto social y ambiental que producen, en ciudades que est\u00e9n preparadas para este cambio de era.<\/p>\n<p>En Experimenta 91, los invitamos a viajar al futuro de la movilidad.<\/p>\n<div class=\"page\" title=\"Page 4\">\n<div class=\"layoutArea\">\n<div class=\"column\">\n<p>\u00b7 Edici\u00f3n: Invierno 2021<br \/>\n\u00b7 ISBN: 978-84-18049-74-3<br \/>\n\u00b7 Medidas: 23 x 26,5 cm<br \/>\n\u00b7 P\u00e1ginas: 120<\/p>\n<\/div>\n<\/div>\n<\/div>\n","protected":false},"featured_media":59791,"comment_status":"open","ping_status":"closed","template":"","meta":[],"product_cat":[7311],"product_tag":[9713,9732,9730,9735,9638,9591,9777,9766,9748,9707,9708,9714,9762,9874,9746],"jetpack_sharing_enabled":true,"_links":{"self":[{"href":"https:\/\/www.experimenta.es\/tienda\/wp-json\/wp\/v2\/product\/59781"}],"collection":[{"href":"https:\/\/www.experimenta.es\/tienda\/wp-json\/wp\/v2\/product"}],"about":[{"href":"https:\/\/www.experimenta.es\/tienda\/wp-json\/wp\/v2\/types\/product"}],"replies":[{"embeddable":true,"href":"https:\/\/www.experimenta.es\/tienda\/wp-json\/wp\/v2\/comments?post=59781"}],"wp:featuredmedia":[{"embeddable":true,"href":"https:\/\/www.experimenta.es\/tienda\/wp-json\/wp\/v2\/media\/59791"}],"wp:attachment":[{"href":"https:\/\/www.experimenta.es\/tienda\/wp-json\/wp\/v2\/media?parent=59781"}],"wp:term":[{"taxonomy":"product_cat","embeddable":true,"href":"https:\/\/www.experimenta.es\/tienda\/wp-json\/wp\/v2\/product_cat?post=59781"},{"taxonomy":"product_tag","embeddable":true,"href":"https:\/\/www.experimenta.es\/tienda\/wp-json\/wp\/v2\/product_tag?post=59781"}],"curies":[{"name":"wp","href":"https:\/\/api.w.org\/{rel}","templated":true}]}}

<p>La nueva movilidad, que incluye aspectos diversos, complejos y al mismo tiempo complementarios, es un tema que involucra una suma de intereses en ocasiones contrapuestos. Y en el que, como si se tratase de un Efecto Mariposa, cada acción desencadena una serie de impactos en diferentes sectores. De este modo, pensar en la nueva movilidad no se limita exclusivamente a revisar el tipo de combustible o materiales que utilizan los vehículos, requiere de un análisis más profundo en el que debe considerarse el impacto social, ambiental, económico, urbano, humano y sostenible. Una tarea que comenzó hace décadas y que aún dista -lamentablemente- de tener una solución satisfactoria.</p>
<p>Para profundizar en este tema, en esta edición la <strong>Dra. Pilar Vega Pindado</strong> nos invita a reflexionar en su artículo “Movilidad sostenible para un tiempo de crisis. La accesibilidad y el futuro de las ciudades” donde afirma que <i>“las personas son el centro de la planificación”</i> ya que <i>“los problemas de la movilidad no se resolverán con más tecnología sino con un cambio cultural y político que impulse otra forma de relaciones sociales”</i>. Esto se suma a la propuesta del <strong>Dr. Emmanuel Olusegun Stober</strong> quien en su artículo “El futuro de los automóviles y la reinvención del transporte” -con traducción y notas de <strong>Eugenio Vega</strong>&#8211; nos dice que <i>“la conducción automatizada y la electrificación están cambiando nuestra manera de entender la movilidad de una manera irreversible”</i>.</p>
<p>Y para confirmar el grado de implicancia del diseño estratégico en esta forma de reinterpretar el presente con perspectiva de futuro, <strong>Rodrigo Martínez Rodríguez</strong> nos propone “Diseño estratégico para el coche del futuro”.</p>
<p>Autónomos, eléctricos, híbridos, individuales, compartidos, cierto es que las nuevas formas de movilidad ya están aquí, algo que podemos ver en la galería de proyectos que ilustran esta realidad en nuestra sección <strong>ZUM</strong>.</p>
<p><strong>Felipe Taborda</strong> nos presenta la fuerza de la imagen en la obra de <strong>Mohammad Afshar</strong> y las huellas literarias que se expresan en las caricaturas de <strong>Cássio Loredano</strong>.</p>
<p>Desde Berlín, <strong>Luján Cambariere</strong> nos ofrece un recorrido por el talento joven alemán, reunido en la muestra <em>German Design Graduates</em>; además de adentrarnos en el fenómeno del <em>craft</em> y su relación con el diseño.</p>
<p>Los diseñadores tenemos grandes desafíos por delante: trabajar en nuevas formas de movilidad que permitan un desarrollo sostenible, considerando el impacto social y ambiental que producen, en ciudades que estén preparadas para este cambio de era.</p>
<p>De nosotros dependerá que así suceda.</p>
<p><strong>¡Bienvenidos a Experimenta 91!</strong></p>

<p><b>El futuro de la movilidad.<span class="gmail-Apple-converted-space"> </span></b>Diseño, planificación y nuevos paradigmas.</p>
<p>Los diseñadores tenemos grandes desafíos por delante. Y uno de ellos es el de trabajar en nuevas formas de movilidad que permitan un desarrollo sostenible, considerando el impacto social y ambiental que producen, en ciudades que estén preparadas para este cambio de era.</p>
<p>En Experimenta 91, los invitamos a viajar al futuro de la movilidad.</p>
<div class="page" title="Page 4">
<div class="layoutArea">
<div class="column">
<p>· Edición: Invierno 2021<br />
· ISBN: 978-84-18049-74-3<br />
· Medidas: 23 x 26,5 cm<br />
· Páginas: 120</p>
</div>
</div>
</div>
