{"id":59876,"date":"2022-01-31T12:13:12","date_gmt":"2022-01-31T11:13:12","guid":{"rendered":"https:\/\/www.experimenta.es\/tienda\/?post_type=product&#038;p=59876"},"modified":"2024-02-12T11:35:22","modified_gmt":"2024-02-12T10:35:22","slug":"objetivo-subjetivo-cuaderno-de-bitacora-de-tiempos-extranos","status":"publish","type":"product","link":"https:\/\/www.experimenta.es\/tienda\/producto\/objetivo-subjetivo-cuaderno-de-bitacora-de-tiempos-extranos\/","title":{"rendered":"Objetivo Subjetivo. [Cuaderno de bit\u00e1cora de tiempos extra\u00f1os]"},"content":{"rendered":"<p>Durante los a\u00f1os 2020 y 2021 Javier D\u00edez ha colaborado con la revista digital El Asombrario &amp; Co., siendo<em> OBJETIVO SUBJETIVO Cuaderno de bit\u00e1cora de tiempos extra\u00f1os<\/em>, su primer libro, una recopilaci\u00f3n, ampliada y actualizada, de los art\u00edculos en ella publicados.<\/p>\n<p><em>\u00abSin duda, ese soberbio \u2018d\u00edez\u2019 que escribe art\u00edculos que asombran lo suyo podr\u00eda compartir peana con su hom\u00f3nimo en un Premio Nacional de Dise\u00f1o, un Premio Nacional de Bellas Artes o qui\u00e9n sabe si un Premio Nacional de Periodismo, cada d\u00eda m\u00e1s despoblado de talento. En fin, al escribir por libre, Javier, observo, y me gustar\u00eda hacerte observar, una met\u00e1fora en cierto modo sorprendente, y es que al fin y al cabo escribir es \u2014al menos para nosotros, los del campo visual\u2014algo as\u00ed como otro modo de pintar. Cierto que escribir es opinar y en cambio pintar es m\u00e1s bien describir, pero esas funciones se interrelacionan constantemente, y grosso modo podr\u00eda deducirse que pintura es forma mientras que escritura es fondo. Pero, ya puestos \u00bfpor qu\u00e9 no considerarlo al rev\u00e9s?\u00bb<\/em><\/p>\n<p><em>\u00abSi echas un vistazo a estas p\u00e1ginas, ver\u00e1s que est\u00e1n llenas de letras diferentes, pero no comprender\u00e1s el sentido; hay que leerlas palabra por palabra. Para edificar una obra, es menester levantarla paso a paso.\u00bb<\/em><br \/>\n<strong>Enric Satu\u00e9<\/strong><\/p>\n<p><span class=\"Apple-converted-space\">SOBRE EL AUTOR<br \/>\n<\/span><\/p>\n<p><strong>Javier D\u00edez<\/strong> (1966) es dise\u00f1ador industrial por la Escuela Experimental de Dise\u00f1o (1992) y forma parte, junto a su hermano Jos\u00e9 Luis, del estudio madrile\u00f1o <strong>los d\u00edez<\/strong>, dedicado al dise\u00f1o de producto y, desde el 2010, tambi\u00e9n a la creaci\u00f3n de poes\u00eda visual y poemas objeto; as\u00ed mismo, desarrollan proyectos en el \u00e1mbito de la fotograf\u00eda y la instalaci\u00f3n.<br \/>\nEn la actualidad prepara una segunda publicaci\u00f3n sobre temas de dise\u00f1o, arte y est\u00e9tica que se titular\u00e1 Sobre ideas y cosas y un volumen sobre la filmograf\u00eda de Billy Wilder, que llevar\u00e1 como t\u00edtulo Billy Wilder y su doble.<\/p>\n","protected":false},"excerpt":{"rendered":"<p><span style=\"color: #ff0000;\"><span style=\"color: #000000;\">Autor:<\/span> Javier D\u00edez_los d\u00edez<\/span><\/p>\n<p>Pr\u00f3logo: Enric Satu\u00e9<\/p>\n<p>Durante los a\u00f1os 2020 y 2021 Javier D\u00edez ha colaborado con la revista digital El Asombrario &amp; Co., siendo<em> OBJETIVO SUBJETIVO Cuaderno de bit\u00e1cora de tiempos extra\u00f1os<\/em>, su primer libro, una recopilaci\u00f3n, ampliada y actualizada, de los art\u00edculos en ella publicados.<\/p>\n<ul class=\"a-unordered-list a-nostyle a-vertical a-spacing-none detail-bullet-list\">\n<li>ISBN: 978-84-18049-76-7<\/li>\n<li>Medidas: 16 x 23 cm<\/li>\n<li>P\u00e1ginas: 162<\/li>\n<li>Encuadernaci\u00f3n: R\u00fastica<\/li>\n<li>Impresi\u00f3n interior: Color<\/li>\n<li>Edici\u00f3n: Experimenta Libros<\/li>\n<\/ul>\n","protected":false},"featured_media":59878,"comment_status":"open","ping_status":"closed","template":"","meta":[],"product_cat":[9897,7313],"product_tag":[9806,9730,9859,9641,9763,9714,9733,9786,9778],"jetpack_sharing_enabled":true,"_links":{"self":[{"href":"https:\/\/www.experimenta.es\/tienda\/wp-json\/wp\/v2\/product\/59876"}],"collection":[{"href":"https:\/\/www.experimenta.es\/tienda\/wp-json\/wp\/v2\/product"}],"about":[{"href":"https:\/\/www.experimenta.es\/tienda\/wp-json\/wp\/v2\/types\/product"}],"replies":[{"embeddable":true,"href":"https:\/\/www.experimenta.es\/tienda\/wp-json\/wp\/v2\/comments?post=59876"}],"wp:featuredmedia":[{"embeddable":true,"href":"https:\/\/www.experimenta.es\/tienda\/wp-json\/wp\/v2\/media\/59878"}],"wp:attachment":[{"href":"https:\/\/www.experimenta.es\/tienda\/wp-json\/wp\/v2\/media?parent=59876"}],"wp:term":[{"taxonomy":"product_cat","embeddable":true,"href":"https:\/\/www.experimenta.es\/tienda\/wp-json\/wp\/v2\/product_cat?post=59876"},{"taxonomy":"product_tag","embeddable":true,"href":"https:\/\/www.experimenta.es\/tienda\/wp-json\/wp\/v2\/product_tag?post=59876"}],"curies":[{"name":"wp","href":"https:\/\/api.w.org\/{rel}","templated":true}]}}

Objetivo Subjetivo. [Cuaderno de bitácora de tiempos extraños]

<p>Durante los años 2020 y 2021 Javier Díez ha colaborado con la revista digital El Asombrario &amp; Co., siendo<em> OBJETIVO SUBJETIVO Cuaderno de bitácora de tiempos extraños</em>, su primer libro, una recopilación, ampliada y actualizada, de los artículos en ella publicados.</p>
<p><em>«Sin duda, ese soberbio ‘díez’ que escribe artículos que asombran lo suyo podría compartir peana con su homónimo en un Premio Nacional de Diseño, un Premio Nacional de Bellas Artes o quién sabe si un Premio Nacional de Periodismo, cada día más despoblado de talento. En fin, al escribir por libre, Javier, observo, y me gustaría hacerte observar, una metáfora en cierto modo sorprendente, y es que al fin y al cabo escribir es —al menos para nosotros, los del campo visual—algo así como otro modo de pintar. Cierto que escribir es opinar y en cambio pintar es más bien describir, pero esas funciones se interrelacionan constantemente, y grosso modo podría deducirse que pintura es forma mientras que escritura es fondo. Pero, ya puestos ¿por qué no considerarlo al revés?»</em></p>
<p><em>«Si echas un vistazo a estas páginas, verás que están llenas de letras diferentes, pero no comprenderás el sentido; hay que leerlas palabra por palabra. Para edificar una obra, es menester levantarla paso a paso.»</em><br />
<strong>Enric Satué</strong></p>
<p><span class="Apple-converted-space">SOBRE EL AUTOR<br />
</span></p>
<p><strong>Javier Díez</strong> (1966) es diseñador industrial por la Escuela Experimental de Diseño (1992) y forma parte, junto a su hermano José Luis, del estudio madrileño <strong>los díez</strong>, dedicado al diseño de producto y, desde el 2010, también a la creación de poesía visual y poemas objeto; así mismo, desarrollan proyectos en el ámbito de la fotografía y la instalación.<br />
En la actualidad prepara una segunda publicación sobre temas de diseño, arte y estética que se titulará Sobre ideas y cosas y un volumen sobre la filmografía de Billy Wilder, que llevará como título Billy Wilder y su doble.</p>

<p><span style="color: #ff0000;"><span style="color: #000000;">Autor:</span> Javier Díez_los díez</span></p>
<p>Prólogo: Enric Satué</p>
<p>Durante los años 2020 y 2021 Javier Díez ha colaborado con la revista digital El Asombrario &amp; Co., siendo<em> OBJETIVO SUBJETIVO Cuaderno de bitácora de tiempos extraños</em>, su primer libro, una recopilación, ampliada y actualizada, de los artículos en ella publicados.</p>
<ul class="a-unordered-list a-nostyle a-vertical a-spacing-none detail-bullet-list">
<li>ISBN: 978-84-18049-76-7</li>
<li>Medidas: 16 x 23 cm</li>
<li>Páginas: 162</li>
<li>Encuadernación: Rústica</li>
<li>Impresión interior: Color</li>
<li>Edición: Experimenta Libros</li>
</ul>
