{"id":60442,"date":"2022-06-15T16:01:20","date_gmt":"2022-06-15T14:01:20","guid":{"rendered":"https:\/\/www.experimenta.es\/tienda\/?post_type=product&#038;p=60442"},"modified":"2024-10-14T21:11:39","modified_gmt":"2024-10-14T19:11:39","slug":"bioobjetos-diseno-ciencia","status":"publish","type":"product","link":"https:\/\/www.experimenta.es\/tienda\/producto\/bioobjetos-diseno-ciencia\/","title":{"rendered":"BioObjetos. Dise\u00f1o + Ciencia."},"content":{"rendered":"<div>\n<p>Que el mundo est\u00e1 en crisis no es novedad. Una guerra casi global \u2013y escalando\u2013 y una pandemia que a\u00fan no termina pueden verse como emergentes de un egocentrismo extractivista que nos ha conducido a una crisis ecol\u00f3gica y clim\u00e1tica. La alt\u00edsima inequidad en la distribuci\u00f3n de recursos \u2013en todos los niveles\u2013 y un consumo exacerbado y desmedido de recursos naturales, vuelve este modo de vida occidental moderno no sustentable.<\/p>\n<\/div>\n<div>\n<p>La carrera por maximizar la productividad o el rendimiento espec\u00edfico sin medir la exclusi\u00f3n de personas o los pasivos ambientales no va m\u00e1s. Los problemas son antiguos y multicausales, los desaf\u00edos enormes y complejos. En pocas palabras, estamos en el horno. Y la salida no es mediante personas iluminadas, ni expertas en econometr\u00eda o meditaci\u00f3n cu\u00e1ntica. No hay recetas m\u00e1gicas. Se sale con esfuerzo, con sacrificio, con conocimiento diverso y con trabajo en equipos interdisciplinarios.<\/p>\n<\/div>\n<div>\n<p>Este libro, compilado por la Mg., Inv., y D.I. Lorena Bonilla, cuenta sus aprendizajes y exploraci\u00f3n en la b\u00fasqueda de un crecimiento arm\u00f3nico. Viniendo del mundo de la moda y su dilapidaci\u00f3n de recursos, Lorena emprende una b\u00fasqueda del uso de la inteligencia, la empat\u00eda, el dise\u00f1o e inspiraci\u00f3n en la naturaleza para producir innovaci\u00f3n de procesos y lograr ser m\u00e1s amigables con el ambiente y la humanidad.<\/p>\n<\/div>\n<div>BioObjetos invita a un trabajo interdisciplinario y tiende lazos entre el dise\u00f1o, la biolog\u00eda, la qu\u00edmica, con intenci\u00f3n de generar sinergias con las \u00e1reas de bio y nanotecnolog\u00eda.<br \/>\nEs urgente lograr un desarrollo amigable con el medio ambiente y humanidad. Toda exploraci\u00f3n en ese sentido es urgente. Este libro es una de ellas.<\/div>\n<div><em>Dr. Alejandro Nadra<\/em><\/div>\n<p>&nbsp;<\/p>\n<p><span class=\"Apple-converted-space\">SOBRE LA AUTORA<br \/>\n<\/span><\/p>\n<p><strong>Lorena Bonilla<\/strong>\u00a0es Directora de Investigaci\u00f3n en Bio Dise\u00f1o (UBA). Profesora de Proyecto de indumentaria y accesorios. UBA,FADU.<br \/>\nEs Dise\u00f1adora de Indumentaria, Especialista en Gesti\u00f3n del Dise\u00f1o por la Universidad de Buenos Aires (UBA), Facultad de Arquitectura, Dise\u00f1o, y Urbanismo (FADU) y Magister en Dise\u00f1o Abierto (UBA, Humboldt. Berl\u00edn Alemania).\u00a0Ha obtenido la beca de J\u00f3venes Investigadores Nacionales (JIN, UBA, FADU) por su investigaci\u00f3n Proped\u00e9utica del NO TALLE. Es Profesora Titular de las Carreras de Dise\u00f1o de Indumentaria, Dise\u00f1o Industrial y Dise\u00f1o Textil (@catedrabonilla UBA, FADU) y docente en la Maestr\u00eda en Dise\u00f1o Interactivo, UBA, FADU.<br \/>\nDesarrolla actividades de investigaci\u00f3n, dentro del \u00e1rea de la sustentabilidad y la biotecnolog\u00eda aplicada al dise\u00f1o, como directora del Proyecto UBACYT en Biodise\u00f1o. (RESCS-2020-285-E-UBA-REC)<br \/>\nDesde 2019 es Coordinadora Acad\u00e9mica General de la UBA del proyecto Bio Objetos. V\u00ednculo interdisciplinario entre el dise\u00f1o y la eco concepci\u00f3n, proyecto destacado en el marco de la segunda convocatoria del Programa INNOVART, para promover la investigaci\u00f3n entre universidades argentinas y francesas. Dirige el seminario Bioobjetos en el marco del posgrado UBA, FADU en cooperaci\u00f3n con ENSAD, Par\u00eds, Francia.<\/p>\n","protected":false},"excerpt":{"rendered":"<p><span style=\"color: #ff0000;\"><span style=\"color: #000000;\">Autor:<\/span> Lorena Bonilla (comp.)<\/span><\/p>\n<div id=\":jd\" class=\"Ar Au Ao\">\n<div id=\":j9\" class=\"Am Al editable LW-avf tS-tW tS-tY\" tabindex=\"1\" role=\"textbox\" contenteditable=\"true\" spellcheck=\"false\" aria-label=\"Cuerpo del mensaje\" aria-multiline=\"true\">\n<p>BioObjetos invita a un trabajo interdisciplinario y tiende lazos entre el dise\u00f1o, la biolog\u00eda, la qu\u00edmica, con intenci\u00f3n de generar sinergias con las \u00e1reas de bio y nanotecnolog\u00eda.<br \/>\nEs urgente lograr un desarrollo amigable con el medio ambiente y humanidad. Toda exploraci\u00f3n en ese sentido es urgente. Este libro es una de ellas.<\/p>\n<p>&nbsp;<\/p>\n<\/div>\n<\/div>\n<ul class=\"a-unordered-list a-nostyle a-vertical a-spacing-none detail-bullet-list\">\n<li>ISBN: 978-84-18049-86-6<\/li>\n<li>Medidas: 15 x 21 cm<\/li>\n<li>P\u00e1ginas: 236<\/li>\n<li>Encuadernaci\u00f3n: R\u00fastica<\/li>\n<li>Impresi\u00f3n interior: Color<\/li>\n<li>Coedici\u00f3n Experimenta Libros \/ Wolkowicz Editores<\/li>\n<\/ul>\n","protected":false},"featured_media":60461,"comment_status":"open","ping_status":"closed","template":"","meta":[],"product_cat":[9892,9898,7313],"product_tag":[9885,9859,9641,9770,9714,9786,9746,9778],"jetpack_sharing_enabled":true,"_links":{"self":[{"href":"https:\/\/www.experimenta.es\/tienda\/wp-json\/wp\/v2\/product\/60442"}],"collection":[{"href":"https:\/\/www.experimenta.es\/tienda\/wp-json\/wp\/v2\/product"}],"about":[{"href":"https:\/\/www.experimenta.es\/tienda\/wp-json\/wp\/v2\/types\/product"}],"replies":[{"embeddable":true,"href":"https:\/\/www.experimenta.es\/tienda\/wp-json\/wp\/v2\/comments?post=60442"}],"wp:featuredmedia":[{"embeddable":true,"href":"https:\/\/www.experimenta.es\/tienda\/wp-json\/wp\/v2\/media\/60461"}],"wp:attachment":[{"href":"https:\/\/www.experimenta.es\/tienda\/wp-json\/wp\/v2\/media?parent=60442"}],"wp:term":[{"taxonomy":"product_cat","embeddable":true,"href":"https:\/\/www.experimenta.es\/tienda\/wp-json\/wp\/v2\/product_cat?post=60442"},{"taxonomy":"product_tag","embeddable":true,"href":"https:\/\/www.experimenta.es\/tienda\/wp-json\/wp\/v2\/product_tag?post=60442"}],"curies":[{"name":"wp","href":"https:\/\/api.w.org\/{rel}","templated":true}]}}

BioObjetos. Diseño + Ciencia.

<div>
<p>Que el mundo está en crisis no es novedad. Una guerra casi global –y escalando– y una pandemia que aún no termina pueden verse como emergentes de un egocentrismo extractivista que nos ha conducido a una crisis ecológica y climática. La altísima inequidad en la distribución de recursos –en todos los niveles– y un consumo exacerbado y desmedido de recursos naturales, vuelve este modo de vida occidental moderno no sustentable.</p>
</div>
<div>
<p>La carrera por maximizar la productividad o el rendimiento específico sin medir la exclusión de personas o los pasivos ambientales no va más. Los problemas son antiguos y multicausales, los desafíos enormes y complejos. En pocas palabras, estamos en el horno. Y la salida no es mediante personas iluminadas, ni expertas en econometría o meditación cuántica. No hay recetas mágicas. Se sale con esfuerzo, con sacrificio, con conocimiento diverso y con trabajo en equipos interdisciplinarios.</p>
</div>
<div>
<p>Este libro, compilado por la Mg., Inv., y D.I. Lorena Bonilla, cuenta sus aprendizajes y exploración en la búsqueda de un crecimiento armónico. Viniendo del mundo de la moda y su dilapidación de recursos, Lorena emprende una búsqueda del uso de la inteligencia, la empatía, el diseño e inspiración en la naturaleza para producir innovación de procesos y lograr ser más amigables con el ambiente y la humanidad.</p>
</div>
<div>BioObjetos invita a un trabajo interdisciplinario y tiende lazos entre el diseño, la biología, la química, con intención de generar sinergias con las áreas de bio y nanotecnología.<br />
Es urgente lograr un desarrollo amigable con el medio ambiente y humanidad. Toda exploración en ese sentido es urgente. Este libro es una de ellas.</div>
<div><em>Dr. Alejandro Nadra</em></div>
<p>&nbsp;</p>
<p><span class="Apple-converted-space">SOBRE LA AUTORA<br />
</span></p>
<p><strong>Lorena Bonilla</strong> es Directora de Investigación en Bio Diseño (UBA). Profesora de Proyecto de indumentaria y accesorios. UBA,FADU.<br />
Es Diseñadora de Indumentaria, Especialista en Gestión del Diseño por la Universidad de Buenos Aires (UBA), Facultad de Arquitectura, Diseño, y Urbanismo (FADU) y Magister en Diseño Abierto (UBA, Humboldt. Berlín Alemania). Ha obtenido la beca de Jóvenes Investigadores Nacionales (JIN, UBA, FADU) por su investigación Propedéutica del NO TALLE. Es Profesora Titular de las Carreras de Diseño de Indumentaria, Diseño Industrial y Diseño Textil (@catedrabonilla UBA, FADU) y docente en la Maestría en Diseño Interactivo, UBA, FADU.<br />
Desarrolla actividades de investigación, dentro del área de la sustentabilidad y la biotecnología aplicada al diseño, como directora del Proyecto UBACYT en Biodiseño. (RESCS-2020-285-E-UBA-REC)<br />
Desde 2019 es Coordinadora Académica General de la UBA del proyecto Bio Objetos. Vínculo interdisciplinario entre el diseño y la eco concepción, proyecto destacado en el marco de la segunda convocatoria del Programa INNOVART, para promover la investigación entre universidades argentinas y francesas. Dirige el seminario Bioobjetos en el marco del posgrado UBA, FADU en cooperación con ENSAD, París, Francia.</p>

<p><span style="color: #ff0000;"><span style="color: #000000;">Autor:</span> Lorena Bonilla (comp.)</span></p>
<div id=":jd" class="Ar Au Ao">
<div id=":j9" class="Am Al editable LW-avf tS-tW tS-tY" tabindex="1" role="textbox" contenteditable="true" spellcheck="false" aria-label="Cuerpo del mensaje" aria-multiline="true">
<p>BioObjetos invita a un trabajo interdisciplinario y tiende lazos entre el diseño, la biología, la química, con intención de generar sinergias con las áreas de bio y nanotecnología.<br />
Es urgente lograr un desarrollo amigable con el medio ambiente y humanidad. Toda exploración en ese sentido es urgente. Este libro es una de ellas.</p>
<p>&nbsp;</p>
</div>
</div>
<ul class="a-unordered-list a-nostyle a-vertical a-spacing-none detail-bullet-list">
<li>ISBN: 978-84-18049-86-6</li>
<li>Medidas: 15 x 21 cm</li>
<li>Páginas: 236</li>
<li>Encuadernación: Rústica</li>
<li>Impresión interior: Color</li>
<li>Coedición Experimenta Libros / Wolkowicz Editores</li>
</ul>
