{"id":60492,"date":"2022-07-05T10:38:30","date_gmt":"2022-07-05T08:38:30","guid":{"rendered":"https:\/\/www.experimenta.es\/tienda\/?post_type=product&#038;p=60492"},"modified":"2026-05-01T05:08:38","modified_gmt":"2026-05-01T03:08:38","slug":"clayfulness-modela-el-silencio-de-tu-mente","status":"publish","type":"product","link":"https:\/\/www.experimenta.es\/tienda\/producto\/clayfulness-modela-el-silencio-de-tu-mente\/","title":{"rendered":"Clayfulness. Modela el silencio de tu mente"},"content":{"rendered":"<p>Desde 2018, Samuel L\u00f3pez-Lago ha trabajado y recopilado diversos m\u00e9todos que se mueven en la intersecci\u00f3n entre <em>mindfulness<\/em> y artesan\u00eda, todos ellos expuestos en este libro.<br \/>\nEl proceso de creaci\u00f3n con artesanos -una vivencia compartida junto a la pr\u00e1ctica profesional- le ha permitido <strong>entender mejor la relaci\u00f3n entre el material, el medio y el entorno<\/strong>. Si algo caracteriza a la artesan\u00eda es la necesidad de atenci\u00f3n plena, y fue precisamente al poco tiempo de colaborar con distintos grupos de artesanos, donde comenz\u00f3 a trabajar en el encuentro entre la meditaci\u00f3n y la artesan\u00eda, dos caminos que ten\u00edan mucho en com\u00fan.\u00a0A partir de su experiencia en estos campos, <strong>L\u00f3pez-Lago ha desarrollado una serie de ejercicios pr\u00e1cticos \u00fatiles<\/strong> para cualquier persona que decida emprender el camino de conocerse mejor y de armonizar en plenitud cuerpo y mente.<\/p>\n<p><strong>Clayfulness<\/strong> es para cualquier persona que quiera conocer de manera m\u00e1s precisa sus emociones, mejorar su flexibilidad cognitiva, aumentar su capacidad de resoluci\u00f3n de problemas complejos, procesar de manera m\u00e1s eficiente la informaci\u00f3n o tener una actitud m\u00e1s innovadora, puede poner en pr\u00e1ctica lo descrito en este libro para, consecuentemente, \u00absentir\u00bb los cambios positivos que experimentar\u00e1 en su actividad creativa, profesional y en su vida personal.<br \/>\nPersonas que no tienen miedo a probar cosas nuevas y aprender sobre lo que hacen a medida que nuevos<em> insights<\/em> emergen.<\/p>\n<p>&nbsp;<\/p>\n<p><span class=\"Apple-converted-space\">SOBRE El AUTOR<br \/>\n<\/span><strong>Samuel L\u00f3pez-Lago<\/strong> (M\u00e9rida -Espa\u00f1a-, 1991). Dise\u00f1ador estrat\u00e9gico y l\u00edder de proyectos con vocaci\u00f3n global. Docente, facilitador y mentor en programas de ense\u00f1anza internacionales. Funcionario en las instituciones europeas, trabajando actualmente como Oficial de Proyectos en la Direcci\u00f3n General de Comunicaci\u00f3n de la Comisi\u00f3n Europea.<\/p>\n<p>Miembro Asociado electo de la World Academy of Art and Science, una organizaci\u00f3n cient\u00edfica encargada de promover el liderazgo en el pensamiento que conduzca a la acci\u00f3n, y de la que en su d\u00eda formaron parte intelectuales como Albert Einstein o Bertrand Russell.<br \/>\nMiembro del grupo de trabajo de Dise\u00f1o y Administraci\u00f3n P\u00fablica del Ministerio de Ciencia e Innovaci\u00f3n del Gobierno de Espa\u00f1a.<\/p>\n<p>Seleccionado como uno de los 300 l\u00edderes espa\u00f1oles en Innovaci\u00f3n Tecnol\u00f3gica y Econom\u00eda Circular por la Advanced Leadership Foundation (USA), como l\u00edder de opini\u00f3n en Harvard Business Review Ascend Select y como miembro del Consejo Asesor de Harvard Business Review (Opt-in Research Community of Professionals).<\/p>\n<p>Finalista en los Premios Nacionales de Artesan\u00eda de 2016 (junto a Terracota M\u00e9rida), su obra pl\u00e1stica como dise\u00f1ador se encuentra a la venta en el Museo Nacional Centro de Arte Reina Sof\u00eda.<br \/>\nMaster Certificate en Dise\u00f1o de Sistemas y Liderazgo de Proyectos (Cornell University), Professional Program en Liderazgo y Transformaci\u00f3n Digital (Massachusetts Institute of Technology), Professional Program en Estrategias de Dise\u00f1o (Massachusetts Institute of Technology).<\/p>\n<p>Es autor del libro <a href=\"https:\/\/www.experimenta.es\/tienda\/producto\/vademecum-de-metodos-de-diseno\/\">Vadem\u00e9cum de m\u00e9todos de dise\u00f1o<\/a>, editado por Experimenta Libros.<\/p>\n","protected":false},"excerpt":{"rendered":"<p><span style=\"color: #ff0000;\"><span style=\"color: #000000;\">Autor:<\/span>\u00a0Samuel L\u00f3pez-Lago<br \/>\n<\/span><\/p>\n<div>Participar del proceso de creaci\u00f3n con artesanos le ha permitido al autor comprender mejor la relaci\u00f3n entre el material, el medio y el entorno.<\/div>\n<div><strong>Clayfulness. Modela el silencio de tu mente<\/strong> se centra en el encuentro entre la meditaci\u00f3n y la artesan\u00eda, dos caminos que tienen mucho en com\u00fan.<\/div>\n<div><\/div>\n<div>\n<p><strong>L\u00f3pez-Lago<\/strong> ha desarrollado una serie de ejercicios pr\u00e1cticos \u00fatiles para cualquier persona que decida emprender el camino de conocerse mejor y de armonizar en plenitud cuerpo y mente.<\/p>\n<\/div>\n<p>&nbsp;<\/p>\n<ul>\n<li>ISBN: 978-84-18049-85-9<\/li>\n<li>Medidas: 14 x 21 cm<\/li>\n<li>P\u00e1ginas: 176<\/li>\n<li>Encuadernaci\u00f3n: R\u00fastica<\/li>\n<li>Impresi\u00f3n interior: Negro<\/li>\n<li>Edici\u00f3n: Experimenta Libros \/ Colecci\u00f3n Praxis<\/li>\n<\/ul>\n","protected":false},"featured_media":60499,"comment_status":"open","ping_status":"closed","template":"","meta":[],"product_cat":[9892,9898,7313],"product_tag":[9888,9859,9641,9762,9861,9887,9860],"jetpack_sharing_enabled":true,"_links":{"self":[{"href":"https:\/\/www.experimenta.es\/tienda\/wp-json\/wp\/v2\/product\/60492"}],"collection":[{"href":"https:\/\/www.experimenta.es\/tienda\/wp-json\/wp\/v2\/product"}],"about":[{"href":"https:\/\/www.experimenta.es\/tienda\/wp-json\/wp\/v2\/types\/product"}],"replies":[{"embeddable":true,"href":"https:\/\/www.experimenta.es\/tienda\/wp-json\/wp\/v2\/comments?post=60492"}],"wp:featuredmedia":[{"embeddable":true,"href":"https:\/\/www.experimenta.es\/tienda\/wp-json\/wp\/v2\/media\/60499"}],"wp:attachment":[{"href":"https:\/\/www.experimenta.es\/tienda\/wp-json\/wp\/v2\/media?parent=60492"}],"wp:term":[{"taxonomy":"product_cat","embeddable":true,"href":"https:\/\/www.experimenta.es\/tienda\/wp-json\/wp\/v2\/product_cat?post=60492"},{"taxonomy":"product_tag","embeddable":true,"href":"https:\/\/www.experimenta.es\/tienda\/wp-json\/wp\/v2\/product_tag?post=60492"}],"curies":[{"name":"wp","href":"https:\/\/api.w.org\/{rel}","templated":true}]}}