{"id":60506,"date":"2022-07-06T14:33:08","date_gmt":"2022-07-06T12:33:08","guid":{"rendered":"https:\/\/www.experimenta.es\/tienda\/?post_type=product&#038;p=60506"},"modified":"2024-10-14T21:06:45","modified_gmt":"2024-10-14T19:06:45","slug":"revista-experimenta-93","status":"publish","type":"product","link":"https:\/\/www.experimenta.es\/tienda\/producto\/revista-experimenta-93\/","title":{"rendered":"Revista Experimenta 93"},"content":{"rendered":"<p><b>\u201cVivir en tierra extra\u00f1a es duro para cualquiera. No es f\u00e1cil mantener los h\u00e1bitos y las costumbres propias del pa\u00eds de origen, sobre todo, cuando adaptarse a la sociedad de acogida es una condici\u00f3n necesaria para sobrevivir\u201d.<\/b><span class=\"gmail-Apple-converted-space\">\u00a0<\/span><i>Eugenio Vega. En tierra extra\u00f1a (y tiempo de incertidumbre)<\/i><\/p>\n<p>M\u00e1s de 25 profesionales del dise\u00f1o, la creatividad y la comunicaci\u00f3n que viven y trabajan como expatriados, fueron convocados por <strong>Felipe Taborda<\/strong> y <strong>Marcelo Ghio<\/strong> para que compartan con los lectores su experiencia de vivir y trabajar fuera de su pa\u00eds. Algun@s de ell@s son: <strong>Adolfo Lucero<\/strong>, <strong>Chaz Maviyane-Davies<\/strong>, <strong>Edel Rodr\u00edguez<\/strong>, <strong>Esteban Salgado<\/strong>, <strong>Eugenia Mello<\/strong>, <strong>Fidel Sclavo<\/strong>, <strong>Fran Mendez<\/strong>,<strong> Gustavo Stecher<\/strong>, <strong>Hugo Kovadloff<\/strong>, <strong>Jorge Alderete<\/strong>, <strong>Masha Gerasimchuk-Djordjevic<\/strong>, <strong>Mehdi Saeedi<\/strong>, <strong>Ralph Bauer<\/strong>, <strong>Rejane Dal Bello<\/strong> y <strong>Tarek Atrissi<\/strong>.<\/p>\n<p>Desde Alemania, <strong>Luj\u00e1n Cambariere<\/strong> nos trae la visi\u00f3n de <strong>Carolina Giovagnoli<\/strong>, <strong>Facundo Guti\u00e9rrez<\/strong>, <strong>Luj\u00e1n Cordaro<\/strong>, <strong>Guido \u00c1lvarez Tolosa -Ruloi-<\/strong>, <strong>Florencia Young<\/strong> y <strong>Marula Di Como<\/strong>, latinoamericanos de origen que, con gran ilusi\u00f3n, se han integrado a una cultura muy diferente a la propia.<\/p>\n<p><strong>Manuel Ba\u00f1\u00f3<\/strong> nos propone una serie de consejos para expatriados en su art\u00edculo \u201cEl mapa no es el territorio\u201d basado en su experiencia en el continente africano.<\/p>\n<p><strong>Felipe Taborda<\/strong> nos presenta el fant\u00e1stico trabajo del estudio mexicano<strong> La Fe Ciega<\/strong>, liderado por el matrimonio -en la vida y la profesi\u00f3n- conformado por <strong>Yolanda Garibay<\/strong> y <strong>Domingo No\u00e9 Mart\u00ednez Ram\u00edrez<\/strong>. En nuestra secci\u00f3n ZUM mostramos lo m\u00e1s destacado del dise\u00f1o ucraniano que sigue adelante pese a las complejas circunstancias actuales.<\/p>\n<p>Como en cada n\u00famero de Experimenta, <strong>Eugenio Vega<\/strong> nos invita a reflexionar con su art\u00edculo <em>\u201cEn tierra extra\u00f1a (y en tiempo de incertidumbre)\u201d<\/em>, y nos trae la entrevista que <strong>Louis Paradise<\/strong> le realiz\u00f3 a <strong>April Greiman<\/strong> sobre su experiencia de vivir y trabajar en Basilea. Adem\u00e1s, <strong>Rodrigo Mart\u00ednez Rodr\u00edguez<\/strong> nos propone una mirada sobre la universalidad del dise\u00f1o, y <strong>Ang\u00e9lica Barco<\/strong> lo complementa pregunt\u00e1ndose \u00bfes el dise\u00f1o realmente una disciplina universal?<\/p>\n<p>Por supuesto, como es habitual, mucho m\u00e1s sobre arquitectura, interiorismo, digital, dise\u00f1o gr\u00e1fico, dise\u00f1o de producto e industrial.<\/p>\n<p><strong>Esta edici\u00f3n de Experimenta est\u00e1 dedicada a todos aquellos que, por la raz\u00f3n que fuere, han decidido coger las maletas y lanzarse a la aventura.<\/strong> Aquellos que guardan el coraz\u00f3n en un pu\u00f1o y las l\u00e1grimas de despedida en el bolsillo, que esperan la mejor hora del d\u00eda para hablar y encontrarse a la distancia con sus afectos en tierras lejanas. Para aquellas y aquellos que emprendieron la marcha intentando encontrar su propio destino.<\/p>\n<p><strong>Y muy especialmente dedicamos esta edici\u00f3n a aquellos que, obligados por causas pol\u00edticas, religiosas, sociales o econ\u00f3micas, han debido dejar su tierra. Para ellas y para ellos nuestro abrazo fraterno.<\/strong><\/p>\n<p><strong>\u00a1Experimenta 93 ya est\u00e1 aqu\u00ed!<\/strong><\/p>\n","protected":false},"excerpt":{"rendered":"<p><b>Expatriados. <\/b>Vivir, crear, dise\u00f1ar y crecer fuera de casa.<\/p>\n<p>Desde hace alg\u00fan tiempo, la idea de vivir y trabajar en otro pa\u00eds ha ido creciendo progresivamente en un gran n\u00famero de profesionales. Algo que sucede cada vez con mayor frecuencia, particularmente, con los profesionales del dise\u00f1o, la creatividad y la comunicaci\u00f3n.<\/p>\n<p>\u00bfCu\u00e1les son las razones de esta emigraci\u00f3n voluntaria? Para este n\u00famero<span class=\"gmail-Apple-converted-space\">\u00a0<\/span>de nuestra revista hemos convocado para que nos compartan su experiencia a muchos colegas de distintas partes del mundo que han decidido continuar el camino de su propia vida en una tierra diferente de la que los vio nacer.<\/p>\n<p>En Experimenta 93, la palabra la tienen los expatriados.<\/p>\n<div class=\"page\" title=\"Page 4\">\n<div class=\"layoutArea\">\n<div class=\"column\">\n<p>\u00b7 Edici\u00f3n: Verano 2022<br \/>\n\u00b7 ISBN: 978-84-18049-87-3<br \/>\n\u00b7 Medidas: 23 x 26,5 cm<br \/>\n\u00b7 P\u00e1ginas: 120<\/p>\n<\/div>\n<\/div>\n<\/div>\n","protected":false},"featured_media":60507,"comment_status":"open","ping_status":"closed","template":"","meta":[],"product_cat":[7311],"product_tag":[9713,9732,9730,9735,9638,9591,9777,9766,9748,9889,9770,9707,9708,9714,9762,9778],"jetpack_sharing_enabled":true,"_links":{"self":[{"href":"https:\/\/www.experimenta.es\/tienda\/wp-json\/wp\/v2\/product\/60506"}],"collection":[{"href":"https:\/\/www.experimenta.es\/tienda\/wp-json\/wp\/v2\/product"}],"about":[{"href":"https:\/\/www.experimenta.es\/tienda\/wp-json\/wp\/v2\/types\/product"}],"replies":[{"embeddable":true,"href":"https:\/\/www.experimenta.es\/tienda\/wp-json\/wp\/v2\/comments?post=60506"}],"wp:featuredmedia":[{"embeddable":true,"href":"https:\/\/www.experimenta.es\/tienda\/wp-json\/wp\/v2\/media\/60507"}],"wp:attachment":[{"href":"https:\/\/www.experimenta.es\/tienda\/wp-json\/wp\/v2\/media?parent=60506"}],"wp:term":[{"taxonomy":"product_cat","embeddable":true,"href":"https:\/\/www.experimenta.es\/tienda\/wp-json\/wp\/v2\/product_cat?post=60506"},{"taxonomy":"product_tag","embeddable":true,"href":"https:\/\/www.experimenta.es\/tienda\/wp-json\/wp\/v2\/product_tag?post=60506"}],"curies":[{"name":"wp","href":"https:\/\/api.w.org\/{rel}","templated":true}]}}

<p><b>“Vivir en tierra extraña es duro para cualquiera. No es fácil mantener los hábitos y las costumbres propias del país de origen, sobre todo, cuando adaptarse a la sociedad de acogida es una condición necesaria para sobrevivir”.</b><span class="gmail-Apple-converted-space"> </span><i>Eugenio Vega. En tierra extraña (y tiempo de incertidumbre)</i></p>
<p>Más de 25 profesionales del diseño, la creatividad y la comunicación que viven y trabajan como expatriados, fueron convocados por <strong>Felipe Taborda</strong> y <strong>Marcelo Ghio</strong> para que compartan con los lectores su experiencia de vivir y trabajar fuera de su país. Algun@s de ell@s son: <strong>Adolfo Lucero</strong>, <strong>Chaz Maviyane-Davies</strong>, <strong>Edel Rodríguez</strong>, <strong>Esteban Salgado</strong>, <strong>Eugenia Mello</strong>, <strong>Fidel Sclavo</strong>, <strong>Fran Mendez</strong>,<strong> Gustavo Stecher</strong>, <strong>Hugo Kovadloff</strong>, <strong>Jorge Alderete</strong>, <strong>Masha Gerasimchuk-Djordjevic</strong>, <strong>Mehdi Saeedi</strong>, <strong>Ralph Bauer</strong>, <strong>Rejane Dal Bello</strong> y <strong>Tarek Atrissi</strong>.</p>
<p>Desde Alemania, <strong>Luján Cambariere</strong> nos trae la visión de <strong>Carolina Giovagnoli</strong>, <strong>Facundo Gutiérrez</strong>, <strong>Luján Cordaro</strong>, <strong>Guido Álvarez Tolosa -Ruloi-</strong>, <strong>Florencia Young</strong> y <strong>Marula Di Como</strong>, latinoamericanos de origen que, con gran ilusión, se han integrado a una cultura muy diferente a la propia.</p>
<p><strong>Manuel Bañó</strong> nos propone una serie de consejos para expatriados en su artículo “El mapa no es el territorio” basado en su experiencia en el continente africano.</p>
<p><strong>Felipe Taborda</strong> nos presenta el fantástico trabajo del estudio mexicano<strong> La Fe Ciega</strong>, liderado por el matrimonio -en la vida y la profesión- conformado por <strong>Yolanda Garibay</strong> y <strong>Domingo Noé Martínez Ramírez</strong>. En nuestra sección ZUM mostramos lo más destacado del diseño ucraniano que sigue adelante pese a las complejas circunstancias actuales.</p>
<p>Como en cada número de Experimenta, <strong>Eugenio Vega</strong> nos invita a reflexionar con su artículo <em>“En tierra extraña (y en tiempo de incertidumbre)”</em>, y nos trae la entrevista que <strong>Louis Paradise</strong> le realizó a <strong>April Greiman</strong> sobre su experiencia de vivir y trabajar en Basilea. Además, <strong>Rodrigo Martínez Rodríguez</strong> nos propone una mirada sobre la universalidad del diseño, y <strong>Angélica Barco</strong> lo complementa preguntándose ¿es el diseño realmente una disciplina universal?</p>
<p>Por supuesto, como es habitual, mucho más sobre arquitectura, interiorismo, digital, diseño gráfico, diseño de producto e industrial.</p>
<p><strong>Esta edición de Experimenta está dedicada a todos aquellos que, por la razón que fuere, han decidido coger las maletas y lanzarse a la aventura.</strong> Aquellos que guardan el corazón en un puño y las lágrimas de despedida en el bolsillo, que esperan la mejor hora del día para hablar y encontrarse a la distancia con sus afectos en tierras lejanas. Para aquellas y aquellos que emprendieron la marcha intentando encontrar su propio destino.</p>
<p><strong>Y muy especialmente dedicamos esta edición a aquellos que, obligados por causas políticas, religiosas, sociales o económicas, han debido dejar su tierra. Para ellas y para ellos nuestro abrazo fraterno.</strong></p>
<p><strong>¡Experimenta 93 ya está aquí!</strong></p>

<p><b>Expatriados. </b>Vivir, crear, diseñar y crecer fuera de casa.</p>
<p>Desde hace algún tiempo, la idea de vivir y trabajar en otro país ha ido creciendo progresivamente en un gran número de profesionales. Algo que sucede cada vez con mayor frecuencia, particularmente, con los profesionales del diseño, la creatividad y la comunicación.</p>
<p>¿Cuáles son las razones de esta emigración voluntaria? Para este número<span class="gmail-Apple-converted-space"> </span>de nuestra revista hemos convocado para que nos compartan su experiencia a muchos colegas de distintas partes del mundo que han decidido continuar el camino de su propia vida en una tierra diferente de la que los vio nacer.</p>
<p>En Experimenta 93, la palabra la tienen los expatriados.</p>
<div class="page" title="Page 4">
<div class="layoutArea">
<div class="column">
<p>· Edición: Verano 2022<br />
· ISBN: 978-84-18049-87-3<br />
· Medidas: 23 x 26,5 cm<br />
· Páginas: 120</p>
</div>
</div>
</div>
