{"id":60780,"date":"2022-11-22T22:13:32","date_gmt":"2022-11-22T21:13:32","guid":{"rendered":"https:\/\/www.experimenta.es\/tienda\/?post_type=product&#038;p=60780"},"modified":"2024-10-14T21:08:19","modified_gmt":"2024-10-14T19:08:19","slug":"revista-experimenta-94","status":"publish","type":"product","link":"https:\/\/www.experimenta.es\/tienda\/producto\/revista-experimenta-94\/","title":{"rendered":"Revista Experimenta 94"},"content":{"rendered":"<p>El dise\u00f1o no escapa al debate de \u00ablo social\u00bb ya que, como escribe <strong>Eugenio Vega<\/strong> en esta edici\u00f3n <i>\u201ca pesar de la creciente presencia de estas propuestas \u2018sociales\u2019, el papel del dise\u00f1o como instrumento de la econom\u00eda en la creaci\u00f3n de necesidades que impulsan el consumo sigue teniendo hoy plena vigencia<\/i>\u201d. De alg\u00fan modo, en el universo del dise\u00f1o, esta paradoja tambi\u00e9n est\u00e1 presente en la complejidad de definir \u201clo social\u201d como territorio de pensamiento y acci\u00f3n especialmente en una disciplina que nace al \u201cdominio p\u00fablico\u201d \u2013sin entrar en debates acerca de c\u00f3mo y cu\u00e1ndo \u201ccomenz\u00f3 el dise\u00f1o\u201d\u2013 a partir del desarrollo de la industrializaci\u00f3n y su necesidad de proveer a las masas de los beneficios de una vida material en condiciones m\u00e1s confortables. Y que derivar\u00e1 luego en un modelo de consumo que va m\u00e1s all\u00e1 de la satisfacci\u00f3n de necesidades espec\u00edficas \u2013funcionales para algunos\u2013 pasando de lo material a lo inmaterial.<\/p>\n<p>Pero como bien expresa <strong>Raquel Pelta<\/strong>, cierto es que <i>\u201cla historia del dise\u00f1o es, en gran medida, una historia de las utop\u00edas sociales porque la inquietud por hacer del mundo un lugar mejor ha estado presente en nuestra disciplina desde sus or\u00edgenes contempor\u00e1neos\u201d. <\/i>Una historia que intenta encontrar una raz\u00f3n de ser que supere el utilitario fin de origen, llev\u00e1ndolo a una dimensi\u00f3n humana que contemple otros aspectos del bienestar social, transformando y mejorando las condiciones en las que las personas viven, eso que actualmente intentamos enmarcar dentro del llamado \u201cdise\u00f1o social\u201d. Porque en esta b\u00fasqueda en la que hoy nos encontramos, tal y como lo expresa Eugenio Vega, <i>\u201cuno de los aspectos m\u00e1s relevantes de este inter\u00e9s por una mayor calidad de vida y una interacci\u00f3n social m\u00e1s humana es que ha frenado el relativismo que domin\u00f3 el dise\u00f1o en las \u00faltimas d\u00e9cadas del pasado siglo\u201d.<\/i><\/p>\n<p>Esta edici\u00f3n de Experimenta est\u00e1 atravesada por el impacto social del dise\u00f1o. Un ejemplo de esto es el <strong>Co-Obradoiro Galego<\/strong>, un proyecto colaborativo e innovador pero que habla de factores ecol\u00f3gicos, sociales y culturales gallegos \u2013tanto del pasado como actuales\u2013, al que dieron luz Paula Cami\u00f1a Eiras junto a los cesteros Rub\u00e9n Berto Covelo, Enrique T\u00e1boas Pad\u00edn y Carli\u00f1os Cesteiro. Un proyecto que propone a los cesteros tejer con un biomaterial extru\u00eddo flexible y biodegradable hecho a partir de un biopol\u00edmero (quitosano) que se encuentra en las conchas de los mariscos.<\/p>\n<p><strong>Luj\u00e1n Cambariere dese Berl\u00edn<\/strong> nos habla del cruce entre <strong>artesan\u00eda y dise\u00f1o<\/strong>, adem\u00e1s de compartir todas las novedades del vig\u00e9simo aniversario de los <i>i<strong>F Design Talent Award 2022<\/strong><\/i> y su apuesta por proyectos con el foco en las personas y el planeta.<\/p>\n<p><strong>Felipe Taborda<\/strong> nos trae las maravillosas ilustraciones de <strong>Guy Billout<\/strong>, junto a las reflexiones y el trabajo gr\u00e1fico que <strong>Pablo Iturralde<\/strong> desarrolla en Ecuador. La <strong>Fundaci\u00f3n IDA<\/strong> nos propone una recorrida por la historia de la arquitectura y el mobiliario de estilo argentino entre 1920 y 1940.<\/p>\n<p>Adem\u00e1s, <strong>Lucas L\u00f3pez<\/strong> nos propone ingresar al mundo de la dise\u00f1adora estadounidense <strong>Louis Fili<\/strong>; mientras <strong>anticipamos la edici\u00f3n en espa\u00f1ol<\/strong>, a trav\u00e9s de Experimenta Libros, <strong>de la imperdible obra de Guy Julier \u201cEconom\u00edas del dise\u00f1o\u201d<\/strong>.<\/p>\n<p>Como siempre nuestras secciones <strong>Deseo, Zum y 5 Libros<\/strong> dicen presente. Y el infaltable <strong>Reflexiona, dedicado \u00edntegramente al dise\u00f1o social<\/strong>, con textos de <strong>Eugenio Vega, Raquel Pelta, Claudia Rojas Rodriguez<\/strong> y <strong>N\u00e9stor Ortega<\/strong>, desde Espa\u00f1a, M\u00e9xico y Colombia.<\/p>\n<p><strong>Dise\u00f1o social. La puerta de entrada a un universo m\u00e1s humano, sostenible y comprometido.<\/strong><\/p>\n<p><strong>\u00a1Experimenta 94 ya est\u00e1 aqu\u00ed!<\/strong><\/p>\n","protected":false},"excerpt":{"rendered":"<p><b>Dise\u00f1o social.<span class=\"gmail-Apple-converted-space\">\u00a0<\/span><\/b>Necesidades, carencias y potencialidad humana.<\/p>\n<p>Vivimos en la era del \u201cser social\u201d, aqu\u00e9l que algunas corrientes filos\u00f3ficas definen como al conjunto de las condiciones de la vida material de la sociedad y el modo en que producen esos bienes materiales. Otras miradas, abriendo el foco, le incorporan la objetividad de las formas hist\u00f3ricas de comunicaci\u00f3n y la actividad de las personas respecto a su conciencia. Un campo que va desde los grados de desarrollo de las fuerzas productivas y las relaciones que se construyen en torno a \u00e9stas, hasta el modo en el que la voluntad y la conciencia de los hombres pueden \u2013o no\u2013 configurar un modelo productivo o de actividad pr\u00e1ctica dominado por la \u00e9tica y la b\u00fasqueda del beneficio com\u00fan.<\/p>\n<p>En Experimenta 94,\u00a0<strong>dise\u00f1o social: la\u00a0puerta de entrada a un universo m\u00e1s humano, sostenible y comprometido.<\/strong><\/p>\n<div class=\"page\" title=\"Page 4\">\n<div class=\"layoutArea\">\n<div class=\"column\">\n<p>\u00b7 Edici\u00f3n: Oto\u00f1o 2022<br \/>\n\u00b7 ISBN: 978-84-18049-92-7<br \/>\n\u00b7 Medidas: 23 x 26,5 cm<br \/>\n\u00b7 P\u00e1ginas: 120<\/p>\n<\/div>\n<\/div>\n<\/div>\n","protected":false},"featured_media":60782,"comment_status":"open","ping_status":"closed","template":"","meta":[],"product_cat":[7311],"product_tag":[9713,9732,9730,9735,9638,9591,9903,9777,9766,9748,9889,9770,9707,9708,9714,9762,9778],"jetpack_sharing_enabled":true,"_links":{"self":[{"href":"https:\/\/www.experimenta.es\/tienda\/wp-json\/wp\/v2\/product\/60780"}],"collection":[{"href":"https:\/\/www.experimenta.es\/tienda\/wp-json\/wp\/v2\/product"}],"about":[{"href":"https:\/\/www.experimenta.es\/tienda\/wp-json\/wp\/v2\/types\/product"}],"replies":[{"embeddable":true,"href":"https:\/\/www.experimenta.es\/tienda\/wp-json\/wp\/v2\/comments?post=60780"}],"wp:featuredmedia":[{"embeddable":true,"href":"https:\/\/www.experimenta.es\/tienda\/wp-json\/wp\/v2\/media\/60782"}],"wp:attachment":[{"href":"https:\/\/www.experimenta.es\/tienda\/wp-json\/wp\/v2\/media?parent=60780"}],"wp:term":[{"taxonomy":"product_cat","embeddable":true,"href":"https:\/\/www.experimenta.es\/tienda\/wp-json\/wp\/v2\/product_cat?post=60780"},{"taxonomy":"product_tag","embeddable":true,"href":"https:\/\/www.experimenta.es\/tienda\/wp-json\/wp\/v2\/product_tag?post=60780"}],"curies":[{"name":"wp","href":"https:\/\/api.w.org\/{rel}","templated":true}]}}

<p>El diseño no escapa al debate de «lo social» ya que, como escribe <strong>Eugenio Vega</strong> en esta edición <i>“a pesar de la creciente presencia de estas propuestas ‘sociales’, el papel del diseño como instrumento de la economía en la creación de necesidades que impulsan el consumo sigue teniendo hoy plena vigencia</i>”. De algún modo, en el universo del diseño, esta paradoja también está presente en la complejidad de definir “lo social” como territorio de pensamiento y acción especialmente en una disciplina que nace al “dominio público” –sin entrar en debates acerca de cómo y cuándo “comenzó el diseño”– a partir del desarrollo de la industrialización y su necesidad de proveer a las masas de los beneficios de una vida material en condiciones más confortables. Y que derivará luego en un modelo de consumo que va más allá de la satisfacción de necesidades específicas –funcionales para algunos– pasando de lo material a lo inmaterial.</p>
<p>Pero como bien expresa <strong>Raquel Pelta</strong>, cierto es que <i>“la historia del diseño es, en gran medida, una historia de las utopías sociales porque la inquietud por hacer del mundo un lugar mejor ha estado presente en nuestra disciplina desde sus orígenes contemporáneos”. </i>Una historia que intenta encontrar una razón de ser que supere el utilitario fin de origen, llevándolo a una dimensión humana que contemple otros aspectos del bienestar social, transformando y mejorando las condiciones en las que las personas viven, eso que actualmente intentamos enmarcar dentro del llamado “diseño social”. Porque en esta búsqueda en la que hoy nos encontramos, tal y como lo expresa Eugenio Vega, <i>“uno de los aspectos más relevantes de este interés por una mayor calidad de vida y una interacción social más humana es que ha frenado el relativismo que dominó el diseño en las últimas décadas del pasado siglo”.</i></p>
<p>Esta edición de Experimenta está atravesada por el impacto social del diseño. Un ejemplo de esto es el <strong>Co-Obradoiro Galego</strong>, un proyecto colaborativo e innovador pero que habla de factores ecológicos, sociales y culturales gallegos –tanto del pasado como actuales–, al que dieron luz Paula Camiña Eiras junto a los cesteros Rubén Berto Covelo, Enrique Táboas Padín y Carliños Cesteiro. Un proyecto que propone a los cesteros tejer con un biomaterial extruído flexible y biodegradable hecho a partir de un biopolímero (quitosano) que se encuentra en las conchas de los mariscos.</p>
<p><strong>Luján Cambariere dese Berlín</strong> nos habla del cruce entre <strong>artesanía y diseño</strong>, además de compartir todas las novedades del vigésimo aniversario de los <i>i<strong>F Design Talent Award 2022</strong></i> y su apuesta por proyectos con el foco en las personas y el planeta.</p>
<p><strong>Felipe Taborda</strong> nos trae las maravillosas ilustraciones de <strong>Guy Billout</strong>, junto a las reflexiones y el trabajo gráfico que <strong>Pablo Iturralde</strong> desarrolla en Ecuador. La <strong>Fundación IDA</strong> nos propone una recorrida por la historia de la arquitectura y el mobiliario de estilo argentino entre 1920 y 1940.</p>
<p>Además, <strong>Lucas López</strong> nos propone ingresar al mundo de la diseñadora estadounidense <strong>Louis Fili</strong>; mientras <strong>anticipamos la edición en español</strong>, a través de Experimenta Libros, <strong>de la imperdible obra de Guy Julier “Economías del diseño”</strong>.</p>
<p>Como siempre nuestras secciones <strong>Deseo, Zum y 5 Libros</strong> dicen presente. Y el infaltable <strong>Reflexiona, dedicado íntegramente al diseño social</strong>, con textos de <strong>Eugenio Vega, Raquel Pelta, Claudia Rojas Rodriguez</strong> y <strong>Néstor Ortega</strong>, desde España, México y Colombia.</p>
<p><strong>Diseño social. La puerta de entrada a un universo más humano, sostenible y comprometido.</strong></p>
<p><strong>¡Experimenta 94 ya está aquí!</strong></p>

<p><b>Diseño social.<span class="gmail-Apple-converted-space"> </span></b>Necesidades, carencias y potencialidad humana.</p>
<p>Vivimos en la era del “ser social”, aquél que algunas corrientes filosóficas definen como al conjunto de las condiciones de la vida material de la sociedad y el modo en que producen esos bienes materiales. Otras miradas, abriendo el foco, le incorporan la objetividad de las formas históricas de comunicación y la actividad de las personas respecto a su conciencia. Un campo que va desde los grados de desarrollo de las fuerzas productivas y las relaciones que se construyen en torno a éstas, hasta el modo en el que la voluntad y la conciencia de los hombres pueden –o no– configurar un modelo productivo o de actividad práctica dominado por la ética y la búsqueda del beneficio común.</p>
<p>En Experimenta 94, <strong>diseño social: la puerta de entrada a un universo más humano, sostenible y comprometido.</strong></p>
<div class="page" title="Page 4">
<div class="layoutArea">
<div class="column">
<p>· Edición: Otoño 2022<br />
· ISBN: 978-84-18049-92-7<br />
· Medidas: 23 x 26,5 cm<br />
· Páginas: 120</p>
</div>
</div>
</div>
