{"id":61051,"date":"2023-03-09T11:51:37","date_gmt":"2023-03-09T10:51:37","guid":{"rendered":"https:\/\/www.experimenta.es\/tienda\/?post_type=product&#038;p=61051"},"modified":"2024-10-14T21:09:52","modified_gmt":"2024-10-14T19:09:52","slug":"revista-experimenta-95","status":"publish","type":"product","link":"https:\/\/www.experimenta.es\/tienda\/producto\/revista-experimenta-95\/","title":{"rendered":"Revista Experimenta 95"},"content":{"rendered":"<p>Si consideramos el inter\u00e9s creciente por \u00e1reas como el dise\u00f1o para el impacto social o el dise\u00f1o de servicio p\u00fablico \u2013s\u00f3lo por citar algunas\u2013, es evidente que de un modo u otro el activismo en el dise\u00f1o tambi\u00e9n ha ido en aumento. Porque, como publica Ann Thorpe en su art\u00edculo <i>Defining Design as Activism<\/i>, <i>\u201cdado que la mayor parte del dise\u00f1o busca mejorar las condiciones de vida de las personas, la mayor parte debe, en algunos sentidos, ser activismo\u201d<\/i>.<\/p>\n<p>\u00bfEs esta una nueva forma de hacer pol\u00edtica? Claramente no. Pero cierto es que se han acelerado los procesos y acortado los caminos hacia un modelo en el que el activismo comenz\u00f3 a poner en agenda diferentes temas que buscan cambiar una realidad urgente o, al menos, visibilizar temas que son acuciantes para la sociedad en su conjunto.<\/p>\n<p>\u00bfCu\u00e1l es el papel del dise\u00f1o en este nuevo contexto? Si nos aferramos a la idea de que <i>\u201cel intento de transformar la realidad mediante el dise\u00f1o est\u00e1 en el origen de los propios fundamentos de una disciplina que naci\u00f3 con la terrible contradicci\u00f3n entre sus principios \u00e9ticos y el pragmatismo al que obligaba su estrecha colaboraci\u00f3n con el sistema econ\u00f3mico\u201d<\/i> \u2013<strong>Eugenio Vega<\/strong> en su art\u00edculo <i>La forma, la funci\u00f3n y el sentido (pol\u00edtico) del dise\u00f1o <\/i>de esta edici\u00f3n<i>\u2013 <\/i>es probable que su papel resulte significativo, si es que consigue superar esta contradicci\u00f3n de origen.<\/p>\n<p>Un tema tan apasionante no pod\u00eda estar ajeno a esta nueva edici\u00f3n de Experimenta por lo que decidimos centrarla en la relaci\u00f3n entre dise\u00f1o y activismo. <strong>Sonia D\u00edaz y Gabriel Mart\u00ednez<\/strong> (Un Mundo Feliz) <strong>nos introducen al mundo del comisariado entendido como herramienta activista<\/strong> en su art\u00edculo \u201cExposiciones y posicionamientos pol\u00edticos\u201d; <strong>Lucas L\u00f3pez<\/strong> nos impulsa a reflexionar sobre <strong>todo lo que el dise\u00f1o puede hacer para ayudar a transformar el mundo<\/strong>, basado en la experiencia del colectivo internacional <strong><i>What Design Can Do<\/i> (WDCD)<\/strong>; y exploramos soluciones arquitect\u00f3nicas que ponen foco en la innovaci\u00f3n sostenible y singular con el estudio <strong>UZarchitecture<\/strong>, que desarrolla su actividad entre Bilbao y Taip\u00e9i.<\/p>\n<p>Nuestra periodista en Berl\u00edn, <strong>Luj\u00e1n Cambariere<\/strong>, nos presenta el comienzo del <strong>Design Kalender<\/strong> con los dos eventos de dise\u00f1o internacionales m\u00e1s importantes con los que <strong>Alemania inaugura el a\u00f1o: la <i>Berl\u00edn Fashion Week <\/i>y la feria <i>Ambiente<\/i> en Frankfurt<\/strong>.<\/p>\n<p><strong>Felipe Taborda<\/strong> nos presenta el fant\u00e1stico <strong>registro fotogr\u00e1fico de la cultura del norte de Brasil realizado por Luiz Braga<\/strong>; y nos introduce al <strong>mundo Armoribats de Leonardo Buggy<\/strong>.<span class=\"gmail-Apple-converted-space\">\u00a0<\/span><\/p>\n<p>Adem\u00e1s, la <strong>Fundaci\u00f3n IDA<\/strong> nos trae una mirada hist\u00f3rica de la <strong>comunicaci\u00f3n postal y arte del correo argentino en el per\u00edodo 1920-1940<\/strong>.<\/p>\n<p>Y como es habitual, nuestras secciones Deseo, Zum y 5 Libros dicen presente. Y el infaltable Reflexiona, dedicado \u00edntegramente al dise\u00f1o activista.<\/p>\n<p><strong>Una edici\u00f3n que, adem\u00e1s, suma m\u00e1s p\u00e1ginas para poder compartir con vosotros mucho m\u00e1s contenido.<\/strong><\/p>\n<p>Activismo como forma de acci\u00f3n pol\u00edtica. Dise\u00f1o como herramienta de transformaci\u00f3n. Activismo y dise\u00f1o en esta edici\u00f3n de Experimenta. Un tema que, sin duda alguna, abre un amplio campo de reflexi\u00f3n y debate que hoy queremos compartir con vosotros.<\/p>\n<p><strong>\u00a1Experimenta 95 ya est\u00e1 aqu\u00ed!<\/strong><\/p>\n","protected":false},"excerpt":{"rendered":"<p>&nbsp;<\/p>\n<p><b>Activismo.\u00a0<\/b>El dise\u00f1o en la nueva pol\u00edtica.<\/p>\n<p>Activismo y dise\u00f1o tienen hist\u00f3ricamente una relaci\u00f3n de larga data. Y si consideramos el inter\u00e9s creciente por \u00e1reas como el dise\u00f1o para el impacto social o el dise\u00f1o de servicio p\u00fablico \u2013s\u00f3lo por citar algunas\u2013, es evidente que de un modo u otro el activismo en el dise\u00f1o tambi\u00e9n ha ido en aumento.<\/p>\n<p>Un tema tan apasionante no pod\u00eda estar ajeno a esta nueva edici\u00f3n de Experimenta.<\/p>\n<p>Experimenta 95:\u00a0<strong>activismo como forma de acci\u00f3n pol\u00edtica, dise\u00f1o como herramienta de transformaci\u00f3n.<\/strong><\/p>\n<div class=\"page\" title=\"Page 4\">\n<div class=\"layoutArea\">\n<div class=\"column\">\n<p>\u00b7 Edici\u00f3n: Invierno 2023<br \/>\n\u00b7 ISBN: 978-84-18049-95-8<br \/>\n\u00b7 Medidas: 23 x 26,5 cm<br \/>\n\u00b7 P\u00e1ginas: 132<\/p>\n<\/div>\n<\/div>\n<\/div>\n","protected":false},"featured_media":61052,"comment_status":"open","ping_status":"closed","template":"","meta":[],"product_cat":[7311],"product_tag":[9713,9732,9730,9735,9638,9591,9903,9777,9766,9748,9889,9770,9707,9708,9714,9762,9778],"jetpack_sharing_enabled":true,"_links":{"self":[{"href":"https:\/\/www.experimenta.es\/tienda\/wp-json\/wp\/v2\/product\/61051"}],"collection":[{"href":"https:\/\/www.experimenta.es\/tienda\/wp-json\/wp\/v2\/product"}],"about":[{"href":"https:\/\/www.experimenta.es\/tienda\/wp-json\/wp\/v2\/types\/product"}],"replies":[{"embeddable":true,"href":"https:\/\/www.experimenta.es\/tienda\/wp-json\/wp\/v2\/comments?post=61051"}],"wp:featuredmedia":[{"embeddable":true,"href":"https:\/\/www.experimenta.es\/tienda\/wp-json\/wp\/v2\/media\/61052"}],"wp:attachment":[{"href":"https:\/\/www.experimenta.es\/tienda\/wp-json\/wp\/v2\/media?parent=61051"}],"wp:term":[{"taxonomy":"product_cat","embeddable":true,"href":"https:\/\/www.experimenta.es\/tienda\/wp-json\/wp\/v2\/product_cat?post=61051"},{"taxonomy":"product_tag","embeddable":true,"href":"https:\/\/www.experimenta.es\/tienda\/wp-json\/wp\/v2\/product_tag?post=61051"}],"curies":[{"name":"wp","href":"https:\/\/api.w.org\/{rel}","templated":true}]}}

<p>Si consideramos el interés creciente por áreas como el diseño para el impacto social o el diseño de servicio público –sólo por citar algunas–, es evidente que de un modo u otro el activismo en el diseño también ha ido en aumento. Porque, como publica Ann Thorpe en su artículo <i>Defining Design as Activism</i>, <i>“dado que la mayor parte del diseño busca mejorar las condiciones de vida de las personas, la mayor parte debe, en algunos sentidos, ser activismo”</i>.</p>
<p>¿Es esta una nueva forma de hacer política? Claramente no. Pero cierto es que se han acelerado los procesos y acortado los caminos hacia un modelo en el que el activismo comenzó a poner en agenda diferentes temas que buscan cambiar una realidad urgente o, al menos, visibilizar temas que son acuciantes para la sociedad en su conjunto.</p>
<p>¿Cuál es el papel del diseño en este nuevo contexto? Si nos aferramos a la idea de que <i>“el intento de transformar la realidad mediante el diseño está en el origen de los propios fundamentos de una disciplina que nació con la terrible contradicción entre sus principios éticos y el pragmatismo al que obligaba su estrecha colaboración con el sistema económico”</i> –<strong>Eugenio Vega</strong> en su artículo <i>La forma, la función y el sentido (político) del diseño </i>de esta edición<i>– </i>es probable que su papel resulte significativo, si es que consigue superar esta contradicción de origen.</p>
<p>Un tema tan apasionante no podía estar ajeno a esta nueva edición de Experimenta por lo que decidimos centrarla en la relación entre diseño y activismo. <strong>Sonia Díaz y Gabriel Martínez</strong> (Un Mundo Feliz) <strong>nos introducen al mundo del comisariado entendido como herramienta activista</strong> en su artículo “Exposiciones y posicionamientos políticos”; <strong>Lucas López</strong> nos impulsa a reflexionar sobre <strong>todo lo que el diseño puede hacer para ayudar a transformar el mundo</strong>, basado en la experiencia del colectivo internacional <strong><i>What Design Can Do</i> (WDCD)</strong>; y exploramos soluciones arquitectónicas que ponen foco en la innovación sostenible y singular con el estudio <strong>UZarchitecture</strong>, que desarrolla su actividad entre Bilbao y Taipéi.</p>
<p>Nuestra periodista en Berlín, <strong>Luján Cambariere</strong>, nos presenta el comienzo del <strong>Design Kalender</strong> con los dos eventos de diseño internacionales más importantes con los que <strong>Alemania inaugura el año: la <i>Berlín Fashion Week </i>y la feria <i>Ambiente</i> en Frankfurt</strong>.</p>
<p><strong>Felipe Taborda</strong> nos presenta el fantástico <strong>registro fotográfico de la cultura del norte de Brasil realizado por Luiz Braga</strong>; y nos introduce al <strong>mundo Armoribats de Leonardo Buggy</strong>.<span class="gmail-Apple-converted-space"> </span></p>
<p>Además, la <strong>Fundación IDA</strong> nos trae una mirada histórica de la <strong>comunicación postal y arte del correo argentino en el período 1920-1940</strong>.</p>
<p>Y como es habitual, nuestras secciones Deseo, Zum y 5 Libros dicen presente. Y el infaltable Reflexiona, dedicado íntegramente al diseño activista.</p>
<p><strong>Una edición que, además, suma más páginas para poder compartir con vosotros mucho más contenido.</strong></p>
<p>Activismo como forma de acción política. Diseño como herramienta de transformación. Activismo y diseño en esta edición de Experimenta. Un tema que, sin duda alguna, abre un amplio campo de reflexión y debate que hoy queremos compartir con vosotros.</p>
<p><strong>¡Experimenta 95 ya está aquí!</strong></p>

<p>&nbsp;</p>
<p><b>Activismo. </b>El diseño en la nueva política.</p>
<p>Activismo y diseño tienen históricamente una relación de larga data. Y si consideramos el interés creciente por áreas como el diseño para el impacto social o el diseño de servicio público –sólo por citar algunas–, es evidente que de un modo u otro el activismo en el diseño también ha ido en aumento.</p>
<p>Un tema tan apasionante no podía estar ajeno a esta nueva edición de Experimenta.</p>
<p>Experimenta 95: <strong>activismo como forma de acción política, diseño como herramienta de transformación.</strong></p>
<div class="page" title="Page 4">
<div class="layoutArea">
<div class="column">
<p>· Edición: Invierno 2023<br />
· ISBN: 978-84-18049-95-8<br />
· Medidas: 23 x 26,5 cm<br />
· Páginas: 132</p>
</div>
</div>
</div>
