{"id":61434,"date":"2023-10-03T13:52:35","date_gmt":"2023-10-03T11:52:35","guid":{"rendered":"https:\/\/www.experimenta.es\/tienda\/?post_type=product&#038;p=61434"},"modified":"2024-10-14T21:14:29","modified_gmt":"2024-10-14T19:14:29","slug":"el-periodico-es-un-cruel-amante","status":"publish","type":"product","link":"https:\/\/www.experimenta.es\/tienda\/producto\/el-periodico-es-un-cruel-amante\/","title":{"rendered":"El peri\u00f3dico es un cruel amante"},"content":{"rendered":"<p>Esta obra no es una novela rom\u00e1ntica. No es un libro de autoayuda (bueno, a lo mejor para el autor s\u00ed lo es). No es una gu\u00eda, no es una compilaci\u00f3n de trabajos, ni un manual sobre lo que se debe o no se debe hacer, ni en la vida ni en el trabajo. Es un peque\u00f1o volumen lleno de suspiros, de lamentos, de alegr\u00edas, de carcajadas y exabruptos, de errores y de aciertos (sin orden ni concierto) a lo largo de las andanzas de un periodista y dise\u00f1ador gr\u00e1fico en los atribulados pasillos de la redacci\u00f3n de un peri\u00f3dico espa\u00f1ol.<span class=\"gmail-Apple-converted-space\">\u00a0<\/span><\/p>\n<p>Rodrigo S\u00e1nchez, nacido en Madrid en pleno siglo XX, ha trabajado durante treinta a\u00f1os en la redacci\u00f3n del peri\u00f3dico <i>El Mundo<\/i>. Dise\u00f1ador internacionalmente reconocido y aclamado, es considerado como uno de los mejores directores de Arte period\u00edsticos del planeta (y no es vacile).<\/p>\n<p><strong><i>El peri\u00f3dico es un cruel amante. Diario irreverente de un director de arte<\/i><\/strong> es su carta de amor y de despedida a esos treinta a\u00f1os de comuni\u00f3n con las noticias, las tipograf\u00edas, las fotograf\u00edas, las infograf\u00edas y las ilustraciones en un relajado y sincero alegato sobre la libertad de expresi\u00f3n y el amor por un oficio que se acaba.<\/p>\n<p>Este libro es lo que es. Un diario encuadernado en r\u00fastica a columna ancha y ordenado con desd\u00e9n. Sin pretensiones de cambiar nada, sin ambici\u00f3n. Casi sin ilusi\u00f3n. Escrito por la amargura de un amor no correspondido, con la congoja de la felicidad perdida, con la ansiedad del adi\u00f3s s\u00fabito del ser querido.<\/p>\n<p>No es un \u00abpongo a Dios por testigo\u00bb, porque sabemos que el autor volver\u00e1 a pasar hambre. Tampoco es un aprendizaje del error. Pues tambi\u00e9n estamos seguros de que, aunque el autor ha aprendido de sus errores, tiene la imaginaci\u00f3n suficiente como para cometer y disfrutar errores nuevos.<\/p>\n<p>Estas p\u00e1ginas han sido una terapia de reflexi\u00f3n y recuperaci\u00f3n del orgullo herido de un profesional expuesto a las vicisitudes de un oc\u00e9ano de egos, ambiciones, complejos, rencillas, venganzas y miserias humanas. Lo que viene siendo la redacci\u00f3n de un peri\u00f3dico, lleno de grandes personas y mediocres miserables.<\/p>\n<p><strong><em>\u00abEn este libro Rodrigo insiste en que \u00e9l es periodista e intenta dejar claro que \u00abeste no es un libro sobre dise\u00f1o\u00bb, pero el resultado le contradice porque en el fondo hay dos Rodrigos en uno. Es un libro que trata de dos temas: el complicado pero apasionante mundo de una redacci\u00f3n period\u00edstica, con sus batallas de egos, sus servidumbres, sus urgencias, la necesidad de reinventarse cada d\u00eda, el reto que supone hacer de la noticia algo bello y con capacidad de captar la atenci\u00f3n del lector\u2026 y, por otra parte, recoge reflexiones sobre el dise\u00f1o no solo period\u00edstico, reflexiones consecuencia del enorme talento y la envidiable experiencia de su autor. Dos por el precio de uno.\u00bb<\/em><\/strong><\/p>\n<p><strong>Emilio Gil, Medalla de Oro al M\u00e9rito en las Bellas Artes 2015, autor del pr\u00f3logo de <i>El peri\u00f3dico es un cruel amante.<\/i><\/strong><\/p>\n<p>&nbsp;<\/p>\n<p><strong>Sobre el Autor<\/strong><\/p>\n<p><em>Una mezcla dif\u00edcil de explicar<\/em><\/p>\n<p><strong>Rodrigo S\u00e1nchez<\/strong> es periodista y dise\u00f1a peri\u00f3dicos, revistas, libros y carteles. Lleva m\u00e1s de treinta y cinco a\u00f1os intentando vincular rigor, verdad, audacia, imaginaci\u00f3n y est\u00e9tica en un malabar juego de manos y letras. Ha pasado por los diarios <i>ABC<\/i>, <i>Cinco D\u00edas<\/i> y <i>El Sol<\/i>; las revistas <i>Cambio 16<\/i> y <i>Mercado<\/i>; y desde 1992, en el diario <i>El Mundo<\/i> de Madrid, donde trabaj\u00f3, primero como director de Arte de revistas y luego como director de Arte del diario.<span class=\"gmail-Apple-converted-space\">\u00a0<\/span><\/p>\n<p>La Society of News Design (SND), la Society of Publication Designers (SPD), el Type Director Club of NY (TDC), los AD&amp;D of London, Golden Bee de Mosc\u00fa, la Asociaci\u00f3n de Dise\u00f1adores de Espa\u00f1a o la Bienal Iberoamericana de Dise\u00f1o han premiado internacionalmente sus trabajos. Sus portadas para <i>Metr\u00f3poli<\/i>, por ejemplo, fueron elegidas por la SND como uno de los \u00ab25 Influential Moments in News Design\u00bb junto al nacimiento de los ordenadores Macintosh o el lanzamiento del diario norteamericano USA Today; organizaci\u00f3n que, adem\u00e1s, le ha premiado dos veces consecutivas (el \u00fanico dise\u00f1ador gr\u00e1fico mundial en conseguirlo) con el premio Best Of Show en su certamen internacional.<\/p>\n<p>En 2014, durante la convenci\u00f3n mundial anual de la Society for News Design en Frankfurt (Alemania), le fue otorgado el galard\u00f3n The Life Achievement Award a toda su carrera; algo parecido al Oscar a toda una carrera. Galard\u00f3n que ni por edad, ni por m\u00e9ritos, ni por talento se merec\u00eda, pero ah\u00ed est\u00e1 y aqu\u00ed lo mencionamos.<span class=\"gmail-Apple-converted-space\">\u00a0<\/span><\/p>\n<p>Sus trabajos han sido publicados en libros de texto de universidades europeas y norteamericanas y sus m\u00e9todos de comunicaci\u00f3n visual son estudiados en facultades de periodismo del mundo entero.<\/p>\n","protected":false},"excerpt":{"rendered":"<p><span style=\"color: #ff0000;\"><span style=\"color: #000000;\">Autor:<\/span> Rodrigo S\u00e1nchez<br \/>\n<span style=\"color: #000000;\">Pr\u00f3logo:<\/span> Emilio Gil<br \/>\n<span style=\"color: #000000;\">Ilustraciones:<\/span> Ra\u00fal Arias<br \/>\n<\/span><\/p>\n<p><strong>El peri\u00f3dico es un cruel amante. Diario irreverente de un director de arte,<\/strong> es la carta de amor y de despedida de Rodrigo S\u00e1nchez a sus treinta a\u00f1os de comuni\u00f3n con las noticias, las tipograf\u00edas, las fotograf\u00edas, las infograf\u00edas y las ilustraciones en un relajado y sincero alegato sobre la libertad de expresi\u00f3n y el amor por un oficio que se acaba.<\/p>\n<ul class=\"a-unordered-list a-nostyle a-vertical a-spacing-none detail-bullet-list\">\n<li>ISBN: 978-84-19555-01-4<\/li>\n<li>Medidas: 16 x 23 cm<\/li>\n<li>P\u00e1ginas: 284<\/li>\n<li>Encuadernaci\u00f3n: R\u00fastica<\/li>\n<li>Impresi\u00f3n interior: Negro<\/li>\n<li>Edici\u00f3n: Experimenta Libros<\/li>\n<\/ul>\n","protected":false},"featured_media":61436,"comment_status":"open","ping_status":"closed","template":"","meta":[],"product_cat":[9897,9895,9892,9898,7313],"product_tag":[9730,9873,9764,9859,9950,9591,9707,9951,9786],"jetpack_sharing_enabled":true,"_links":{"self":[{"href":"https:\/\/www.experimenta.es\/tienda\/wp-json\/wp\/v2\/product\/61434"}],"collection":[{"href":"https:\/\/www.experimenta.es\/tienda\/wp-json\/wp\/v2\/product"}],"about":[{"href":"https:\/\/www.experimenta.es\/tienda\/wp-json\/wp\/v2\/types\/product"}],"replies":[{"embeddable":true,"href":"https:\/\/www.experimenta.es\/tienda\/wp-json\/wp\/v2\/comments?post=61434"}],"wp:featuredmedia":[{"embeddable":true,"href":"https:\/\/www.experimenta.es\/tienda\/wp-json\/wp\/v2\/media\/61436"}],"wp:attachment":[{"href":"https:\/\/www.experimenta.es\/tienda\/wp-json\/wp\/v2\/media?parent=61434"}],"wp:term":[{"taxonomy":"product_cat","embeddable":true,"href":"https:\/\/www.experimenta.es\/tienda\/wp-json\/wp\/v2\/product_cat?post=61434"},{"taxonomy":"product_tag","embeddable":true,"href":"https:\/\/www.experimenta.es\/tienda\/wp-json\/wp\/v2\/product_tag?post=61434"}],"curies":[{"name":"wp","href":"https:\/\/api.w.org\/{rel}","templated":true}]}}

El periódico es un cruel amante

<p>Esta obra no es una novela romántica. No es un libro de autoayuda (bueno, a lo mejor para el autor sí lo es). No es una guía, no es una compilación de trabajos, ni un manual sobre lo que se debe o no se debe hacer, ni en la vida ni en el trabajo. Es un pequeño volumen lleno de suspiros, de lamentos, de alegrías, de carcajadas y exabruptos, de errores y de aciertos (sin orden ni concierto) a lo largo de las andanzas de un periodista y diseñador gráfico en los atribulados pasillos de la redacción de un periódico español.<span class="gmail-Apple-converted-space"> </span></p>
<p>Rodrigo Sánchez, nacido en Madrid en pleno siglo XX, ha trabajado durante treinta años en la redacción del periódico <i>El Mundo</i>. Diseñador internacionalmente reconocido y aclamado, es considerado como uno de los mejores directores de Arte periodísticos del planeta (y no es vacile).</p>
<p><strong><i>El periódico es un cruel amante. Diario irreverente de un director de arte</i></strong> es su carta de amor y de despedida a esos treinta años de comunión con las noticias, las tipografías, las fotografías, las infografías y las ilustraciones en un relajado y sincero alegato sobre la libertad de expresión y el amor por un oficio que se acaba.</p>
<p>Este libro es lo que es. Un diario encuadernado en rústica a columna ancha y ordenado con desdén. Sin pretensiones de cambiar nada, sin ambición. Casi sin ilusión. Escrito por la amargura de un amor no correspondido, con la congoja de la felicidad perdida, con la ansiedad del adiós súbito del ser querido.</p>
<p>No es un «pongo a Dios por testigo», porque sabemos que el autor volverá a pasar hambre. Tampoco es un aprendizaje del error. Pues también estamos seguros de que, aunque el autor ha aprendido de sus errores, tiene la imaginación suficiente como para cometer y disfrutar errores nuevos.</p>
<p>Estas páginas han sido una terapia de reflexión y recuperación del orgullo herido de un profesional expuesto a las vicisitudes de un océano de egos, ambiciones, complejos, rencillas, venganzas y miserias humanas. Lo que viene siendo la redacción de un periódico, lleno de grandes personas y mediocres miserables.</p>
<p><strong><em>«En este libro Rodrigo insiste en que él es periodista e intenta dejar claro que «este no es un libro sobre diseño», pero el resultado le contradice porque en el fondo hay dos Rodrigos en uno. Es un libro que trata de dos temas: el complicado pero apasionante mundo de una redacción periodística, con sus batallas de egos, sus servidumbres, sus urgencias, la necesidad de reinventarse cada día, el reto que supone hacer de la noticia algo bello y con capacidad de captar la atención del lector… y, por otra parte, recoge reflexiones sobre el diseño no solo periodístico, reflexiones consecuencia del enorme talento y la envidiable experiencia de su autor. Dos por el precio de uno.»</em></strong></p>
<p><strong>Emilio Gil, Medalla de Oro al Mérito en las Bellas Artes 2015, autor del prólogo de <i>El periódico es un cruel amante.</i></strong></p>
<p>&nbsp;</p>
<p><strong>Sobre el Autor</strong></p>
<p><em>Una mezcla difícil de explicar</em></p>
<p><strong>Rodrigo Sánchez</strong> es periodista y diseña periódicos, revistas, libros y carteles. Lleva más de treinta y cinco años intentando vincular rigor, verdad, audacia, imaginación y estética en un malabar juego de manos y letras. Ha pasado por los diarios <i>ABC</i>, <i>Cinco Días</i> y <i>El Sol</i>; las revistas <i>Cambio 16</i> y <i>Mercado</i>; y desde 1992, en el diario <i>El Mundo</i> de Madrid, donde trabajó, primero como director de Arte de revistas y luego como director de Arte del diario.<span class="gmail-Apple-converted-space"> </span></p>
<p>La Society of News Design (SND), la Society of Publication Designers (SPD), el Type Director Club of NY (TDC), los AD&amp;D of London, Golden Bee de Moscú, la Asociación de Diseñadores de España o la Bienal Iberoamericana de Diseño han premiado internacionalmente sus trabajos. Sus portadas para <i>Metrópoli</i>, por ejemplo, fueron elegidas por la SND como uno de los «25 Influential Moments in News Design» junto al nacimiento de los ordenadores Macintosh o el lanzamiento del diario norteamericano USA Today; organización que, además, le ha premiado dos veces consecutivas (el único diseñador gráfico mundial en conseguirlo) con el premio Best Of Show en su certamen internacional.</p>
<p>En 2014, durante la convención mundial anual de la Society for News Design en Frankfurt (Alemania), le fue otorgado el galardón The Life Achievement Award a toda su carrera; algo parecido al Oscar a toda una carrera. Galardón que ni por edad, ni por méritos, ni por talento se merecía, pero ahí está y aquí lo mencionamos.<span class="gmail-Apple-converted-space"> </span></p>
<p>Sus trabajos han sido publicados en libros de texto de universidades europeas y norteamericanas y sus métodos de comunicación visual son estudiados en facultades de periodismo del mundo entero.</p>

<p><span style="color: #ff0000;"><span style="color: #000000;">Autor:</span> Rodrigo Sánchez<br />
<span style="color: #000000;">Prólogo:</span> Emilio Gil<br />
<span style="color: #000000;">Ilustraciones:</span> Raúl Arias<br />
</span></p>
<p><strong>El periódico es un cruel amante. Diario irreverente de un director de arte,</strong> es la carta de amor y de despedida de Rodrigo Sánchez a sus treinta años de comunión con las noticias, las tipografías, las fotografías, las infografías y las ilustraciones en un relajado y sincero alegato sobre la libertad de expresión y el amor por un oficio que se acaba.</p>
<ul class="a-unordered-list a-nostyle a-vertical a-spacing-none detail-bullet-list">
<li>ISBN: 978-84-19555-01-4</li>
<li>Medidas: 16 x 23 cm</li>
<li>Páginas: 284</li>
<li>Encuadernación: Rústica</li>
<li>Impresión interior: Negro</li>
<li>Edición: Experimenta Libros</li>
</ul>
