{"id":61446,"date":"2023-10-04T12:33:57","date_gmt":"2023-10-04T10:33:57","guid":{"rendered":"https:\/\/www.experimenta.es\/tienda\/?post_type=product&#038;p=61446"},"modified":"2024-03-13T13:11:27","modified_gmt":"2024-03-13T12:11:27","slug":"el-posthumanismo-o-el-exilio-radical","status":"publish","type":"product","link":"https:\/\/www.experimenta.es\/tienda\/producto\/el-posthumanismo-o-el-exilio-radical\/","title":{"rendered":"El Posthumanismo o el Exilio Radical"},"content":{"rendered":"<p><strong>Postmoderno, postmetaf\u00edsico, posthumano, post mortem.<\/strong><\/p>\n<p>El mundo \u00abpost\u00bb es un mundo que crece por encima de sus fronteras, que se excede mas alla de los limites de la geograf\u00eda moderna. En este contexto, el posthumanismo, como un derivado de la teor\u00eda cr\u00edtica de corte antihumanista, mueve el flujo conceptual por encima de los bordes establecidos, definiendo nuevos mapas de referencia y nuevos territorios de pensamiento en torno a las nociones de lo Humano y de la Subjetividad. El posthumanismo, o el \u00e9xodo antropol\u00f3gico radical, es un proceso en que el ser humano finalmente se sale de todas las categor\u00edas sociales, hist\u00f3ricas, biol\u00f3gicas, antropol\u00f3gicas, filos\u00f3ficas, etc., que hab\u00edan hecho de \u00e9l un Sujeto. En sinton\u00eda con el ecologismo, el feminismo, el postcolonialismo, etc.), el posthumanismo se propone acabar con el mundo centrado en el Sujeto y lidera la producci\u00f3n de las nuevas subjetividades n\u00f3mades.<\/p>\n<p>As\u00ed, el Sujeto es obligado al exilio, a la autoexpulsi\u00f3n de su propio territorio. Y a lo mejor, lo que resulta tan insoportable de nuestro tiempo es la ausencia de l\u00edmites, la confusi\u00f3n de las formas, la incertidumbre de los discursos, la imposibilidad del lenguaje, el nomadismo en todos los \u00f3rdenes. Y ah\u00ed es donde yace el poder ordenador del l\u00edmite. La Subjetividad entendida como limite es la barrera inmunol\u00f3gica que nos protege contra la amenaza virulenta de la tecnolog\u00eda, la intervenci\u00f3n del Estado, la contaminaci\u00f3n de la ideolog\u00eda, la virulencia del pensamiento \u00fanico, la homogeneizaci\u00f3n ontol\u00f3gica del posthumanismo. La Subjetividad es, en suma, la conciencia de los l\u00edmites que nos devuelve la autonomia y la libertad.<\/p>\n<p>&nbsp;<\/p>\n<p><span class=\"Apple-converted-space\">SOBRE LA AUTORA<br \/>\n<\/span><strong>Mane Tatulyan\u00a0<\/strong>(8 de Julio, 1993) es escritora, fil\u00f3sofa y dise\u00f1adora doctorada en Filosof\u00eda de la Universidad Aut\u00f3noma de Barcelona.<\/p>\n<p>A lo largo de su vida, el dise\u00f1o signific\u00f3 para ella una forma de ordenar el mundo, y la filosof\u00eda, de comprenderlo \u2014y ambas juntas, de transformarlo. Es autora del libro La Singularidad Radical: Ensayo sobre los Fen\u00f3menos Singulares, y docente de filosof\u00eda y artes en diversos espacios acad\u00e9micos y no acad\u00e9micos. Su praxis interdisciplinar se despliega como una renovaci\u00f3n radical del Proyecto Moderno, de la metaf\u00edsica, del idealismo y de la filosof\u00eda del Sujeto \u2014 bajo un imperativo fundamental: la democratizaci\u00f3n del saber filos\u00f3fico para toda reforma del pensamiento (y del mundo).<\/p>\n","protected":false},"excerpt":{"rendered":"<p><span style=\"color: #ff0000;\"><span style=\"color: #000000;\">Autor:<\/span> Mane Tatulyan<br \/>\n<\/span><\/p>\n<p><em><strong>El Posthumanismo o el Exilio Radical. Sobre el Posthumanismo como abandono de fronteras<\/strong><\/em> es el esperado nuevo libro de <strong>Mane Tatulyan<\/strong> que aborda la problem\u00e1tica de un mundo que crece por encima de sus fronteras, que se excede mas all\u00e1 de los limites de la geograf\u00eda moderna.<\/p>\n<p>\u00b7 ISBN: 978-84-19555-03-8<br \/>\n\u00b7 Medidas: 14 x 21 cm<br \/>\n\u00b7 P\u00e1ginas: 84<br \/>\n\u00b7 Encuadernaci\u00f3n: R\u00fastica<br \/>\n\u00b7 Impresi\u00f3n interior: Negro<br \/>\n\u00b7 Edici\u00f3n: Experimenta Libros<\/p>\n","protected":false},"featured_media":61449,"comment_status":"open","ping_status":"closed","template":"","meta":[],"product_cat":[9892,9898,9715,7313],"product_tag":[9730,9777,9641,9794,9762,9786,9778],"jetpack_sharing_enabled":true,"_links":{"self":[{"href":"https:\/\/www.experimenta.es\/tienda\/wp-json\/wp\/v2\/product\/61446"}],"collection":[{"href":"https:\/\/www.experimenta.es\/tienda\/wp-json\/wp\/v2\/product"}],"about":[{"href":"https:\/\/www.experimenta.es\/tienda\/wp-json\/wp\/v2\/types\/product"}],"replies":[{"embeddable":true,"href":"https:\/\/www.experimenta.es\/tienda\/wp-json\/wp\/v2\/comments?post=61446"}],"wp:featuredmedia":[{"embeddable":true,"href":"https:\/\/www.experimenta.es\/tienda\/wp-json\/wp\/v2\/media\/61449"}],"wp:attachment":[{"href":"https:\/\/www.experimenta.es\/tienda\/wp-json\/wp\/v2\/media?parent=61446"}],"wp:term":[{"taxonomy":"product_cat","embeddable":true,"href":"https:\/\/www.experimenta.es\/tienda\/wp-json\/wp\/v2\/product_cat?post=61446"},{"taxonomy":"product_tag","embeddable":true,"href":"https:\/\/www.experimenta.es\/tienda\/wp-json\/wp\/v2\/product_tag?post=61446"}],"curies":[{"name":"wp","href":"https:\/\/api.w.org\/{rel}","templated":true}]}}