{"id":61448,"date":"2023-10-04T13:30:13","date_gmt":"2023-10-04T11:30:13","guid":{"rendered":"https:\/\/www.experimenta.es\/tienda\/?post_type=product&#038;p=61448"},"modified":"2024-03-10T19:56:39","modified_gmt":"2024-03-10T18:56:39","slug":"la-singolarita-radicale","status":"publish","type":"product","link":"https:\/\/www.experimenta.es\/tienda\/producto\/la-singolarita-radicale\/","title":{"rendered":"La Singolarit\u00e0 Radicale"},"content":{"rendered":"<p>Tutte le energie della nostra civilt\u00e0 sono indirizzate alla costruzione di un nuovo mondo artificiale, un mondo completamente tecnologico in cui l&#8217;uomo non \u00e8 pi\u00f9 che un ingranaggio nell&#8217;intero sistema cibernetico. Un mondo totalmente in vista, programmato, quantificato, tecnico, artificiale e soprattutto autonomo. Un mondo autonomo che potr\u00e0 funzionare senza di noi. Un mondo oggettivo che non avr\u00e0 n\u00e9 soggettivit\u00e0 n\u00e9 senso.<\/p>\n<p>Tuttavia, sebbene tutti i nostri sforzi siano proiettati verso l&#8217;orizzonte della singolarit\u00e0 tecnologica, il linguaggio stesso ci ricorda che esiste un alto significato per la parola singolarit\u00e0. <strong>La Singolarit\u00e0 Radicale<\/strong> \u00e8 un progetto originale sulla singolarit\u00e0 umana nell&#8217;era della singolarit\u00e0 tecnologica. L&#8217;opera affronta, in modo unico, estremo e persino ironico, il passaggio dall&#8217;umanesimo moderno al postumanesimo postmoderno, lasciando intravedere tra le righe il lume naturale della Ragione come origine di ogni cambiamento.<\/p>\n<p>Quest&#8217;opera potrebbe essere il preludio della risposta alla domanda sul ruolo dell&#8217;uomo in un mondo dove, nonostante proliferi un imperante appiattimento, si nasconde anche la radicalit\u00e0 di ci\u00f2 che \u00e8 singolare.<\/p>\n<p>&nbsp;<\/p>\n<p>CIRCA L&#8217;AUTORE<\/p>\n<p><strong>Mane Tatulyan <\/strong>(8 luglio, 1993) \u00e8 una scrittrice, filosofa e designer. Laureatasi in Design [UADE, Argentina], ha conseguito un Master in Filosofia Applicata [UAB, Espa\u00f1a] e un dottorato in Filosofia LUAB, Spagna. Nel corso della sua vita, il design \u00e8 stato per lei una forma di ordinare il mondo e la filosofia un modo per comprenderlo. E&#8217; autrice del libro <i>\u00abLa Singolarit\u00e0 Radicale: Saggio sui Fenomeni Singolari\u00bb<\/i> e docente di filosofia applicata.<\/p>\n<p>Il suo pensiero sviluppa una sistematica ri-lettura del Progetto Moderno, con una profonda ermeneutica della Soggettivit\u00e0, osservando una premessa fondamentale: che il futuro non progetti umani bens\u00ec che si progetti un futuro pi\u00f9 umano.<\/p>\n","protected":false},"excerpt":{"rendered":"<p><span style=\"color: #ff0000;\"><span style=\"color: #000000;\">Autor:<\/span> Mane Tatulyan<br \/>\n<\/span>Foto de cubierta: Tara Winstead<br \/>\nTraducci\u00f3n: Andrea Cadierno<\/p>\n<p><em><strong>La Singolarit\u00e0\u00a0<\/strong><\/em><b><i>Radicale. Saggio sui Fenomeni Singolari<\/i><\/b> es la edici\u00f3n en italiano del libro <em>La Singularidad Radical. Ensayo sobre los Fen\u00f3menos Singulares<\/em> de <strong>Mane Tatulyan<\/strong> editado por Experimenta Libros.<\/p>\n<p>\u00b7 ISBN: 978-84-19555-02-1<br \/>\n\u00b7 Medidas: 14 x 21 cm<br \/>\n\u00b7 P\u00e1ginas: 100<br \/>\n\u00b7 Encuadernaci\u00f3n: R\u00fastica<br \/>\n\u00b7 Impresi\u00f3n interior: Negro<br \/>\n\u00b7 Edici\u00f3n: Experimenta Libros<\/p>\n","protected":false},"featured_media":61454,"comment_status":"open","ping_status":"closed","template":"","meta":[],"product_cat":[9892,9898,7313],"product_tag":[9730,9777,9641,9794,9762,9786,9778],"jetpack_sharing_enabled":true,"_links":{"self":[{"href":"https:\/\/www.experimenta.es\/tienda\/wp-json\/wp\/v2\/product\/61448"}],"collection":[{"href":"https:\/\/www.experimenta.es\/tienda\/wp-json\/wp\/v2\/product"}],"about":[{"href":"https:\/\/www.experimenta.es\/tienda\/wp-json\/wp\/v2\/types\/product"}],"replies":[{"embeddable":true,"href":"https:\/\/www.experimenta.es\/tienda\/wp-json\/wp\/v2\/comments?post=61448"}],"wp:featuredmedia":[{"embeddable":true,"href":"https:\/\/www.experimenta.es\/tienda\/wp-json\/wp\/v2\/media\/61454"}],"wp:attachment":[{"href":"https:\/\/www.experimenta.es\/tienda\/wp-json\/wp\/v2\/media?parent=61448"}],"wp:term":[{"taxonomy":"product_cat","embeddable":true,"href":"https:\/\/www.experimenta.es\/tienda\/wp-json\/wp\/v2\/product_cat?post=61448"},{"taxonomy":"product_tag","embeddable":true,"href":"https:\/\/www.experimenta.es\/tienda\/wp-json\/wp\/v2\/product_tag?post=61448"}],"curies":[{"name":"wp","href":"https:\/\/api.w.org\/{rel}","templated":true}]}}

La Singolarità Radicale

<p>Tutte le energie della nostra civiltà sono indirizzate alla costruzione di un nuovo mondo artificiale, un mondo completamente tecnologico in cui l&#8217;uomo non è più che un ingranaggio nell&#8217;intero sistema cibernetico. Un mondo totalmente in vista, programmato, quantificato, tecnico, artificiale e soprattutto autonomo. Un mondo autonomo che potrà funzionare senza di noi. Un mondo oggettivo che non avrà né soggettività né senso.</p>
<p>Tuttavia, sebbene tutti i nostri sforzi siano proiettati verso l&#8217;orizzonte della singolarità tecnologica, il linguaggio stesso ci ricorda che esiste un alto significato per la parola singolarità. <strong>La Singolarità Radicale</strong> è un progetto originale sulla singolarità umana nell&#8217;era della singolarità tecnologica. L&#8217;opera affronta, in modo unico, estremo e persino ironico, il passaggio dall&#8217;umanesimo moderno al postumanesimo postmoderno, lasciando intravedere tra le righe il lume naturale della Ragione come origine di ogni cambiamento.</p>
<p>Quest&#8217;opera potrebbe essere il preludio della risposta alla domanda sul ruolo dell&#8217;uomo in un mondo dove, nonostante proliferi un imperante appiattimento, si nasconde anche la radicalità di ciò che è singolare.</p>
<p>&nbsp;</p>
<p>CIRCA L&#8217;AUTORE</p>
<p><strong>Mane Tatulyan </strong>(8 luglio, 1993) è una scrittrice, filosofa e designer. Laureatasi in Design [UADE, Argentina], ha conseguito un Master in Filosofia Applicata [UAB, España] e un dottorato in Filosofia LUAB, Spagna. Nel corso della sua vita, il design è stato per lei una forma di ordinare il mondo e la filosofia un modo per comprenderlo. E&#8217; autrice del libro <i>«La Singolarità Radicale: Saggio sui Fenomeni Singolari»</i> e docente di filosofia applicata.</p>
<p>Il suo pensiero sviluppa una sistematica ri-lettura del Progetto Moderno, con una profonda ermeneutica della Soggettività, osservando una premessa fondamentale: che il futuro non progetti umani bensì che si progetti un futuro più umano.</p>

<p><span style="color: #ff0000;"><span style="color: #000000;">Autor:</span> Mane Tatulyan<br />
</span>Foto de cubierta: Tara Winstead<br />
Traducción: Andrea Cadierno</p>
<p><em><strong>La Singolarità </strong></em><b><i>Radicale. Saggio sui Fenomeni Singolari</i></b> es la edición en italiano del libro <em>La Singularidad Radical. Ensayo sobre los Fenómenos Singulares</em> de <strong>Mane Tatulyan</strong> editado por Experimenta Libros.</p>
<p>· ISBN: 978-84-19555-02-1<br />
· Medidas: 14 x 21 cm<br />
· Páginas: 100<br />
· Encuadernación: Rústica<br />
· Impresión interior: Negro<br />
· Edición: Experimenta Libros</p>
