{"id":61656,"date":"2023-12-12T12:46:33","date_gmt":"2023-12-12T11:46:33","guid":{"rendered":"https:\/\/www.experimenta.es\/tienda\/?post_type=product&#038;p=61656"},"modified":"2024-11-05T05:01:21","modified_gmt":"2024-11-05T04:01:21","slug":"galicia-procesos-y-formas","status":"publish","type":"product","link":"https:\/\/www.experimenta.es\/tienda\/producto\/galicia-procesos-y-formas\/","title":{"rendered":"Galicia. Procesos y formas."},"content":{"rendered":"<p><em><strong>Galicia. Procesos y formas<\/strong><\/em>, es un proyecto editorial creado para la tercera edici\u00f3n de la Porto Design Biennale, con Espa\u00f1a (Galicia) como pa\u00eds invitado. Su autor, <strong>David Barro, construye una historia de Galicia a trav\u00e9s del dise\u00f1o y traza un recorrido por su pasado, presente y futuro.<\/strong><\/p>\n<p><strong>Una primera parte nos introduce en c\u00f3mo desde el dise\u00f1o se ha conseguido construir un car\u00e1cter diferencial e innovador, en el que destacan el papel de los oficios y las costumbres de la cultura popular y la artesan\u00eda<\/strong>, que aportan un valor a\u00f1adido fundamentado en la construcci\u00f3n de un sistema de expresi\u00f3n propio y en la promoci\u00f3n de industrias capaces de fabricar objetos con origen. <strong>La segunda parte se asienta en las propuestas contraculturales de los comienzos de la democracia y en c\u00f3mo el dise\u00f1o se impone como disciplina profesional.<\/strong> <strong>Por \u00faltimo, la Galicia del futuro habla del impacto generado a partir de potenciar los recursos de su territorio y su condici\u00f3n atl\u00e1ntica.<\/strong><\/p>\n<p><em><strong>Galicia. Procesos y formas<\/strong><\/em> es una co-edici\u00f3n de Experimenta Libros y Didac. Es un proyecto de la Porto Design Biennale que cuenta con el apoyo de la Xunta de Galicia y de la Conseller\u00eda de Econom\u00eda, Industria e Innovaci\u00f3n a trav\u00e9s del Programa de Dese\u00f1o para a Innovaci\u00f3n e a Sustentabilidade 2024 \u2014 DIFERENZA de la Axencia Galega de Innovaci\u00f3n, en colaboraci\u00f3n con la Fundaci\u00f3n Artesan\u00eda de Galicia y la Fundaci\u00f3n DIDAC.<\/p>\n<p>&nbsp;<\/p>\n<p><strong>Sobre el Autor<\/strong><\/p>\n<p><strong>David Barro<\/strong> es comisario del pa\u00eds invitado de la Porto Design Biennale 2023, asesor en materia de dise\u00f1o de la Axencia Galega de Innovaci\u00f3n de la Xunta de Galicia, director de la Fundaci\u00f3n DIDAC y comisario de exposiciones. Editor y fundador de la empresa de dise\u00f1o Dardo, ha publicado numerosos libros de arte y dise\u00f1o contempor\u00e1neo y ha sido director de la revista <em>DARDOmagazine<\/em>. Es miembro de la Cooperativa Performa, desde donde codirige <em>Plataforma<\/em>, el festival de artes performativas de Santiago de Compostela. Barro ha sido director gerente de la Fundaci\u00f3n Luis Seoane y asesor de la Fundaci\u00f3n Barri\u00e9, as\u00ed como responsable de su colecci\u00f3n de arte. Tambi\u00e9n ha ejercido como director art\u00edstico de las tres primeras ediciones de <em>MadBlue<\/em>, el summit de desarrollo sostenible de Madrid, como cr\u00edtico de El Cultural durante quince a\u00f1os y como director de la revista portuguesa <em>[W]art<\/em> (Editorial Mimesis), de la revista <em>Arte y parte<\/em> y de la revista <em>InteresArte<\/em> (Editorial Galaxia). Como comisario de exposiciones ha realizado m\u00e1s de un centenar de muestras de arte y dise\u00f1o y ha sido director art\u00edstico de importantes eventos como el proyecto de arte, arquitectura y dise\u00f1o <em>Look Up! Natural Porto Art Show<\/em> en Oporto o el Festival Internacional de Acci\u00f3n Art\u00edstica Sostenible sos 4.8 en Murcia. Como docente es profesor del M\u00e1ster en Estudios Avanzados de la Universidad de Salamanca, entre otros. Entre sus numerosos libros publicados destacan ensayos como Antes de <em>Ayer y pasado ma\u00f1ana o lo que puede ser pintura hoy o Drift. Miradas cruzadas entre dise\u00f1o y arte contempor\u00e1neo.<\/em><\/p>\n","protected":false},"excerpt":{"rendered":"<p><span style=\"color: #ff0000;\"><span style=\"color: #000000;\">Autor:<\/span> David Barro<br \/>\n<\/span><\/p>\n<p><strong>En Galicia. Procesos y formas. Una historia del dise\u00f1o,<\/strong> David Barro construye una historia de Galicia a trav\u00e9s del dise\u00f1o y traza un recorrido por su pasado, presente y futuro.<\/p>\n<ul class=\"a-unordered-list a-nostyle a-vertical a-spacing-none detail-bullet-list\">\n<li>ISBN: 978-84-19555-07-6<\/li>\n<li>Medidas: 17 x 24 cm<\/li>\n<li>P\u00e1ginas: 292<\/li>\n<li>Encuadernaci\u00f3n: R\u00fastica<\/li>\n<li>Impresi\u00f3n interior: Color<\/li>\n<li>Edici\u00f3n: Experimenta Libros \/ D\u00eddac<\/li>\n<\/ul>\n","protected":false},"featured_media":61658,"comment_status":"open","ping_status":"closed","template":"","meta":[],"product_cat":[9897,9895,9892,9898,7313],"product_tag":[9806,9908,9888,9730,9873,9764,9859,9735,9638,9950,9591,9823,9903,9807,9707,9763,9951,9786],"jetpack_sharing_enabled":true,"_links":{"self":[{"href":"https:\/\/www.experimenta.es\/tienda\/wp-json\/wp\/v2\/product\/61656"}],"collection":[{"href":"https:\/\/www.experimenta.es\/tienda\/wp-json\/wp\/v2\/product"}],"about":[{"href":"https:\/\/www.experimenta.es\/tienda\/wp-json\/wp\/v2\/types\/product"}],"replies":[{"embeddable":true,"href":"https:\/\/www.experimenta.es\/tienda\/wp-json\/wp\/v2\/comments?post=61656"}],"wp:featuredmedia":[{"embeddable":true,"href":"https:\/\/www.experimenta.es\/tienda\/wp-json\/wp\/v2\/media\/61658"}],"wp:attachment":[{"href":"https:\/\/www.experimenta.es\/tienda\/wp-json\/wp\/v2\/media?parent=61656"}],"wp:term":[{"taxonomy":"product_cat","embeddable":true,"href":"https:\/\/www.experimenta.es\/tienda\/wp-json\/wp\/v2\/product_cat?post=61656"},{"taxonomy":"product_tag","embeddable":true,"href":"https:\/\/www.experimenta.es\/tienda\/wp-json\/wp\/v2\/product_tag?post=61656"}],"curies":[{"name":"wp","href":"https:\/\/api.w.org\/{rel}","templated":true}]}}

<p><em><strong>Galicia. Procesos y formas</strong></em>, es un proyecto editorial creado para la tercera edición de la Porto Design Biennale, con España (Galicia) como país invitado. Su autor, <strong>David Barro, construye una historia de Galicia a través del diseño y traza un recorrido por su pasado, presente y futuro.</strong></p>
<p><strong>Una primera parte nos introduce en cómo desde el diseño se ha conseguido construir un carácter diferencial e innovador, en el que destacan el papel de los oficios y las costumbres de la cultura popular y la artesanía</strong>, que aportan un valor añadido fundamentado en la construcción de un sistema de expresión propio y en la promoción de industrias capaces de fabricar objetos con origen. <strong>La segunda parte se asienta en las propuestas contraculturales de los comienzos de la democracia y en cómo el diseño se impone como disciplina profesional.</strong> <strong>Por último, la Galicia del futuro habla del impacto generado a partir de potenciar los recursos de su territorio y su condición atlántica.</strong></p>
<p><em><strong>Galicia. Procesos y formas</strong></em> es una co-edición de Experimenta Libros y Didac. Es un proyecto de la Porto Design Biennale que cuenta con el apoyo de la Xunta de Galicia y de la Consellería de Economía, Industria e Innovación a través del Programa de Deseño para a Innovación e a Sustentabilidade 2024 — DIFERENZA de la Axencia Galega de Innovación, en colaboración con la Fundación Artesanía de Galicia y la Fundación DIDAC.</p>
<p>&nbsp;</p>
<p><strong>Sobre el Autor</strong></p>
<p><strong>David Barro</strong> es comisario del país invitado de la Porto Design Biennale 2023, asesor en materia de diseño de la Axencia Galega de Innovación de la Xunta de Galicia, director de la Fundación DIDAC y comisario de exposiciones. Editor y fundador de la empresa de diseño Dardo, ha publicado numerosos libros de arte y diseño contemporáneo y ha sido director de la revista <em>DARDOmagazine</em>. Es miembro de la Cooperativa Performa, desde donde codirige <em>Plataforma</em>, el festival de artes performativas de Santiago de Compostela. Barro ha sido director gerente de la Fundación Luis Seoane y asesor de la Fundación Barrié, así como responsable de su colección de arte. También ha ejercido como director artístico de las tres primeras ediciones de <em>MadBlue</em>, el summit de desarrollo sostenible de Madrid, como crítico de El Cultural durante quince años y como director de la revista portuguesa <em>[W]art</em> (Editorial Mimesis), de la revista <em>Arte y parte</em> y de la revista <em>InteresArte</em> (Editorial Galaxia). Como comisario de exposiciones ha realizado más de un centenar de muestras de arte y diseño y ha sido director artístico de importantes eventos como el proyecto de arte, arquitectura y diseño <em>Look Up! Natural Porto Art Show</em> en Oporto o el Festival Internacional de Acción Artística Sostenible sos 4.8 en Murcia. Como docente es profesor del Máster en Estudios Avanzados de la Universidad de Salamanca, entre otros. Entre sus numerosos libros publicados destacan ensayos como Antes de <em>Ayer y pasado mañana o lo que puede ser pintura hoy o Drift. Miradas cruzadas entre diseño y arte contemporáneo.</em></p>

<p><span style="color: #ff0000;"><span style="color: #000000;">Autor:</span> David Barro<br />
</span></p>
<p><strong>En Galicia. Procesos y formas. Una historia del diseño,</strong> David Barro construye una historia de Galicia a través del diseño y traza un recorrido por su pasado, presente y futuro.</p>
<ul class="a-unordered-list a-nostyle a-vertical a-spacing-none detail-bullet-list">
<li>ISBN: 978-84-19555-07-6</li>
<li>Medidas: 17 x 24 cm</li>
<li>Páginas: 292</li>
<li>Encuadernación: Rústica</li>
<li>Impresión interior: Color</li>
<li>Edición: Experimenta Libros / Dídac</li>
</ul>
