{"id":61701,"date":"2023-12-26T16:25:56","date_gmt":"2023-12-26T15:25:56","guid":{"rendered":"https:\/\/www.experimenta.es\/tienda\/?post_type=product&#038;p=61701"},"modified":"2024-10-14T21:15:42","modified_gmt":"2024-10-14T19:15:42","slug":"revista-experimenta-97","status":"publish","type":"product","link":"https:\/\/www.experimenta.es\/tienda\/producto\/revista-experimenta-97\/","title":{"rendered":"Revista Experimenta 97"},"content":{"rendered":"<p>En ocasiones se entiende al dise\u00f1o y a la artesan\u00eda como un binomio integrado. Probablemente sea consecuencia de que en sus or\u00edgenes el dise\u00f1o utilizara materiales y m\u00e9todos de las viejas artes aplicadas. Sin embargo, hay aspecto que los diferencian sustancialmente.<\/p>\n<p>As\u00ed lo explica <strong>Eugenio Vega<\/strong> en su art\u00edculo<strong><i> La pr\u00e1ctica artesanal ante las insuficiencias del dise\u00f1o<\/i><\/strong> \u00abMientras que el dise\u00f1o es un asunto extra\u00f1o para la gente, la artesan\u00eda forma parte de la vida cotidiana, comprende actividades de una gran sencillez que se corresponden con tareas y funciones habituales del quehacer humano. Hacer una estanter\u00eda con cuatro tablas est\u00e1 al alcance de cualquiera. Pero, para fabricar y distribuir miles de estantes id\u00e9nticos hace falta algo m\u00e1s que destreza y buena voluntad: es necesaria una infraestructura industrial capaz de adaptarse a las metodolog\u00edas del dise\u00f1o\u00bb.<\/p>\n<p>Estamos asistiendo desde hace algunos a\u00f1os a la revalorizaci\u00f3n de la artesan\u00eda y a una nueva etapa de encuentro con el dise\u00f1o. M\u00faltiples factores han ayudado a que esto suceda: una mayor conciencia acerca de los da\u00f1os que produce el consumismo extremo; la utilizaci\u00f3n de materiales propios de una regi\u00f3n que se suma a la b\u00fasqueda de establecer procesos productivos basados en la proximidad; o la necesaria recuperaci\u00f3n del trabajo manual como forma de sellar una impronta humana a los productos; entre muchas otras razones.<\/p>\n<p>La artesan\u00eda contempor\u00e1nea ha evolucionado y no se asocia en la actualidad a objetos de baja calidad, ni instalados en un tiempo hist\u00f3rico que no nos es propio. Se hace fuerte en el rescate de t\u00e9cnicas hist\u00f3ricas, de herencias culturales s\u00f3lidas y en una mirada que se proyecta desde el presente al futuro incluso para crear nuevas categor\u00edas y formas, como las llamadas artesan\u00edas digitales.<\/p>\n<p><strong>Contenidos Generales<\/strong><\/p>\n<p>Este viaje de reencuentro entre la artesan\u00eda y el dise\u00f1o tiene cada vez m\u00e1s espacios de integraci\u00f3n. Ejemplos de esto son la <strong>Dutch Design Week<\/strong>, a la que <strong>Luj\u00e1n Cambariere<\/strong> nos presenta en un extenso art\u00edculo; o la <strong>Porto Design Biennale<\/strong>, a la que nos introducen <strong>Aitor Hern\u00e1ndez Marcos<\/strong> y <strong>David Barro<\/strong>. Dos de los \u2013felizmente\u2013 cada vez m\u00e1s habituales eventos que dan marco y continuidad al v\u00ednculo entre artesan\u00eda y dise\u00f1o, que proponemos como tema central para abrir juntos nuevos caminos y reflexionar sobre el impacto social, cultural y econ\u00f3mico de este binomio que goza de muy buena salud.<\/p>\n<p>Pero hay mucho m\u00e1s en este edici\u00f3n de Experimenta: conversamos con <strong>Rodrigo S\u00e1nchez<\/strong> acerca del lanzamiento de su libro <a href=\"https:\/\/www.experimenta.es\/tienda\/producto\/el-periodico-es-un-cruel-amante\/\"><strong><i>El peri\u00f3dico es un cruel amante<\/i><\/strong><\/a> y su destacada trayectoria profesional en el mundo de la gr\u00e1fica period\u00edstica y la revoluci\u00f3n <i>Metr\u00f3poli <\/i>como punto m\u00e1s destacado; <strong>Felipe Taborda<\/strong> nos trae el trabajo de <strong>T\u00e1til Design<\/strong> desde Brasil y la obra de <strong>Saki Mafundikwa<\/strong> desde Zimbabwe; <strong>Lucas L\u00f3pe<\/strong>z nos lleva a recorrer el particular museo <strong>Mr. Brainwash<\/strong> en Los Angeles; y <strong>Wustavo Quiroga<\/strong> nos habla de <em><strong>Fabricar Futuro<\/strong><\/em>, un libro que rescata la sinergia material entre dise\u00f1o y producci\u00f3n industrial en Argentina a trav\u00e9s de marcas ic\u00f3nicas de los a\u00f1os de 1960 y 1970, luego recuperadas a comienzos de este siglo.<\/p>\n<p>Artesan\u00eda y dise\u00f1o. Pr\u00e1cticas para la interacci\u00f3n social es la propuesta de esta edici\u00f3n de Experimenta para que hablemos de esencias y de valores. <strong>Para aprehender los paradigmas culturales de las tradiciones de un lugar, no tanto con la intenci\u00f3n de replicar lo logrado, sino buscando renovar las formas ancestrales para proyectarlas en el presente y el futuro de la industria, del arte y del dise\u00f1o.<\/strong><\/p>\n<p><strong>\u00a1Bienvenidos a Experimenta 97!<\/strong><\/p>\n","protected":false},"excerpt":{"rendered":"<p><b>Artesan\u00eda y Dise\u00f1o. <\/b>Pr\u00e1cticas para la interacci\u00f3n social.<\/p>\n<p>Estamos asistiendo desde hace algunos a\u00f1os a la revalorizaci\u00f3n de la artesan\u00eda y a una nueva etapa de encuentro con el dise\u00f1o.<\/p>\n<p>\u00abArtesan\u00eda y dise\u00f1o. Pr\u00e1cticas para la interacci\u00f3n social\u00bb es la propuesta de esta edici\u00f3n de Experimenta en la que proponemos <strong>hablar de lenguaje, de oficio, de memoria, de identidad y de diferencia<\/strong>; en definitiva, de objetos \u00fanicos, distintos o reconocibles. Para aprehender los paradigmas culturales de las tradiciones de un lugar, no tanto con la intenci\u00f3n de replicar lo logrado, sino buscando renovar las formas ancestrales para proyectarlas en el presente y el futuro de la industria, del arte y del dise\u00f1o.<\/p>\n<div class=\"page\" title=\"Page 4\">\n<div class=\"layoutArea\">\n<div class=\"column\">\n<p>\u00b7 Edici\u00f3n: Oto\u00f1o \/ Invierno 2023<br \/>\n\u00b7 ISBN: 978-84-19555-09-0<br \/>\n\u00b7 Medidas: 23 x 26,5 cm<br \/>\n\u00b7 P\u00e1ginas: 136<\/p>\n<\/div>\n<\/div>\n<\/div>\n","protected":false},"featured_media":61704,"comment_status":"open","ping_status":"closed","template":"","meta":[],"product_cat":[7311],"product_tag":[9713,9888,9732,9730,9735,9638,9591,9903,9777,9766,9748,9770,9707,9708,9714,9762,9778],"jetpack_sharing_enabled":true,"_links":{"self":[{"href":"https:\/\/www.experimenta.es\/tienda\/wp-json\/wp\/v2\/product\/61701"}],"collection":[{"href":"https:\/\/www.experimenta.es\/tienda\/wp-json\/wp\/v2\/product"}],"about":[{"href":"https:\/\/www.experimenta.es\/tienda\/wp-json\/wp\/v2\/types\/product"}],"replies":[{"embeddable":true,"href":"https:\/\/www.experimenta.es\/tienda\/wp-json\/wp\/v2\/comments?post=61701"}],"wp:featuredmedia":[{"embeddable":true,"href":"https:\/\/www.experimenta.es\/tienda\/wp-json\/wp\/v2\/media\/61704"}],"wp:attachment":[{"href":"https:\/\/www.experimenta.es\/tienda\/wp-json\/wp\/v2\/media?parent=61701"}],"wp:term":[{"taxonomy":"product_cat","embeddable":true,"href":"https:\/\/www.experimenta.es\/tienda\/wp-json\/wp\/v2\/product_cat?post=61701"},{"taxonomy":"product_tag","embeddable":true,"href":"https:\/\/www.experimenta.es\/tienda\/wp-json\/wp\/v2\/product_tag?post=61701"}],"curies":[{"name":"wp","href":"https:\/\/api.w.org\/{rel}","templated":true}]}}

<p>En ocasiones se entiende al diseño y a la artesanía como un binomio integrado. Probablemente sea consecuencia de que en sus orígenes el diseño utilizara materiales y métodos de las viejas artes aplicadas. Sin embargo, hay aspecto que los diferencian sustancialmente.</p>
<p>Así lo explica <strong>Eugenio Vega</strong> en su artículo<strong><i> La práctica artesanal ante las insuficiencias del diseño</i></strong> «Mientras que el diseño es un asunto extraño para la gente, la artesanía forma parte de la vida cotidiana, comprende actividades de una gran sencillez que se corresponden con tareas y funciones habituales del quehacer humano. Hacer una estantería con cuatro tablas está al alcance de cualquiera. Pero, para fabricar y distribuir miles de estantes idénticos hace falta algo más que destreza y buena voluntad: es necesaria una infraestructura industrial capaz de adaptarse a las metodologías del diseño».</p>
<p>Estamos asistiendo desde hace algunos años a la revalorización de la artesanía y a una nueva etapa de encuentro con el diseño. Múltiples factores han ayudado a que esto suceda: una mayor conciencia acerca de los daños que produce el consumismo extremo; la utilización de materiales propios de una región que se suma a la búsqueda de establecer procesos productivos basados en la proximidad; o la necesaria recuperación del trabajo manual como forma de sellar una impronta humana a los productos; entre muchas otras razones.</p>
<p>La artesanía contemporánea ha evolucionado y no se asocia en la actualidad a objetos de baja calidad, ni instalados en un tiempo histórico que no nos es propio. Se hace fuerte en el rescate de técnicas históricas, de herencias culturales sólidas y en una mirada que se proyecta desde el presente al futuro incluso para crear nuevas categorías y formas, como las llamadas artesanías digitales.</p>
<p><strong>Contenidos Generales</strong></p>
<p>Este viaje de reencuentro entre la artesanía y el diseño tiene cada vez más espacios de integración. Ejemplos de esto son la <strong>Dutch Design Week</strong>, a la que <strong>Luján Cambariere</strong> nos presenta en un extenso artículo; o la <strong>Porto Design Biennale</strong>, a la que nos introducen <strong>Aitor Hernández Marcos</strong> y <strong>David Barro</strong>. Dos de los –felizmente– cada vez más habituales eventos que dan marco y continuidad al vínculo entre artesanía y diseño, que proponemos como tema central para abrir juntos nuevos caminos y reflexionar sobre el impacto social, cultural y económico de este binomio que goza de muy buena salud.</p>
<p>Pero hay mucho más en este edición de Experimenta: conversamos con <strong>Rodrigo Sánchez</strong> acerca del lanzamiento de su libro <a href="https://www.experimenta.es/tienda/producto/el-periodico-es-un-cruel-amante/"><strong><i>El periódico es un cruel amante</i></strong></a> y su destacada trayectoria profesional en el mundo de la gráfica periodística y la revolución <i>Metrópoli </i>como punto más destacado; <strong>Felipe Taborda</strong> nos trae el trabajo de <strong>Tátil Design</strong> desde Brasil y la obra de <strong>Saki Mafundikwa</strong> desde Zimbabwe; <strong>Lucas Lópe</strong>z nos lleva a recorrer el particular museo <strong>Mr. Brainwash</strong> en Los Angeles; y <strong>Wustavo Quiroga</strong> nos habla de <em><strong>Fabricar Futuro</strong></em>, un libro que rescata la sinergia material entre diseño y producción industrial en Argentina a través de marcas icónicas de los años de 1960 y 1970, luego recuperadas a comienzos de este siglo.</p>
<p>Artesanía y diseño. Prácticas para la interacción social es la propuesta de esta edición de Experimenta para que hablemos de esencias y de valores. <strong>Para aprehender los paradigmas culturales de las tradiciones de un lugar, no tanto con la intención de replicar lo logrado, sino buscando renovar las formas ancestrales para proyectarlas en el presente y el futuro de la industria, del arte y del diseño.</strong></p>
<p><strong>¡Bienvenidos a Experimenta 97!</strong></p>

<p><b>Artesanía y Diseño. </b>Prácticas para la interacción social.</p>
<p>Estamos asistiendo desde hace algunos años a la revalorización de la artesanía y a una nueva etapa de encuentro con el diseño.</p>
<p>«Artesanía y diseño. Prácticas para la interacción social» es la propuesta de esta edición de Experimenta en la que proponemos <strong>hablar de lenguaje, de oficio, de memoria, de identidad y de diferencia</strong>; en definitiva, de objetos únicos, distintos o reconocibles. Para aprehender los paradigmas culturales de las tradiciones de un lugar, no tanto con la intención de replicar lo logrado, sino buscando renovar las formas ancestrales para proyectarlas en el presente y el futuro de la industria, del arte y del diseño.</p>
<div class="page" title="Page 4">
<div class="layoutArea">
<div class="column">
<p>· Edición: Otoño / Invierno 2023<br />
· ISBN: 978-84-19555-09-0<br />
· Medidas: 23 x 26,5 cm<br />
· Páginas: 136</p>
</div>
</div>
</div>
