{"id":62171,"date":"2024-09-02T17:04:55","date_gmt":"2024-09-02T15:04:55","guid":{"rendered":"https:\/\/www.experimenta.es\/tienda\/?post_type=product&#038;p=62171"},"modified":"2025-06-11T20:07:46","modified_gmt":"2025-06-11T18:07:46","slug":"the-book-by-carlos-rolando-designer","status":"publish","type":"product","link":"https:\/\/www.experimenta.es\/tienda\/producto\/the-book-by-carlos-rolando-designer\/","title":{"rendered":"The book by Carlos Rolando = Designer"},"content":{"rendered":"<h3><em>\u00abYo creo en el dise\u00f1o y en Paul Rand, su profeta\u00bb. \u2013 <\/em>Carlos Rolando.<\/h3>\n<h3><\/h3>\n<h3>Sobre Carlos Rolando<\/h3>\n<p>Rosario, Buenos Aires, Zurich, Ulm, Madrid, Frankfurt, Par\u00eds, Mil\u00e1n, Barcelona\u2026 la vida de Carlos Rolando podr\u00eda resumirse en un gran viaje, con una familia a cuestas a medida que la vida avanzaba y buscando un destino que, a priori, parec\u00eda llevarlo en direcciones equ\u00edvocas. T\u00e9cnico electr\u00f3nico o perito mercantil \u2013por recomendaci\u00f3n familiar\u2013, estudiante de derecho por descarte en un fallo de su propio sistema, o finalmente un aspirante a arquitecto que, casi por casualidad, descubre su verdadera vocaci\u00f3n \u2013el dise\u00f1o gr\u00e1fico\u2013 y entonces s\u00ed, a partir de ese momento, el viaje tendr\u00eda una direcci\u00f3n firme.<br \/>\nAcenor, Aenor, Arco, Bocatta, Camper, C\u00edrculo de Lectores, Danone, Dodotis, Eroski, Evax, Expo de Sevilla, Fagor, Ifema, Marem\u00e1gnum, Pegaso, Roca, Royal&#8230; todas estas marcas est\u00e1n dibujadas en nuestra memoria y de ello tiene buena parte de culpa Carlos Rolando (1933-2016), que destac\u00f3 en todas las especialidades de la comunicaci\u00f3n gr\u00e1fica. Forma parte de una generaci\u00f3n irrepetible de dise\u00f1adores argentinos que le han dado impulso al dise\u00f1o espa\u00f1ol.<\/p>\n<h3>Contenido<\/h3>\n<p>Adem\u00e1s de las <strong>m\u00e1s de 800 im\u00e1genes<\/strong> y la narraci\u00f3n en primera persona de Carlos Rolando sobre su trabajo y experiencia, esta obra incluye <strong>pr\u00f3logo de Ram\u00f3n \u00dabeda, ep\u00edlogo de Luis Bassat<\/strong>, y textos de Juli Capella, Jean A.Coyne, Pepe Cruz Novillo Jr, Daniel Fern\u00e1ndez, Gabriella Galarraga, Daniel Giralt-Miracle, Joaquin Lorente, Luis Morillas, Llu\u00eds Mor\u00f3n, Javier de las Muelas, Wustavo Quiroga, David Ruiz, Toni Segarra, Oscar Tusquets, Manolo Vila del Olmo y Pilar V\u00e9lez.<\/p>\n<p><em>\u00abLa creatividad tiene mucho que ver con el est\u00f3mago. Lo saben muy bien nuestros mayores, los de aqu\u00ed y los que, como Rolando, llegaron<\/em><br \/>\n<em>desde tan lejos con ganas de comerse el mundo.\u00bb<\/em><br \/>\n<strong>Ram\u00f3n \u00dabeda<\/strong><br \/>\nDirector de arte, grafista, dise\u00f1ador de producto, art director, escritor. Premio Nacional de Innovaci\u00f3n y Dise\u00f1o 2021.<\/p>\n<p><em>\u00abQuerido lector, este libro que est\u00e1s acabando de leer, que entra por los ojos y llega hasta el fondo de tu cerebro \u2014donde est\u00e1n la raz\u00f3n y tambi\u00e9n las emociones\u2014, es una obra de arte, del arte de la comunicaci\u00f3n gr\u00e1fica de los \u00faltimos cincuenta a\u00f1os, el periodo m\u00e1s importante de la historia de la comunicaci\u00f3n humana.\u00bb<\/em><br \/>\n<strong>Luis Bassat<\/strong><br \/>\nPublicista y Fundador de Bassat Ogilvy.<\/p>\n<p><em>\u00abCarlos analizaba el mundo desde su malsana curiosidad como solo un dise\u00f1ador podr\u00eda hacerlo. Conceptualizar, sintetizar, construir. Y hacer comprender.\u00bb<\/em><br \/>\n<strong>Toni Segarra<\/strong><br \/>\nPublicista.<\/p>\n<p><em>\u00abUn profesional como la copa de un pino y amigo de sus amigos, y prueba de ello es su frase: \u00abLa vida es aquello que ocurre entre las comidas\u00bb. Y es que un genio lo es en todos los \u00e1mbitos de la vida. Personalmente, lo disfrut\u00e9.\u00bb<\/em><br \/>\n<strong>Luis Morillas<\/strong><br \/>\nPresidente Morillas Consultants.<\/p>\n","protected":false},"excerpt":{"rendered":"<p><span style=\"color: #ff0000;\"><span style=\"color: #000000;\">Autores:<\/span> Carlos Rolando, Maya Rolando y Wustavo Quiroga<\/span><\/p>\n<p><strong>Un libro enorme, por tama\u00f1o y contenido, una edici\u00f3n biling\u00fce (espa\u00f1ol-ingl\u00e9s) de 440 p\u00e1ginas y m\u00e1s de 800 im\u00e1genes, por el que sin duda alguna har\u00e1s espacio en tu biblioteca.<\/strong><\/p>\n<ul>\n<li><strong>Dos opciones muy cuidadas<\/strong>, la Edici\u00f3n Especial Limitada en tapa dura o la\u00a0edici\u00f3n en tapa blanda, impresi\u00f3n inkjet de alta calidad sobre papel\u00a0Pergraphica Classic Rough de 120 grs y encuadernaci\u00f3n cosida.<\/li>\n<li>Podr\u00e1s obtenerlos a <strong>un precio irrepetible<\/strong> s\u00f3lo en esta preventa.\n<ul>\n<li><strong>Preventa Madrugadores hasta el 25 de septiembre. Tapa dura: 60\u20ac &#8211; Tapa Blanda: 50\u20ac<\/strong><\/li>\n<li><strong>Preventa Noct\u00e1mbulos del 26\/9 hasta el 6\/10. Tapa dura: 80\u20ac &#8211; Tapa Blanda: 60\u20ac<\/strong><\/li>\n<li><strong>A partir del 7\/10: PVP Tapa dura: 100\u20ac. PVP Tapa blanda: 80\u20ac.<\/strong><\/li>\n<\/ul>\n<\/li>\n<li><strong>Env\u00edo gratuito para Espa\u00f1a peninsular.<\/strong><\/li>\n<li>Los env\u00edos se realizar\u00e1n <strong>a partir del 14 de octubre.<\/strong><\/li>\n<\/ul>\n<p><strong>Un libro fuera de serie, creativo y \u00fanico, como su autor.\u00a0<\/strong><br \/>\nNacido como una bit\u00e1cora personal en la que relata en primera persona los secretos y decisiones creativas de cada proyecto,\u00a0<strong>The Book<\/strong> es el testimonio de la vida, obra y trayectoria de <strong>Carlos Rolando<\/strong>, el dise\u00f1ador que ha dado cuerpo, alma y voz a un incontable n\u00famero de marcas emblem\u00e1ticas y a las que ha convertido en referentes hasta el d\u00eda de hoy.<\/p>\n<p>Una bit\u00e1cora\u00a0inconclusa que antes de su muerte deja como legado a su hija Maya\u00a0quien, junto a Wustavo Quiroga, le da\u00a0forma definitiva.<\/p>\n<p><strong>M\u00e1s informaci\u00f3n sobre el libro y esta preventa &gt;&gt; <a href=\"https:\/\/mailchi.mp\/experimenta\/thebookbycarlosrolandodesigner\">Aqu\u00ed<\/a><\/strong><\/p>\n<p>\u00b7 ISBN tapa dura: 978-84-19555-24-3 \u00a0&#8211; ISBN tapa blanda: 978-84-19555-20-5<br \/>\n\u00b7 Medidas: 23 x 30 x 4 cm<br \/>\n\u00b7 P\u00e1ginas: 440<br \/>\n\u00b7 Encuadernaci\u00f3n: tapa dura y R\u00fastica<br \/>\n\u00b7 Impresi\u00f3n interior: color<br \/>\n\u00b7 Edici\u00f3n: 2024<\/p>\n","protected":false},"featured_media":62179,"comment_status":"open","ping_status":"closed","template":"","meta":[],"product_cat":[9897,9892,9715,7313],"product_tag":[9764,9859,9591,9641,9707,9763,9762,9765],"jetpack_sharing_enabled":true,"_links":{"self":[{"href":"https:\/\/www.experimenta.es\/tienda\/wp-json\/wp\/v2\/product\/62171"}],"collection":[{"href":"https:\/\/www.experimenta.es\/tienda\/wp-json\/wp\/v2\/product"}],"about":[{"href":"https:\/\/www.experimenta.es\/tienda\/wp-json\/wp\/v2\/types\/product"}],"replies":[{"embeddable":true,"href":"https:\/\/www.experimenta.es\/tienda\/wp-json\/wp\/v2\/comments?post=62171"}],"wp:featuredmedia":[{"embeddable":true,"href":"https:\/\/www.experimenta.es\/tienda\/wp-json\/wp\/v2\/media\/62179"}],"wp:attachment":[{"href":"https:\/\/www.experimenta.es\/tienda\/wp-json\/wp\/v2\/media?parent=62171"}],"wp:term":[{"taxonomy":"product_cat","embeddable":true,"href":"https:\/\/www.experimenta.es\/tienda\/wp-json\/wp\/v2\/product_cat?post=62171"},{"taxonomy":"product_tag","embeddable":true,"href":"https:\/\/www.experimenta.es\/tienda\/wp-json\/wp\/v2\/product_tag?post=62171"}],"curies":[{"name":"wp","href":"https:\/\/api.w.org\/{rel}","templated":true}]}}

<h3><em>«Yo creo en el diseño y en Paul Rand, su profeta». – </em>Carlos Rolando.</h3>
<h3></h3>
<h3>Sobre Carlos Rolando</h3>
<p>Rosario, Buenos Aires, Zurich, Ulm, Madrid, Frankfurt, París, Milán, Barcelona… la vida de Carlos Rolando podría resumirse en un gran viaje, con una familia a cuestas a medida que la vida avanzaba y buscando un destino que, a priori, parecía llevarlo en direcciones equívocas. Técnico electrónico o perito mercantil –por recomendación familiar–, estudiante de derecho por descarte en un fallo de su propio sistema, o finalmente un aspirante a arquitecto que, casi por casualidad, descubre su verdadera vocación –el diseño gráfico– y entonces sí, a partir de ese momento, el viaje tendría una dirección firme.<br />
Acenor, Aenor, Arco, Bocatta, Camper, Círculo de Lectores, Danone, Dodotis, Eroski, Evax, Expo de Sevilla, Fagor, Ifema, Maremágnum, Pegaso, Roca, Royal&#8230; todas estas marcas están dibujadas en nuestra memoria y de ello tiene buena parte de culpa Carlos Rolando (1933-2016), que destacó en todas las especialidades de la comunicación gráfica. Forma parte de una generación irrepetible de diseñadores argentinos que le han dado impulso al diseño español.</p>
<h3>Contenido</h3>
<p>Además de las <strong>más de 800 imágenes</strong> y la narración en primera persona de Carlos Rolando sobre su trabajo y experiencia, esta obra incluye <strong>prólogo de Ramón Úbeda, epílogo de Luis Bassat</strong>, y textos de Juli Capella, Jean A.Coyne, Pepe Cruz Novillo Jr, Daniel Fernández, Gabriella Galarraga, Daniel Giralt-Miracle, Joaquin Lorente, Luis Morillas, Lluís Morón, Javier de las Muelas, Wustavo Quiroga, David Ruiz, Toni Segarra, Oscar Tusquets, Manolo Vila del Olmo y Pilar Vélez.</p>
<p><em>«La creatividad tiene mucho que ver con el estómago. Lo saben muy bien nuestros mayores, los de aquí y los que, como Rolando, llegaron</em><br />
<em>desde tan lejos con ganas de comerse el mundo.»</em><br />
<strong>Ramón Úbeda</strong><br />
Director de arte, grafista, diseñador de producto, art director, escritor. Premio Nacional de Innovación y Diseño 2021.</p>
<p><em>«Querido lector, este libro que estás acabando de leer, que entra por los ojos y llega hasta el fondo de tu cerebro —donde están la razón y también las emociones—, es una obra de arte, del arte de la comunicación gráfica de los últimos cincuenta años, el periodo más importante de la historia de la comunicación humana.»</em><br />
<strong>Luis Bassat</strong><br />
Publicista y Fundador de Bassat Ogilvy.</p>
<p><em>«Carlos analizaba el mundo desde su malsana curiosidad como solo un diseñador podría hacerlo. Conceptualizar, sintetizar, construir. Y hacer comprender.»</em><br />
<strong>Toni Segarra</strong><br />
Publicista.</p>
<p><em>«Un profesional como la copa de un pino y amigo de sus amigos, y prueba de ello es su frase: «La vida es aquello que ocurre entre las comidas». Y es que un genio lo es en todos los ámbitos de la vida. Personalmente, lo disfruté.»</em><br />
<strong>Luis Morillas</strong><br />
Presidente Morillas Consultants.</p>

<p><span style="color: #ff0000;"><span style="color: #000000;">Autores:</span> Carlos Rolando, Maya Rolando y Wustavo Quiroga</span></p>
<p><strong>Un libro enorme, por tamaño y contenido, una edición bilingüe (español-inglés) de 440 páginas y más de 800 imágenes, por el que sin duda alguna harás espacio en tu biblioteca.</strong></p>
<ul>
<li><strong>Dos opciones muy cuidadas</strong>, la Edición Especial Limitada en tapa dura o la edición en tapa blanda, impresión inkjet de alta calidad sobre papel Pergraphica Classic Rough de 120 grs y encuadernación cosida.</li>
<li>Podrás obtenerlos a <strong>un precio irrepetible</strong> sólo en esta preventa.
<ul>
<li><strong>Preventa Madrugadores hasta el 25 de septiembre. Tapa dura: 60€ &#8211; Tapa Blanda: 50€</strong></li>
<li><strong>Preventa Noctámbulos del 26/9 hasta el 6/10. Tapa dura: 80€ &#8211; Tapa Blanda: 60€</strong></li>
<li><strong>A partir del 7/10: PVP Tapa dura: 100€. PVP Tapa blanda: 80€.</strong></li>
</ul>
</li>
<li><strong>Envío gratuito para España peninsular.</strong></li>
<li>Los envíos se realizarán <strong>a partir del 14 de octubre.</strong></li>
</ul>
<p><strong>Un libro fuera de serie, creativo y único, como su autor. </strong><br />
Nacido como una bitácora personal en la que relata en primera persona los secretos y decisiones creativas de cada proyecto, <strong>The Book</strong> es el testimonio de la vida, obra y trayectoria de <strong>Carlos Rolando</strong>, el diseñador que ha dado cuerpo, alma y voz a un incontable número de marcas emblemáticas y a las que ha convertido en referentes hasta el día de hoy.</p>
<p>Una bitácora inconclusa que antes de su muerte deja como legado a su hija Maya quien, junto a Wustavo Quiroga, le da forma definitiva.</p>
<p><strong>Más información sobre el libro y esta preventa &gt;&gt; <a href="https://mailchi.mp/experimenta/thebookbycarlosrolandodesigner">Aquí</a></strong></p>
<p>· ISBN tapa dura: 978-84-19555-24-3  &#8211; ISBN tapa blanda: 978-84-19555-20-5<br />
· Medidas: 23 x 30 x 4 cm<br />
· Páginas: 440<br />
· Encuadernación: tapa dura y Rústica<br />
· Impresión interior: color<br />
· Edición: 2024</p>
