{"id":62403,"date":"2024-10-07T21:22:15","date_gmt":"2024-10-07T19:22:15","guid":{"rendered":"https:\/\/www.experimenta.es\/tienda\/?post_type=product&#038;p=62403"},"modified":"2026-01-21T12:37:35","modified_gmt":"2026-01-21T11:37:35","slug":"brusselaxation","status":"publish","type":"product","link":"https:\/\/www.experimenta.es\/tienda\/producto\/brusselaxation\/","title":{"rendered":"Brusselaxation"},"content":{"rendered":"<div>\n<p>En el coraz\u00f3n de Bruselas, una ciudad tan magn\u00edfica como bulliciosa, nos encontramos a veces atrapados en el torbellino de la existencia urbana. El coro de bocinas, los ritmos de nuestras vidas sociales y las exigencias de nuestras actividades profesionales conspiran para desalojarnos del santuario de nuestro yo interior, dejando a veces a su paso una mezcolanza de inquietud y ansiedad. Es precisamente para esos momentos en los que este libro encuentra su raz\u00f3n de ser. Dentro de estas p\u00e1ginas se encuentra un refugio tranquilo, una invitaci\u00f3n a participar en el antiguo arte de colorear mandalas, imbuidos con la esencia de las reliquias m\u00e1s ic\u00f3nicas de Bruselas. La selecci\u00f3n de estos elementos se desarrolla en orden alfab\u00e9tico, armonizando algunos de los idiomas presentes en Bruselas. Adem\u00e1s, con cada representaci\u00f3n, se puede encontrar un peque\u00f1o poema creado para rendir homenaje a dichas entidades.<\/p>\n<p>In the heart of Brussels, a city both magnificent and bustling, we find ourselves ensnared at times in the whirl of urban existence. The chorus of car horns, the rhythms of our social lives, and the demands of our professional pursuits conspire to dislodge us from the sanctuary of our inner selves, leaving in their wake an unsettling m\u00e9lange of restlessness and anxiety. It is precisely for such moments of disconnection that this book finds its raison d&#8217;\u00eatre. Within these pages lies a tranquil refuge, an invitation to partake in the ancient art of coloring mandalas, imbued with the essence of Brussels&#8217; most iconic relics. The selection of those elements unfolds in alphabetical order, harmonizing some of the languages present in Brussels. Also, you can find with every representation a small poem crafted to render homage to such entities.<\/p>\n<\/div>\n<p>&nbsp;<\/p>\n<p><span class=\"Apple-converted-space\">SOBRE EL AUTOR \/ ABOUT THE AUTHOR<br \/>\n<\/span><\/p>\n<p><strong>Samuel L\u00f3pez-Lago<\/strong> es funcionario de la Comisi\u00f3n Europea. Tambi\u00e9n ejerce como speaker y asesor en UNESCO Body and Mind Wellness. \u00c1vido meditador con +10 a\u00f1os de pr\u00e1ctica, tiene una Master en Mindfulness por la Universidad Isabel I y est\u00e1 certificado como Master en Meditaci\u00f3n &#8211; Profesor de Meditaci\u00f3n CMT-500 por Meditation Alliance International.<\/p>\n","protected":false},"excerpt":{"rendered":"<p><strong>Brusselaxation.<br \/>\n<\/strong>Un libro de poes\u00eda \/ mandala inspirado en los iconos clave de Bruselas. (Biling\u00fce, ingl\u00e9s &#8211; espa\u00f1ol)<br \/>\nA poetry \/ mandala book inspired by the key icons of Brussels. (Bilingual, English &#8211; Spanish)<\/p>\n<p><span style=\"color: #ff0000;\"><span style=\"color: #000000;\">Autor:<\/span> Samuel L\u00f3pez-Lago<\/span><\/p>\n<div id=\":jd\" class=\"Ar Au Ao\">\n<div id=\":j9\" class=\"Am Al editable LW-avf tS-tW tS-tY\" tabindex=\"1\" role=\"textbox\" contenteditable=\"true\" spellcheck=\"false\" aria-label=\"Cuerpo del mensaje\" aria-multiline=\"true\">\n<p>Dentro de estas p\u00e1ginas se encuentra un refugio tranquilo, una invitaci\u00f3n a participar en el antiguo arte de colorear mandalas, imbuidos con la esencia de las reliquias m\u00e1s ic\u00f3nicas de Bruselas.<\/p>\n<p>Within these pages lies a tranquil refuge, an invitation to partake in the ancient art of coloring mandalas, imbued with the essence of Brussels&#8217; most iconic relics.<\/p>\n<p>&nbsp;<\/p>\n<\/div>\n<\/div>\n<ul class=\"a-unordered-list a-nostyle a-vertical a-spacing-none detail-bullet-list\">\n<li>ISBN: 978-84-19555-19-9<\/li>\n<li>Medidas: 19 x 28 cm<\/li>\n<li>P\u00e1ginas: 29<\/li>\n<li>Encuadernaci\u00f3n: Wire-O<\/li>\n<li>Impresi\u00f3n interior: negro<\/li>\n<li>Edici\u00f3n Experimenta Libros<\/li>\n<\/ul>\n","protected":false},"featured_media":62404,"comment_status":"open","ping_status":"closed","template":"","meta":[],"product_cat":[9892,9898,9715,7313],"product_tag":[9885,9859,9641,9770,9714,9786,9746,9778],"jetpack_sharing_enabled":true,"_links":{"self":[{"href":"https:\/\/www.experimenta.es\/tienda\/wp-json\/wp\/v2\/product\/62403"}],"collection":[{"href":"https:\/\/www.experimenta.es\/tienda\/wp-json\/wp\/v2\/product"}],"about":[{"href":"https:\/\/www.experimenta.es\/tienda\/wp-json\/wp\/v2\/types\/product"}],"replies":[{"embeddable":true,"href":"https:\/\/www.experimenta.es\/tienda\/wp-json\/wp\/v2\/comments?post=62403"}],"wp:featuredmedia":[{"embeddable":true,"href":"https:\/\/www.experimenta.es\/tienda\/wp-json\/wp\/v2\/media\/62404"}],"wp:attachment":[{"href":"https:\/\/www.experimenta.es\/tienda\/wp-json\/wp\/v2\/media?parent=62403"}],"wp:term":[{"taxonomy":"product_cat","embeddable":true,"href":"https:\/\/www.experimenta.es\/tienda\/wp-json\/wp\/v2\/product_cat?post=62403"},{"taxonomy":"product_tag","embeddable":true,"href":"https:\/\/www.experimenta.es\/tienda\/wp-json\/wp\/v2\/product_tag?post=62403"}],"curies":[{"name":"wp","href":"https:\/\/api.w.org\/{rel}","templated":true}]}}

<div>
<p>En el corazón de Bruselas, una ciudad tan magnífica como bulliciosa, nos encontramos a veces atrapados en el torbellino de la existencia urbana. El coro de bocinas, los ritmos de nuestras vidas sociales y las exigencias de nuestras actividades profesionales conspiran para desalojarnos del santuario de nuestro yo interior, dejando a veces a su paso una mezcolanza de inquietud y ansiedad. Es precisamente para esos momentos en los que este libro encuentra su razón de ser. Dentro de estas páginas se encuentra un refugio tranquilo, una invitación a participar en el antiguo arte de colorear mandalas, imbuidos con la esencia de las reliquias más icónicas de Bruselas. La selección de estos elementos se desarrolla en orden alfabético, armonizando algunos de los idiomas presentes en Bruselas. Además, con cada representación, se puede encontrar un pequeño poema creado para rendir homenaje a dichas entidades.</p>
<p>In the heart of Brussels, a city both magnificent and bustling, we find ourselves ensnared at times in the whirl of urban existence. The chorus of car horns, the rhythms of our social lives, and the demands of our professional pursuits conspire to dislodge us from the sanctuary of our inner selves, leaving in their wake an unsettling mélange of restlessness and anxiety. It is precisely for such moments of disconnection that this book finds its raison d&#8217;être. Within these pages lies a tranquil refuge, an invitation to partake in the ancient art of coloring mandalas, imbued with the essence of Brussels&#8217; most iconic relics. The selection of those elements unfolds in alphabetical order, harmonizing some of the languages present in Brussels. Also, you can find with every representation a small poem crafted to render homage to such entities.</p>
</div>
<p>&nbsp;</p>
<p><span class="Apple-converted-space">SOBRE EL AUTOR / ABOUT THE AUTHOR<br />
</span></p>
<p><strong>Samuel López-Lago</strong> es funcionario de la Comisión Europea. También ejerce como speaker y asesor en UNESCO Body and Mind Wellness. Ávido meditador con +10 años de práctica, tiene una Master en Mindfulness por la Universidad Isabel I y está certificado como Master en Meditación &#8211; Profesor de Meditación CMT-500 por Meditation Alliance International.</p>

<p><strong>Brusselaxation.<br />
</strong>Un libro de poesía / mandala inspirado en los iconos clave de Bruselas. (Bilingüe, inglés &#8211; español)<br />
A poetry / mandala book inspired by the key icons of Brussels. (Bilingual, English &#8211; Spanish)</p>
<p><span style="color: #ff0000;"><span style="color: #000000;">Autor:</span> Samuel López-Lago</span></p>
<div id=":jd" class="Ar Au Ao">
<div id=":j9" class="Am Al editable LW-avf tS-tW tS-tY" tabindex="1" role="textbox" contenteditable="true" spellcheck="false" aria-label="Cuerpo del mensaje" aria-multiline="true">
<p>Dentro de estas páginas se encuentra un refugio tranquilo, una invitación a participar en el antiguo arte de colorear mandalas, imbuidos con la esencia de las reliquias más icónicas de Bruselas.</p>
<p>Within these pages lies a tranquil refuge, an invitation to partake in the ancient art of coloring mandalas, imbued with the essence of Brussels&#8217; most iconic relics.</p>
<p>&nbsp;</p>
</div>
</div>
<ul class="a-unordered-list a-nostyle a-vertical a-spacing-none detail-bullet-list">
<li>ISBN: 978-84-19555-19-9</li>
<li>Medidas: 19 x 28 cm</li>
<li>Páginas: 29</li>
<li>Encuadernación: Wire-O</li>
<li>Impresión interior: negro</li>
<li>Edición Experimenta Libros</li>
</ul>
