{"id":62831,"date":"2025-04-24T17:13:55","date_gmt":"2025-04-24T15:13:55","guid":{"rendered":"https:\/\/www.experimenta.es\/tienda\/?post_type=product&#038;p=62831"},"modified":"2025-06-20T17:46:24","modified_gmt":"2025-06-20T15:46:24","slug":"sillario","status":"publish","type":"product","link":"https:\/\/www.experimenta.es\/tienda\/producto\/sillario\/","title":{"rendered":"Sillario"},"content":{"rendered":"<p>Ricardo Blanco (1940\u20132017) fue un influyente arquitecto, dise\u00f1ador y educador argentino, con un legado que abarca desde el dise\u00f1o de mobiliario emblem\u00e1tico \u2014como el de la Biblioteca Nacional de Buenos Aires\u2014 hasta una destacada labor docente y editorial. Durante la organizaci\u00f3n de la exposici\u00f3n Emociones Binarias en el Museo de Arte Moderno, Blanco entreg\u00f3 a Fabi\u00e1n Carreras Sillario un peque\u00f1o diccionario sobre sillas para que lo ilustrara. El texto, una mezcla entre juego ling\u00fc\u00edstico y experimento conceptual, combinaba la ra\u00edz \u00absilla\u00bb con prefijos y sufijos para crear t\u00e9rminos nuevos, cargados de humor y sentido cr\u00edtico.<\/p>\n<p>Ese material, parte de los archivos de docencia en la FADU, dialoga con otros trabajos del autor, como Sillopat\u00eda y Dise\u00f1o Otro, donde la silla se convierte en excusa para explorar lo proyectual desde el absurdo, la iron\u00eda y la provocaci\u00f3n. Influencias como el ready-made de Duchamp, la pataf\u00edsica de Jarry o los objetos imposibles de Carelman est\u00e1n presentes en ese enfoque, que Carreras retoma en este nuevo libro para preguntarse, entre l\u00edneas: \u00bfpuede una silla existir solo en palabras o en un dibujo? Y m\u00e1s a\u00fan: \u00bfpuede el humor ser un punto de partida para el dise\u00f1o?<\/p>\n<p>&nbsp;<\/p>\n<p><span class=\"Apple-converted-space\">SOBRE EL AUTOR<br \/>\n<\/span><strong>Fabi\u00e1n Carreras. <\/strong>Buenos Aires 1964. Estudi\u00f3 dise\u00f1o gr\u00e1fico en la Escuela Superior de Artes Visuales Mart\u00edn Malharro de Mar del Plata.<\/p>\n<p>Se especializa en la creaci\u00f3n de marcas gr\u00e1ficas y sistemas de identidad visual. Adem\u00e1s, se desempe\u00f1a como docente de dise\u00f1o y tipograf\u00eda en la Universidad de Ciencias Empresariales y Sociales (UCES).<br \/>\nHa impartido conferencias y talleres en diversas universidades e instituciones educativas de Argentina, Per\u00fa, Bolivia, Colombia, M\u00e9xico, Francia y Turqu\u00eda.<\/p>\n<p>Autor de varios libros, entre ellos <em>Sobre dise\u00f1o<\/em> (2004) de Asunto Impreso Ediciones, <em>Dar la nota<\/em> (2021) y <em>100 AF\/CHES<\/em> (2022), ambos de Wolkowicz Editores, y <em>F\u00fatbol en met\u00e1foras<\/em> (2024, Experimenta)<\/p>\n<p>En 2018, su cartel <em>Pachamama<\/em> fue incluido en el libro de Steven Heller <em>Head to toe: The Nude in Graphic Design<\/em>, publicado por Rizzolli. Asimismo, en 2022, obtuvo el primer premio en la bienal del cartel de Mosc\u00fa Golden Bee por su obra <em>Kleptocrazy<\/em> en la categor\u00eda Zero Corruption.<br \/>\nParte de sus carteles forman parte de la colecci\u00f3n del Museo de Arte Moderno de Buenos Aires v la Fundaci\u00f3n IDA.<\/p>\n<p>&nbsp;<\/p>\n","protected":false},"excerpt":{"rendered":"<p>Sillario. Un peque\u00f1o diccionario de la silla<\/p>\n<p>Autor: <span style=\"color: #ff0000;\">Fabi\u00e1n Carreras<\/span><br \/>\nEditado por Experimenta Libros.<\/p>\n<p>\u00bfPuede una silla existir solo en palabras o en un dibujo?<\/p>\n<p><em>Sillario: Un peque\u00f1o diccionario de la silla<\/em> explora esta idea.<br \/>\nFabi\u00e1n Carreras nos invita a un juego dual en estas p\u00e1ginas, donde cada definici\u00f3n se ve desafiada por una ilustraci\u00f3n, fusionando as\u00ed dise\u00f1o y humor gr\u00e1fico.<\/p>\n<p>\u00b7 ISBN: 978-84-19555-33-5<br \/>\n\u00b7 Medidas: 16 x 23 x 1 cm<br \/>\n\u00b7 P\u00e1ginas: 124<br \/>\n\u00b7 Impresi\u00f3n interior: blanco y negro<\/p>\n","protected":false},"featured_media":62835,"comment_status":"open","ping_status":"closed","template":"","meta":[],"product_cat":[9892,9979,9898,9715,7313],"product_tag":[9764,9859,9638,9823,9641,9708],"jetpack_sharing_enabled":true,"_links":{"self":[{"href":"https:\/\/www.experimenta.es\/tienda\/wp-json\/wp\/v2\/product\/62831"}],"collection":[{"href":"https:\/\/www.experimenta.es\/tienda\/wp-json\/wp\/v2\/product"}],"about":[{"href":"https:\/\/www.experimenta.es\/tienda\/wp-json\/wp\/v2\/types\/product"}],"replies":[{"embeddable":true,"href":"https:\/\/www.experimenta.es\/tienda\/wp-json\/wp\/v2\/comments?post=62831"}],"wp:featuredmedia":[{"embeddable":true,"href":"https:\/\/www.experimenta.es\/tienda\/wp-json\/wp\/v2\/media\/62835"}],"wp:attachment":[{"href":"https:\/\/www.experimenta.es\/tienda\/wp-json\/wp\/v2\/media?parent=62831"}],"wp:term":[{"taxonomy":"product_cat","embeddable":true,"href":"https:\/\/www.experimenta.es\/tienda\/wp-json\/wp\/v2\/product_cat?post=62831"},{"taxonomy":"product_tag","embeddable":true,"href":"https:\/\/www.experimenta.es\/tienda\/wp-json\/wp\/v2\/product_tag?post=62831"}],"curies":[{"name":"wp","href":"https:\/\/api.w.org\/{rel}","templated":true}]}}