{"id":62954,"date":"2025-06-27T13:16:37","date_gmt":"2025-06-27T11:16:37","guid":{"rendered":"https:\/\/www.experimenta.es\/tienda\/?post_type=product&#038;p=62954"},"modified":"2025-09-16T00:15:30","modified_gmt":"2025-09-15T22:15:30","slug":"heraldica-contemporanea","status":"publish","type":"product","link":"https:\/\/www.experimenta.es\/tienda\/producto\/heraldica-contemporanea\/","title":{"rendered":"Her\u00e1ldica Contempor\u00e1nea"},"content":{"rendered":"<p>Este libro ofrece una perspectiva original y profundamente documentada sobre la identidad visual institucional a trav\u00e9s del lenguaje de la her\u00e1ldica contempor\u00e1nea. <strong>Sebasti\u00e1n Garc\u00eda Garrido<\/strong>, catedr\u00e1tico en Dise\u00f1o de la Comunicaci\u00f3n y especialista en identidad visual corporativa, pone al servicio de dise\u00f1adores, comunicadores y responsables de imagen institucional una herramienta tan s\u00f3lida como inspiradora.<\/p>\n<p>Fruto de una investigaci\u00f3n rigurosa y de a\u00f1os de experiencia profesional, esta obra desarrolla recursos pr\u00e1cticos y criterios de aplicaci\u00f3n para afrontar con solvencia la creaci\u00f3n y redise\u00f1o de marcas institucionales. Es, adem\u00e1s, el complemento visual del libro <a href=\"https:\/\/www.experimenta.es\/tienda\/producto\/diseno-de-la-identidad-visual-de-las-instituciones\/\">Dise\u00f1o de la identidad visual de las instituciones<\/a>, y se suma a <a href=\"https:\/\/www.experimenta.es\/tienda\/producto\/diseno-de-comunicacion-corporativa-sebastian-garcia-garrido\/\">Dise\u00f1o de Comunicaci\u00f3n Corporativa. Marca y Dise\u00f1o Estrat\u00e9gico<\/a>, completando as\u00ed una trilog\u00eda esencial en el campo del dise\u00f1o institucional contempor\u00e1neo.<br \/>\nCon un enfoque claro, profesional y aplicable, el autor demuestra la capacidad de la her\u00e1ldica para seguir siendo un sistema eficaz en la construcci\u00f3n de identidades visuales s\u00f3lidas, representativas y con proyecci\u00f3n.<\/p>\n<p><strong>Editado en gran formato (24 \u00d7 27 cm), con 210 p\u00e1ginas impresas a todo color y una ampl\u00edsima cantidad de ilustraciones, el libro ha sido cuidadosamente dise\u00f1ado para ofrecer una experiencia visual de alto nivel.<\/strong> Gracias al apoyo del sistema de innovaci\u00f3n de la Junta de Andaluc\u00eda, se presenta como un recurso de alta calidad y accesible, basado en proyectos reales desarrollados por el autor para instituciones p\u00fablicas.<\/p>\n<p><strong>Una obra imprescindible para quienes buscan profundidad conceptual, claridad metodol\u00f3gica y una visi\u00f3n estrat\u00e9gica del dise\u00f1o institucional.<\/strong><\/p>\n<p>&nbsp;<\/p>\n<p><span class=\"Apple-converted-space\">SOBRE EL AUTOR<br \/>\n<\/span><\/p>\n<p><b>Sebasti\u00e1n Garc\u00eda Garrido<\/b> es Licenciado en Bellas Artes y Dise\u00f1o por la Universidad de Sevilla y Doctor por la Universidad de Salamanca, con una tesis sobre la her\u00e1ldica como lenguaje visual. Es Catedr\u00e1tico de Dise\u00f1o de la Comunicaci\u00f3n en la Escuela de Ingenier\u00edas Industriales y Director del Departamento de Comunicaci\u00f3n Audiovisual y Publicidad en la Universidad de M\u00e1laga. Ha impulsado proyectos pioneros como i+Dise\u00f1o, primera revista internacional de dise\u00f1o entre Espa\u00f1a, Italia y Am\u00e9rica, y ha creado uno de los primeros m\u00e1steres oficiales en Dise\u00f1o y Creaci\u00f3n Multimedia. Adem\u00e1s de su labor acad\u00e9mica e investigadora, es autor de numerosas publicaciones y artista pl\u00e1stico, con un trabajo orientado en los \u00faltimos a\u00f1os a la preservaci\u00f3n del patrimonio tipogr\u00e1fico tradicional.<\/p>\n","protected":false},"excerpt":{"rendered":"<p><strong>Her\u00e1ldica Contempor\u00e1nea. Marca de las instituciones\u2028<\/strong><\/p>\n<p style=\"text-align: left;\" align=\"JUSTIFY\">Autor: <span style=\"color: #ff0000;\">Sebasti\u00e1n Garc\u00eda Garrido\u00a0<\/span><\/p>\n<p>Una mirada \u00fanica a la identidad visual institucional desde el lenguaje de la her\u00e1ldica contempor\u00e1nea. Con una edici\u00f3n a todo color y una impresionante carga visual, este libro es una herramienta pr\u00e1ctica y estrat\u00e9gica para dise\u00f1adores, comunicadores y gestores de imagen institucional.<\/p>\n<p style=\"text-align: left;\">\u00b7 ISBN: 978-84-19555-30-4<br \/>\n\u00b7 Medidas: \u00a024 x 27 cm<br \/>\n\u00b7 P\u00e1ginas: 210<br \/>\n\u00b7 Impresi\u00f3n interior: color con ilustraciones<br \/>\n\u00b7 Edici\u00f3n: 2025. Experimenta Libros<\/p>\n","protected":false},"featured_media":62955,"comment_status":"open","ping_status":"closed","template":"","meta":[],"product_cat":[9897,9895,9981,9892,9715,7313],"product_tag":[9806,9908,9730,9873,9764,9859,9735,9591,9766,9641,9707,9763,9762,9765],"jetpack_sharing_enabled":true,"_links":{"self":[{"href":"https:\/\/www.experimenta.es\/tienda\/wp-json\/wp\/v2\/product\/62954"}],"collection":[{"href":"https:\/\/www.experimenta.es\/tienda\/wp-json\/wp\/v2\/product"}],"about":[{"href":"https:\/\/www.experimenta.es\/tienda\/wp-json\/wp\/v2\/types\/product"}],"replies":[{"embeddable":true,"href":"https:\/\/www.experimenta.es\/tienda\/wp-json\/wp\/v2\/comments?post=62954"}],"wp:featuredmedia":[{"embeddable":true,"href":"https:\/\/www.experimenta.es\/tienda\/wp-json\/wp\/v2\/media\/62955"}],"wp:attachment":[{"href":"https:\/\/www.experimenta.es\/tienda\/wp-json\/wp\/v2\/media?parent=62954"}],"wp:term":[{"taxonomy":"product_cat","embeddable":true,"href":"https:\/\/www.experimenta.es\/tienda\/wp-json\/wp\/v2\/product_cat?post=62954"},{"taxonomy":"product_tag","embeddable":true,"href":"https:\/\/www.experimenta.es\/tienda\/wp-json\/wp\/v2\/product_tag?post=62954"}],"curies":[{"name":"wp","href":"https:\/\/api.w.org\/{rel}","templated":true}]}}

Heráldica Contemporánea

<p>Este libro ofrece una perspectiva original y profundamente documentada sobre la identidad visual institucional a través del lenguaje de la heráldica contemporánea. <strong>Sebastián García Garrido</strong>, catedrático en Diseño de la Comunicación y especialista en identidad visual corporativa, pone al servicio de diseñadores, comunicadores y responsables de imagen institucional una herramienta tan sólida como inspiradora.</p>
<p>Fruto de una investigación rigurosa y de años de experiencia profesional, esta obra desarrolla recursos prácticos y criterios de aplicación para afrontar con solvencia la creación y rediseño de marcas institucionales. Es, además, el complemento visual del libro <a href="https://www.experimenta.es/tienda/producto/diseno-de-la-identidad-visual-de-las-instituciones/">Diseño de la identidad visual de las instituciones</a>, y se suma a <a href="https://www.experimenta.es/tienda/producto/diseno-de-comunicacion-corporativa-sebastian-garcia-garrido/">Diseño de Comunicación Corporativa. Marca y Diseño Estratégico</a>, completando así una trilogía esencial en el campo del diseño institucional contemporáneo.<br />
Con un enfoque claro, profesional y aplicable, el autor demuestra la capacidad de la heráldica para seguir siendo un sistema eficaz en la construcción de identidades visuales sólidas, representativas y con proyección.</p>
<p><strong>Editado en gran formato (24 × 27 cm), con 210 páginas impresas a todo color y una amplísima cantidad de ilustraciones, el libro ha sido cuidadosamente diseñado para ofrecer una experiencia visual de alto nivel.</strong> Gracias al apoyo del sistema de innovación de la Junta de Andalucía, se presenta como un recurso de alta calidad y accesible, basado en proyectos reales desarrollados por el autor para instituciones públicas.</p>
<p><strong>Una obra imprescindible para quienes buscan profundidad conceptual, claridad metodológica y una visión estratégica del diseño institucional.</strong></p>
<p>&nbsp;</p>
<p><span class="Apple-converted-space">SOBRE EL AUTOR<br />
</span></p>
<p><b>Sebastián García Garrido</b> es Licenciado en Bellas Artes y Diseño por la Universidad de Sevilla y Doctor por la Universidad de Salamanca, con una tesis sobre la heráldica como lenguaje visual. Es Catedrático de Diseño de la Comunicación en la Escuela de Ingenierías Industriales y Director del Departamento de Comunicación Audiovisual y Publicidad en la Universidad de Málaga. Ha impulsado proyectos pioneros como i+Diseño, primera revista internacional de diseño entre España, Italia y América, y ha creado uno de los primeros másteres oficiales en Diseño y Creación Multimedia. Además de su labor académica e investigadora, es autor de numerosas publicaciones y artista plástico, con un trabajo orientado en los últimos años a la preservación del patrimonio tipográfico tradicional.</p>

<p><strong>Heráldica Contemporánea. Marca de las instituciones </strong></p>
<p style="text-align: left;" align="JUSTIFY">Autor: <span style="color: #ff0000;">Sebastián García Garrido </span></p>
<p>Una mirada única a la identidad visual institucional desde el lenguaje de la heráldica contemporánea. Con una edición a todo color y una impresionante carga visual, este libro es una herramienta práctica y estratégica para diseñadores, comunicadores y gestores de imagen institucional.</p>
<p style="text-align: left;">· ISBN: 978-84-19555-30-4<br />
· Medidas:  24 x 27 cm<br />
· Páginas: 210<br />
· Impresión interior: color con ilustraciones<br />
· Edición: 2025. Experimenta Libros</p>
