{"id":63038,"date":"2025-08-25T11:41:59","date_gmt":"2025-08-25T09:41:59","guid":{"rendered":"https:\/\/www.experimenta.es\/tienda\/?post_type=product&#038;p=63038"},"modified":"2026-04-26T23:53:45","modified_gmt":"2026-04-26T21:53:45","slug":"memoria-grafica-1969-2017-hector-velazquez","status":"publish","type":"product","link":"https:\/\/www.experimenta.es\/tienda\/producto\/memoria-grafica-1969-2017-hector-velazquez\/","title":{"rendered":"Memoria Gr\u00e1fica 1969 &#8211; 2017. H\u00e9ctor Vel\u00e1zquez"},"content":{"rendered":"<p><b>Un recorrido visual y personal por casi cinco d\u00e9cadas de dise\u00f1o gr\u00e1fico y comunicaci\u00f3n publicitaria.<\/b><\/p>\n<p>Este libro re\u00fane la trayectoria profesional del dise\u00f1ador argentino-espa\u00f1ol <b>H\u00e9ctor Vel\u00e1zquez<\/b>, una figura clave en el panorama gr\u00e1fico y publicitario desde finales de los a\u00f1os 60. Formado en Buenos Aires, con pasos acad\u00e9micos por Londres y Madrid, y afincado en Espa\u00f1a desde 1974, Vel\u00e1zquez ha desarrollado una carrera intensa y diversa que atraviesa cambios tecnol\u00f3gicos, transformaciones sociales y la evoluci\u00f3n del lenguaje visual de la publicidad.<\/p>\n<p><b>Memoria Gr\u00e1fica. 1969 &#8211; 2017<\/b> no es solo una recopilaci\u00f3n de trabajos, es tambi\u00e9n un relato \u00edntimo y cr\u00edtico, lleno de an\u00e9cdotas, reflexiones y compromiso profesional. A lo largo de sus p\u00e1ginas, el autor nos sumerge en campa\u00f1as hist\u00f3ricas, esl\u00f3ganes inolvidables e identidades visuales que marcaron \u00e9poca.<\/p>\n<p>Uno de los ejes centrales del libro es su extenso trabajo como director de arte y jefe de dise\u00f1o para <b>Cetursa Sierra Nevada<\/b>, desde donde lider\u00f3 la transformaci\u00f3n de la imagen internacional de la estaci\u00f3n de esqu\u00ed de Granada durante m\u00e1s de dos d\u00e9cadas, en eventos de alcance mundial como los Campeonatos del Mundo de Esqu\u00ed Alpino, <em>Snowboard<\/em> o <em>Freestyle<\/em>.<\/p>\n<p>Con una cuidada selecci\u00f3n de im\u00e1genes, piezas gr\u00e1ficas y material in\u00e9dito, esta obra constituye un valioso archivo visual para historiadores, dise\u00f1adores, creativos y amantes de la comunicaci\u00f3n visual.<\/p>\n<p>&nbsp;<\/p>\n<p><span class=\"Apple-converted-space\">SOBRE EL AUTOR<br \/>\n<\/span><\/p>\n<p><b>H\u00e9ctor Vel\u00e1zquez<\/b> (Buenos Aires, 1951) es dibujante publicitario, creativo, dise\u00f1ador gr\u00e1fico y director de arte. Formado en la Escuela T\u00e9cnica Raggio de Buenos Aires, ampli\u00f3 estudios en Londres (Colour Group \u2013 The Chartered Society of Designers) y en el Instituto Americano de Madrid.<\/p>\n<p>Inici\u00f3 su carrera en destacadas agencias de publicidad argentinas, como Publicitarios Asociados o Luciarte Publicidad, con campa\u00f1as para marcas internacionales como Coca-Cola, Nobleza de Tabaco o Bank of America. Desde 1974 reside en Espa\u00f1a, donde ha desarrollado una amplia trayectoria en estudios y agencias de Madrid y Granada, trabajando para clientes como Aceites Carbonell, Lycra-Wong o la Caja General de Ahorros de Granada.<\/p>\n<p>Entre 1993 y 2017 fue jefe del Departamento de Dise\u00f1o de Cetursa Sierra Nevada, liderando la transformaci\u00f3n de la imagen de la estaci\u00f3n y dise\u00f1ando campa\u00f1as para eventos deportivos de escala mundial, como los Campeonatos del Mundo de Esqu\u00ed, <em>Snowboard<\/em> y <em>Freestyle<\/em>.<\/p>\n<p>Su aportaci\u00f3n al dise\u00f1o gr\u00e1fico en Andaluc\u00eda le vali\u00f3 el reconocimiento como <b>Socio de Honor de la Asociaci\u00f3n Andaluza de Dise\u00f1adores (AAD)<\/b>, consolidando su figura como referente del dise\u00f1o aplicado a la comunicaci\u00f3n, el deporte y el turismo.<\/p>\n<p>&nbsp;<\/p>\n<p><strong>\u00cdndice<\/strong><\/p>\n<div class=\"page\" title=\"Page 11\">\n<div class=\"layoutArea\">\n<div class=\"column\">\n<p>\u00b7 Dedicatoria<br \/>\n\u00b7 Pro\u0301logo<br \/>\n\u00b7 Introduccio\u0301n<\/p>\n<p>\u00b7 Infancia y adolescencia<br \/>\n\u00b7 Primeros pasos<br \/>\n\u00b7 Patata y huevo frito&#8230;<br \/>\n\u00b7 Brillos y sombras. Destellos de un cambio social<br \/>\n\u00b7 1991. El ri\u0301o. Empezar de nuevo<br \/>\n\u00b7 Este final era el principio<br \/>\n\u00b7 Mucha faena por hacer&#8230;<br \/>\n\u00b7 Mi primer montaje en un congreso FIS<br \/>\n\u00b7 Japo\u0301n \u2013 Morioka, Shizukuishi<br \/>\n\u00b7 Teletauro 214 1993 &#8211; 1996<br \/>\n\u00b7 Volver atra\u0301s<br \/>\n\u00b7 Un granito de arena<br \/>\n\u00b7 Final feliz<br \/>\n\u00b7 Cambio de ciclo<br \/>\n\u00b7 Premio<br \/>\n\u00b7 Mi ojito derecho<br \/>\n\u00b7 En ocho trazos<br \/>\n\u00b7 Que vean la luz<br \/>\n\u00b7 Ma\u0301s de veinte an\u0303os<br \/>\n\u00b7 Espectacular<br \/>\n\u00b7 Pequen\u0303os detalles<br \/>\n\u00b7 La pureza, la inocencia, la ternura de un nin\u0303o<br \/>\n\u00b7 Raff a mano, con la\u0301piz y papel<br \/>\n\u00b7 Se me \u201cpianto\u0301\u201d un lagrimo\u0301n<br \/>\n\u00b7 Vis Creatix 341<\/p>\n<p>\u00b7 Epi\u0301logo<br \/>\n\u00b7 La \u201cyapa\u201d<br \/>\n\u00b7 Agradecimientos<\/p>\n<\/div>\n<\/div>\n<\/div>\n","protected":false},"excerpt":{"rendered":"<p><b>Memoria Gr\u00e1fica 1969 &#8211; 2017. H\u00e9ctor Vel\u00e1zquez <\/b>representa no solo un compendio de la extensa producci\u00f3n del autor, sino tambi\u00e9n un testimonio personal y cultural sobre los cambios y desaf\u00edos que ha vivido la comunicaci\u00f3n visual desde finales del siglo XX hasta bien entrado el XXI.<br \/>\n<strong>Un recorrido fascinante por el mundo del dise\u00f1o gr\u00e1fico y la publicidad a trav\u00e9s de la experiencia de un creativo con casi 50 a\u00f1os de trayectoria. Campa\u00f1as, im\u00e1genes y an\u00e9cdotas que cuentan la historia visual de toda una \u00e9poca.<\/strong><b><br \/>\n<\/b><\/p>\n<ul class=\"a-unordered-list a-nostyle a-vertical a-spacing-none detail-bullet-list\">\n<li>ISBN: 978-84-19555-36-6<\/li>\n<li>Medidas: 19 x 26,4 cm<\/li>\n<li>P\u00e1ginas: 352<\/li>\n<li>Encuadernaci\u00f3n: R\u00fastica<\/li>\n<li>Impresi\u00f3n interior: Con im\u00e1genes a color<\/li>\n<li>Edici\u00f3n: Experimenta Libros<\/li>\n<\/ul>\n","protected":false},"featured_media":63039,"comment_status":"open","ping_status":"closed","template":"","meta":[],"product_cat":[9897,9895,9980,9981,9892,9715,7313],"product_tag":[9954,9908,9732,9730,9873,9764,9591,9641,9707,9765,9733,9771,9761,9786],"jetpack_sharing_enabled":true,"_links":{"self":[{"href":"https:\/\/www.experimenta.es\/tienda\/wp-json\/wp\/v2\/product\/63038"}],"collection":[{"href":"https:\/\/www.experimenta.es\/tienda\/wp-json\/wp\/v2\/product"}],"about":[{"href":"https:\/\/www.experimenta.es\/tienda\/wp-json\/wp\/v2\/types\/product"}],"replies":[{"embeddable":true,"href":"https:\/\/www.experimenta.es\/tienda\/wp-json\/wp\/v2\/comments?post=63038"}],"wp:featuredmedia":[{"embeddable":true,"href":"https:\/\/www.experimenta.es\/tienda\/wp-json\/wp\/v2\/media\/63039"}],"wp:attachment":[{"href":"https:\/\/www.experimenta.es\/tienda\/wp-json\/wp\/v2\/media?parent=63038"}],"wp:term":[{"taxonomy":"product_cat","embeddable":true,"href":"https:\/\/www.experimenta.es\/tienda\/wp-json\/wp\/v2\/product_cat?post=63038"},{"taxonomy":"product_tag","embeddable":true,"href":"https:\/\/www.experimenta.es\/tienda\/wp-json\/wp\/v2\/product_tag?post=63038"}],"curies":[{"name":"wp","href":"https:\/\/api.w.org\/{rel}","templated":true}]}}

Memoria Gráfica 1969 &#8211; 2017. Héctor Velázquez

<p><b>Un recorrido visual y personal por casi cinco décadas de diseño gráfico y comunicación publicitaria.</b></p>
<p>Este libro reúne la trayectoria profesional del diseñador argentino-español <b>Héctor Velázquez</b>, una figura clave en el panorama gráfico y publicitario desde finales de los años 60. Formado en Buenos Aires, con pasos académicos por Londres y Madrid, y afincado en España desde 1974, Velázquez ha desarrollado una carrera intensa y diversa que atraviesa cambios tecnológicos, transformaciones sociales y la evolución del lenguaje visual de la publicidad.</p>
<p><b>Memoria Gráfica. 1969 &#8211; 2017</b> no es solo una recopilación de trabajos, es también un relato íntimo y crítico, lleno de anécdotas, reflexiones y compromiso profesional. A lo largo de sus páginas, el autor nos sumerge en campañas históricas, eslóganes inolvidables e identidades visuales que marcaron época.</p>
<p>Uno de los ejes centrales del libro es su extenso trabajo como director de arte y jefe de diseño para <b>Cetursa Sierra Nevada</b>, desde donde lideró la transformación de la imagen internacional de la estación de esquí de Granada durante más de dos décadas, en eventos de alcance mundial como los Campeonatos del Mundo de Esquí Alpino, <em>Snowboard</em> o <em>Freestyle</em>.</p>
<p>Con una cuidada selección de imágenes, piezas gráficas y material inédito, esta obra constituye un valioso archivo visual para historiadores, diseñadores, creativos y amantes de la comunicación visual.</p>
<p>&nbsp;</p>
<p><span class="Apple-converted-space">SOBRE EL AUTOR<br />
</span></p>
<p><b>Héctor Velázquez</b> (Buenos Aires, 1951) es dibujante publicitario, creativo, diseñador gráfico y director de arte. Formado en la Escuela Técnica Raggio de Buenos Aires, amplió estudios en Londres (Colour Group – The Chartered Society of Designers) y en el Instituto Americano de Madrid.</p>
<p>Inició su carrera en destacadas agencias de publicidad argentinas, como Publicitarios Asociados o Luciarte Publicidad, con campañas para marcas internacionales como Coca-Cola, Nobleza de Tabaco o Bank of America. Desde 1974 reside en España, donde ha desarrollado una amplia trayectoria en estudios y agencias de Madrid y Granada, trabajando para clientes como Aceites Carbonell, Lycra-Wong o la Caja General de Ahorros de Granada.</p>
<p>Entre 1993 y 2017 fue jefe del Departamento de Diseño de Cetursa Sierra Nevada, liderando la transformación de la imagen de la estación y diseñando campañas para eventos deportivos de escala mundial, como los Campeonatos del Mundo de Esquí, <em>Snowboard</em> y <em>Freestyle</em>.</p>
<p>Su aportación al diseño gráfico en Andalucía le valió el reconocimiento como <b>Socio de Honor de la Asociación Andaluza de Diseñadores (AAD)</b>, consolidando su figura como referente del diseño aplicado a la comunicación, el deporte y el turismo.</p>
<p>&nbsp;</p>
<p><strong>Índice</strong></p>
<div class="page" title="Page 11">
<div class="layoutArea">
<div class="column">
<p>· Dedicatoria<br />
· Prólogo<br />
· Introducción</p>
<p>· Infancia y adolescencia<br />
· Primeros pasos<br />
· Patata y huevo frito&#8230;<br />
· Brillos y sombras. Destellos de un cambio social<br />
· 1991. El río. Empezar de nuevo<br />
· Este final era el principio<br />
· Mucha faena por hacer&#8230;<br />
· Mi primer montaje en un congreso FIS<br />
· Japón – Morioka, Shizukuishi<br />
· Teletauro 214 1993 &#8211; 1996<br />
· Volver atrás<br />
· Un granito de arena<br />
· Final feliz<br />
· Cambio de ciclo<br />
· Premio<br />
· Mi ojito derecho<br />
· En ocho trazos<br />
· Que vean la luz<br />
· Más de veinte años<br />
· Espectacular<br />
· Pequeños detalles<br />
· La pureza, la inocencia, la ternura de un niño<br />
· Raff a mano, con lápiz y papel<br />
· Se me “piantó” un lagrimón<br />
· Vis Creatix 341</p>
<p>· Epílogo<br />
· La “yapa”<br />
· Agradecimientos</p>
</div>
</div>
</div>

<p><b>Memoria Gráfica 1969 &#8211; 2017. Héctor Velázquez </b>representa no solo un compendio de la extensa producción del autor, sino también un testimonio personal y cultural sobre los cambios y desafíos que ha vivido la comunicación visual desde finales del siglo XX hasta bien entrado el XXI.<br />
<strong>Un recorrido fascinante por el mundo del diseño gráfico y la publicidad a través de la experiencia de un creativo con casi 50 años de trayectoria. Campañas, imágenes y anécdotas que cuentan la historia visual de toda una época.</strong><b><br />
</b></p>
<ul class="a-unordered-list a-nostyle a-vertical a-spacing-none detail-bullet-list">
<li>ISBN: 978-84-19555-36-6</li>
<li>Medidas: 19 x 26,4 cm</li>
<li>Páginas: 352</li>
<li>Encuadernación: Rústica</li>
<li>Impresión interior: Con imágenes a color</li>
<li>Edición: Experimenta Libros</li>
</ul>
