{"id":63425,"date":"2026-01-14T16:44:36","date_gmt":"2026-01-14T15:44:36","guid":{"rendered":"https:\/\/www.experimenta.es\/tienda\/?post_type=product&#038;p=63425"},"modified":"2026-05-06T16:00:11","modified_gmt":"2026-05-06T14:00:11","slug":"revista-experimenta-103-invisible","status":"publish","type":"product","link":"https:\/\/www.experimenta.es\/tienda\/producto\/revista-experimenta-103-invisible\/","title":{"rendered":"Revista Experimenta 103. Invisible"},"content":{"rendered":"<p>Al hablar de dise\u00f1o invisible, nos referimos a esa dimensi\u00f3n fundamental del dise\u00f1o que no se exhibe en vitrinas ni se celebra en redes sociales, pero que sostiene, articula, resuelve y permite. Es el dise\u00f1o de lo intangible, de los procesos, de la informaci\u00f3n, de los datos, del tiempo, de la interacci\u00f3n. Es aquello que, al no verse, rara vez se valora en su justa medida, pero cuya ausencia se hace evidente cuando falla.<\/p>\n<p>Este n\u00famero de Experimenta se adentra en esa zona de lo invisible para sacar a la luz lo que verdaderamente importa. Nos interesa el dise\u00f1o que piensa antes de hacer, el que escucha antes de hablar, el que organiza antes de mostrar. El que toma decisiones sobre los materiales, los procesos, los recorridos, las reglas de juego, los tiempos, las plataformas y las relaciones. Nos interesa como mediaci\u00f3n entre sistemas complejos y realidades humanas. Nos interesa su rol \u00e9tico, su compromiso silencioso, su vocaci\u00f3n de servicio.<\/p>\n<p>Por ese motivo y para indagar en profundidad sobre este tema, <b>Fabi\u00e1n Carreras<\/b> entrevist\u00f3 a la cartelista y dise\u00f1adora polaca <b>Agnieszka Ziemiszewska<\/b> quien reflexion\u00f3 sobre el rol invisible de la mujer en el dise\u00f1o; para entender la estructura silenciosa detr\u00e1s de cada proyecto, <b>Marcelo Ghio<\/b> entrevist\u00f3 al estudio murciano <b>IDEA Design<\/b>, y al ilustrador <b>Xavier Mula<\/b> en<b> <\/b><i>ilustrar lo invisible, pensar lo invisible<\/i>; y <b>Daniela Quintana<\/b> convers\u00f3 con <b>Santiago Ortiz<\/b>, de <b>Moebio Labs<\/b> acerca de lo que significa visualizar para pensar, y la relaci\u00f3n entre datos, cultura y nuevos lenguajes; adem\u00e1s de hacer lo propio con <b>Mar\u00eda Armenta <\/b>y <b>Mateo Acosta<\/b>, del proyecto <b>Contradatos<\/b>.<\/p>\n<p><b>Eugenio Vega<\/b> entrevista a <b>David Oswald<\/b> para hablar del dise\u00f1o de lo intangible; adem\u00e1s de su art\u00edculo <i>La m\u00e1quina de moler tiempo<\/i>, un elemento intangible que afecta a la interacci\u00f3n comunitaria y cuya gesti\u00f3n permite controlar los comportamientos sociales. <b>Anal\u00eda Cervini <\/b>nos habla acerca de c\u00f3mo el dise\u00f1o se hizo sistema, coincidiendo con los 25 a\u00f1os del <b>Modelo IMDI<\/b>, un gr\u00e1fico metodol\u00f3gico que es leyenda.<\/p>\n<p><b>Gabriela de Laurentis <\/b>nos lleva a recorrer imaginarios en papel a trav\u00e9s de la historia de las <b>revistas culturales en Latinoam\u00e9rica<\/b>; y <b>Felipe Taborda<\/b> nos trae el excepcional trabajo del colectivo <b>Oficina Para\u00edso<\/b> y su atenci\u00f3n a las tradiciones gr\u00e1ficas; <b>Fundaci\u00f3n IDA<\/b> nos invita a dise\u00f1ar lo invisible con su nueva plataforma <b>Archivo Digital de Dise\u00f1o Argentino; Lucas L\u00f3pez <\/b>nos invita a ver m\u00e1s all\u00e1 del futuro con <b>Universal Everything<\/b> y con la<b> agenda de dise\u00f1o 2026-2030<\/b> para Am\u00e9rica Latina surgida del simposio realizado por la Universidad de Palermo.<\/p>\n<p><b>David Asensio<\/b> convers\u00f3 con <b>Borja Mart\u00ednez<\/b> sobre liderazgo creativo y su impacto en la industria gastron\u00f3mica; <b>Miguel Zorraquino<\/b> nos present\u00f3 el informe <b>Consumer Trends 2026<\/b>; y <b>Luj\u00e1n Cambariere<\/b> nos dice que el amor es m\u00e1s fuerte y se expresa en el trabajo con artesanos del <b>Ipa de Paraguay y el Inguat de Guatemala<\/b>, dos ejemplos a imitar cuando de gestiones que sostienen a la disciplina se trata.<\/p>\n<p>Como es habitual, esta <b>edici\u00f3n 103 de Experimenta<\/b>, de <b>144 p\u00e1ginas<\/b>, trae adem\u00e1s las secciones <b>Foco<\/b>, <b>Deseo<\/b> y <b>5Libros<\/b>, junto con una secci\u00f3n <b>Reflexiona<\/b> con m\u00e1s p\u00e1ginas y contenido, que incluye textos de <b>Eugenio Vega<\/b>, <b>Rodrigo Mart\u00ednez Rodr\u00edguez<\/b>,<b> Jos\u00e9 Manuel Mateo, Alicia Carnicero Aguirre,<\/b> <b>Paula Fern\u00e1ndez Gago, <\/b>y <b>Borja Pi\u00f1eiro<\/b>.<span class=\"Apple-converted-space\">\u00a0<\/span><\/p>\n<p>Lo invisible es, en definitiva, lo m\u00e1s profundamente humano: lo que sostiene, lo que conecta, lo que permite. En este n\u00famero, queremos rendir homenaje a esa parte esencial \u2014y tantas veces olvidada\u2014 del dise\u00f1o.<\/p>\n<p>Porque el dise\u00f1o no siempre est\u00e1 donde se mira.<\/p>\n<p><strong>\u00a1Bienvenidos a Experimenta 103!<\/strong><\/p>\n<p>&nbsp;<\/p>\n<p><strong>Contenidos Generales<\/strong><\/p>\n<p>Por ese motivo y para indagar en profundidad sobre este tema, <b>Fabi\u00e1n Carreras<\/b> entrevist\u00f3 a la cartelista y dise\u00f1adora polaca <b>Agnieszka Ziemiszewska<\/b> quien reflexion\u00f3 sobre el rol invisible de la mujer en el dise\u00f1o; para entender la estructura silenciosa detr\u00e1s de cada proyecto, <b>Marcelo Ghio<\/b> entrevist\u00f3 al estudio murciano <b>IDEA Design<\/b>, y al ilustrador <b>Xavier Mula<\/b> en<b> <\/b><i>ilustrar lo invisible, pensar lo invisible<\/i>; mientras que <b>Daniela Quintana<\/b> convers\u00f3 con <b>Santiago Ortiz<\/b>, de <b>Moebio Labs<\/b> acerca de lo que significa visualizar para pensar, y la relaci\u00f3n entre datos, cultura y nuevos lenguajes; adem\u00e1s de hacer lo propio con <b>Mar\u00eda Armenta <\/b>y <b>Mateo Acosta<\/b>, del proyecto <b>Contradatos<\/b>.<\/p>\n<p><b>Eugenio Vega<\/b> entrevista a <b>David Oswald<\/b> para hablar de el dise\u00f1o de lo intangible; adem\u00e1s de su art\u00edculo <i>La m\u00e1quina de moler tiempo<\/i>, un elemento intangible que afecta a la interacci\u00f3n comunitaria y cuya gesti\u00f3n permite controlar los comportamientos sociales. <b>Anal\u00eda Cervini <\/b>nos habla acerca de <em>c\u00f3mo el dise\u00f1o se hizo sistema<\/em>, coincidiendo con los 25 a\u00f1os del <b>Modelo IMDI<\/b>, un gr\u00e1fico metodol\u00f3gico que es leyenda.<\/p>\n<p><b>Gabriela de Laurentis <\/b>nos lleva a recorrer imaginarios en papel a trav\u00e9s de la historia de las <b>revistas culturales en Latinoam\u00e9rica<\/b>; y <b>Felipe Taborda<\/b> nos trae el excepcional trabajo del colectivo <b>Oficina Para\u00edso<\/b> y su atenci\u00f3n a las tradiciones gr\u00e1ficas; <b>Fundaci\u00f3n IDA<\/b> nos invita a dise\u00f1ar lo invisible con su nueva plataforma <b>Archivo Digital de Dise\u00f1o Argentino; Lucas L\u00f3pez <\/b>nos invita a ver m\u00e1s all\u00e1 del futuro con <b>Universal Everything<\/b> y con la<b> agenda de dise\u00f1o 2026-2030<\/b> para Am\u00e9rica Latina surgida del simposio realizado por la <strong>Universidad de Palermo<\/strong>.<\/p>\n<p><b>David Asensio<\/b> convers\u00f3 con <b>Borja Mart\u00ednez<\/b> sobre liderazgo creativo y su impacto en la industria gastron\u00f3mica; <b>Miguel Zorraquino<\/b> nos present\u00f3 el informe <b>Consumer Trends 2026<\/b>; y <b>Luj\u00e1n Cambariere<\/b> nos dice que el amor es m\u00e1s fuerte y se expresa en el trabajo con artesanos del <b>Ipa de Paraguay y el Inguat de Guatemala<\/b>, dos ejemplos a imitar cuando de gestiones que sostienen a la disciplina se trata.<\/p>\n<p>Como es habitual, esta <b>edici\u00f3n 103 de Experimenta<\/b>, de <b>144 p\u00e1ginas<\/b>, trae adem\u00e1s las secciones <b>Foco<\/b>, <b>Deseo<\/b> y <b>5Libros<\/b>, junto con una secci\u00f3n <b>Reflexiona<\/b> con m\u00e1s p\u00e1ginas y contenido, que incluye textos de <b>Eugenio Vega<\/b>, <b>Rodrigo Mart\u00ednez Rodr\u00edguez<\/b>,<b> Jos\u00e9 Manuel Mateo, Alicia Carnicero Aguirre,<\/b> <b>Paula Fern\u00e1ndez Gago, <\/b>y <b>Borja Pi\u00f1eiro<\/b>.<span class=\"Apple-converted-space\">\u00a0<\/span><\/p>\n","protected":false},"excerpt":{"rendered":"<p><b>Dise\u00f1o Invisible. Lo que no se ve pero sostiene<\/b><\/p>\n<p>Hablar de \u201cDise\u00f1o invisible\u201d no significa referirnos a la ausencia, sino a la potencia silenciosa que proporciona.<br \/>\nEs el terreno donde se toman decisiones que afectan la vida cotidiana, donde la complejidad se vuelve inteligible, donde el detalle invisible define la experiencia.<\/p>\n<div class=\"page\" title=\"Page 4\">\n<div class=\"layoutArea\">\n<div class=\"column\">\n<p>\u00b7 Edici\u00f3n: Invierno 2025<br \/>\n\u00b7 ISBN: 978-84-19555-45-8<br \/>\n\u00b7 Medidas: 23 x 26,5 cm<br \/>\n\u00b7 P\u00e1ginas: 144 a color<\/p>\n<\/div>\n<\/div>\n<\/div>\n","protected":false},"featured_media":63447,"comment_status":"open","ping_status":"closed","template":"","meta":[],"product_cat":[9715,7311],"product_tag":[9713,9888,9732,9730,9735,9638,9591,9903,9777,9766,9748,9770,9707,9708,9714,9762,9778],"jetpack_sharing_enabled":true,"_links":{"self":[{"href":"https:\/\/www.experimenta.es\/tienda\/wp-json\/wp\/v2\/product\/63425"}],"collection":[{"href":"https:\/\/www.experimenta.es\/tienda\/wp-json\/wp\/v2\/product"}],"about":[{"href":"https:\/\/www.experimenta.es\/tienda\/wp-json\/wp\/v2\/types\/product"}],"replies":[{"embeddable":true,"href":"https:\/\/www.experimenta.es\/tienda\/wp-json\/wp\/v2\/comments?post=63425"}],"wp:featuredmedia":[{"embeddable":true,"href":"https:\/\/www.experimenta.es\/tienda\/wp-json\/wp\/v2\/media\/63447"}],"wp:attachment":[{"href":"https:\/\/www.experimenta.es\/tienda\/wp-json\/wp\/v2\/media?parent=63425"}],"wp:term":[{"taxonomy":"product_cat","embeddable":true,"href":"https:\/\/www.experimenta.es\/tienda\/wp-json\/wp\/v2\/product_cat?post=63425"},{"taxonomy":"product_tag","embeddable":true,"href":"https:\/\/www.experimenta.es\/tienda\/wp-json\/wp\/v2\/product_tag?post=63425"}],"curies":[{"name":"wp","href":"https:\/\/api.w.org\/{rel}","templated":true}]}}